000
CXUS56 KSGX 221445
CF6SAN
PRELIMINARY LOCAL CLIMATOLOGICAL DATA (WS FORM: F-6)

                                          STATION:   SAN DIEGO/LINDBERGH FIELD CA
                                          MONTH:     OCTOBER
                                          YEAR:      2014
                                          LATITUDE:   32 43 N
                                          LONGITUDE: 117 10 W

  TEMPERATURE IN F:       :PCPN:    SNOW:  WIND      :SUNSHINE: SKY     :PK WND
================================================================================
1   2   3   4   5  6A  6B    7    8   9   10  11  12  13   14  15   16   17  18
                                     12Z  AVG MX 2MIN
DY MAX MIN AVG DEP HDD CDD  WTR  SNW DPTH SPD SPD DIR MIN PSBL S-S WX    SPD DR
================================================================================

 1  75  67  71   2   0   6 0.00  0.0    0  5.7 12 220   M    M   5        17 260
 2  90  65  78   9   0  13 0.00  0.0    0  4.3 14 320   M    M   0 8      17 320
 3  93  66  80  12   0  15 0.00  0.0    0  3.4 15 320   M    M   4        18 330
 4  89  65  77   9   0  12 0.00  0.0    0  2.9 12 180   M    M   3 12     14 180
 5  89  63  76   8   0  11 0.00  0.0    0  1.9 10 170   M    M   2 128    12 180
 6  88  65  77   9   0  12 0.00  0.0    0  2.3 12 320   M    M   6 1      15 320
 7  90  68  79  11   0  14    T  0.0    0  3.4 12 320   M    M   7 18     14 320
 8  81  63  72   4   0   7 0.00  0.0    0  4.8 12 260   M    M   5 128    15 310
 9  75  67  71   3   0   6 0.00  0.0    0  4.8 12 230   M    M   5        18 210
10  76  66  71   3   0   6 0.00  0.0    0  5.3 13 280   M    M   6        16 280
11  77  67  72   5   0   7 0.00  0.0    0  3.7 12 300   M    M   5        15 290
12  75  67  71   4   0   6 0.00  0.0    0  3.3 12 210   M    M   7 18     15 240
13  76  63  70   3   0   5 0.00  0.0    0  4.0 10 300   M    M   2 18     14 330
14  76  66  71   4   0   6 0.00  0.0    0  4.7 12 270   M    M   7 8      16 280
15  77  68  73   6   0   8 0.00  0.0    0  4.6 15 290   M    M   7        20 290
16  76  67  72   5   0   7 0.00  0.0    0  5.2 15 280   M    M   7        22 290
17  74  67  71   4   0   6 0.00  0.0    0  5.0 15 290   M    M   7        21 270
18  74  67  71   5   0   6 0.00  0.0    0  4.6 15 290   M    M   6        24 280
19  75  67  71   5   0   6 0.00  0.0    0  3.7 15 280   M    M   5        18 280
20  73  66  70   4   0   5 0.00  0.0    0  3.9 14 300   M    M   7        18 300
21  76  66  71   5   0   6 0.00  0.0    0  4.4 15 290   M    M   5        18 290
================================================================================
SM 1675 1386         0 170    T      0.0  85.9          M      108
================================================================================
AV 79.8 66.0                               4.1 FASTST   M    M   5    MAX(MPH)
                                 MISC ---->  # 15 320               # 24  280
================================================================================
NOTES:
# LAST OF SEVERAL OCCURRENCES

COLUMN 17 PEAK WIND IN M.P.H.

PRELIMINARY LOCAL CLIMATOLOGICAL DATA (WS FORM: F-6) , PAGE 2

                                          STATION:  SAN DIEGO/LINDBERGH FIELD CA
                                          MONTH:    OCTOBER
                                          YEAR:     2014
                                          LATITUDE:   32 43 N
                                          LONGITUDE: 117 10 W

[TEMPERATURE DATA]      [PRECIPITATION DATA]       SYMBOLS USED IN COLUMN 16

AVERAGE MONTHLY: 72.9   TOTAL FOR MONTH:      T    1 = FOG OR MIST
DPTR FM NORMAL:   5.5   DPTR FM NORMAL:   -0.34    2 = FOG REDUCING VISIBILITY
HIGHEST:    93 ON  3    GRTST 24HR    T  ON  7- 7      TO 1/4 MILE OR LESS
LOWEST:     63 ON 13, 8                            3 = THUNDER
                        SNOW, ICE PELLETS, HAIL    4 = ICE PELLETS
                        TOTAL MONTH:   0.0 INCH    5 = HAIL
                        GRTST 24HR     0.0         6 = FREEZING RAIN OR DRIZZLE
                        GRTST DEPTH:   0           7 = DUSTSTORM OR SANDSTORM:
                                                       VSBY 1/2 MILE OR LESS
                                                   8 = SMOKE OR HAZE
[NO. OF DAYS WITH]      [WEATHER - DAYS WITH]      9 = BLOWING SNOW
                                                   X = TORNADO
MAX 32 OR BELOW:   0    0.01 INCH OR MORE:   0
MAX 90 OR ABOVE:   3    0.10 INCH OR MORE:   0
MIN 32 OR BELOW:   0    0.50 INCH OR MORE:   0
MIN  0 OR BELOW:   0    1.00 INCH OR MORE:   0

[HDD (BASE 65) ]
TOTAL THIS MO.     0    CLEAR  (SCALE 0-3)   4
DPTR FM NORMAL    -4    PTCLDY (SCALE 4-7)  17
TOTAL FM JUL 1     0    CLOUDY (SCALE 8-10)  0
DPTR FM NORMAL    -6

[CDD (BASE 65) ]
TOTAL THIS MO.   170
DPTR FM NORMAL   113    [PRESSURE DATA]
TOTAL FM JAN 1  1396    HIGHEST SLP M ON M
DPTR FM NORMAL   703    LOWEST  SLP 29.75 ON  1

[REMARKS]
