000
CXUS52 KCHS 250915
CF6SAV
PRELIMINARY LOCAL CLIMATOLOGICAL DATA (WS FORM: F-6)

                                          STATION:   SAVANNAH GA
                                          MONTH:     DECEMBER
                                          YEAR:      2014
                                          LATITUDE:   32  7 N
                                          LONGITUDE:  81 12 W

  TEMPERATURE IN F:       :PCPN:    SNOW:  WIND      :SUNSHINE: SKY     :PK WND
================================================================================
1   2   3   4   5  6A  6B    7    8   9   10  11  12  13   14  15   16   17  18
                                     12Z  AVG MX 2MIN
DY MAX MIN AVG DEP HDD CDD  WTR  SNW DPTH SPD SPD DIR MIN PSBL S-S WX    SPD DR
================================================================================

 1  78  46  62   7   3   0 0.00  0.0    0  1.5  8 110   M    M   3 1      12 310
 2  78  54  66  11   0   1 0.00  0.0    0  4.1 12 110   M    M   6 1      15  20
 3  77  58  68  14   0   3 0.00  0.0    0  1.8  9 100   M    M   9 128    10 100
 4  76  55  66  12   0   1 0.00  0.0    0  3.8 14 110   M    M   7 128    18 100
 5  68  56  62   8   3   0 0.00  0.0    M  6.3 12  20   M    M   9 128    13  10
 6  75  55  65  11   0   0 0.02  0.0    0  3.1 13 250   M    M   8 128    16 260
 7  65  52  59   6   6   0 0.00  0.0    0 11.4 21  50   M    M   9 1      30  50
 8  57  46  52  -1  13   0    T    M    0 11.5 18  10   M    M  10        26  10
 9  60  45  53   0  12   0 0.00  0.0    0 10.1 17 270   M    M   7        23 290
10  60  38  49  -4  16   0 0.00  0.0    0  6.4 15 270   M    M   0        20 260
11  59  33  46  -6  19   0 0.00  0.0    0  4.1 12 280   M    M   2        15 280
12  64  31  48  -4  17   0 0.00  0.0    0  1.5  8  10   M    M   0 18     10 320
13  69  32  51  -1  14   0 0.00  0.0    0  0.9  8 310   M    M   0        12 310
14  73  36  55   3  10   0 0.00  0.0    0  1.4  6 230   M    M   0        12 280
15  71  33  52   0  13   0 0.00  0.0    0  1.7  7 170   M    M   3        10 240
16  77  42  60   9   5   0    T  0.0    0  7.1 23 240   M    M   3 8      28 250
17  67  43  55   4  10   0 0.00  0.0    0  4.0 10 300   M    M   4        14 270
18  63  39  51   0  14   0 0.00  0.0    0  2.6  7 290   M    M   5 8      10 300
19  64  41  53   2  12   0 0.00  0.0    0  2.5  7  90   M    M   6        10 330
20  56  50  53   2  12   0 0.09  0.0    0  5.0 13  30   M    M  10 1      15  30
21  51  47  49  -1  16   0 0.44  0.0    0  7.6 14  40   M    M  10 1      16  50
22  54  47  51   1  14   0 1.08  0.0    0  5.5 13 110   M    M  10 1     100  M
23  58  50  54   4  11   0 0.70  0.0    0  4.4 12 290   M    M  10 123    16 280
24  70  57  64  14   1   0 1.56  0.0    0 11.5 24 190   M    M  10 13     37 190
================================================================================
SM 1590 1086       221   5  3.89     0.0 119.8          M      141
================================================================================
AV 66.2 45.2                               5.0 FASTST   M    M   6    MAX(MPH)
                                 MISC ---->  # 24 190                100    M
================================================================================
NOTES:
# LAST OF SEVERAL OCCURRENCES

COLUMN 17 PEAK WIND IN M.P.H.

PRELIMINARY LOCAL CLIMATOLOGICAL DATA (WS FORM: F-6) , PAGE 2

                                          STATION:  SAVANNAH GA
                                          MONTH:    DECEMBER
                                          YEAR:     2014
                                          LATITUDE:   32  7 N
                                          LONGITUDE:  81 12 W

[TEMPERATURE DATA]      [PRECIPITATION DATA]       SYMBOLS USED IN COLUMN 16

AVERAGE MONTHLY: 55.8   TOTAL FOR MONTH:   3.89    1 = FOG OR MIST
DPTR FM NORMAL:   3.5   DPTR FM NORMAL:    1.64    2 = FOG REDUCING VISIBILITY
HIGHEST:    78 ON  2, 1 GRTST 24HR  2.12 ON 23-24      TO 1/4 MILE OR LESS
LOWEST:     31 ON 12                               3 = THUNDER
                        SNOW, ICE PELLETS, HAIL    4 = ICE PELLETS
                        TOTAL MONTH:   0.0 INCH    5 = HAIL
                        GRTST 24HR     0.0         6 = FREEZING RAIN OR DRIZZLE
                        GRTST DEPTH:   0           7 = DUSTSTORM OR SANDSTORM:
                                                       VSBY 1/2 MILE OR LESS
                                                   8 = SMOKE OR HAZE
[NO. OF DAYS WITH]      [WEATHER - DAYS WITH]      9 = BLOWING SNOW
                                                   X = TORNADO
MAX 32 OR BELOW:   0    0.01 INCH OR MORE:   6
MAX 90 OR ABOVE:   0    0.10 INCH OR MORE:   4
MIN 32 OR BELOW:   2    0.50 INCH OR MORE:   3
MIN  0 OR BELOW:   0    1.00 INCH OR MORE:   2

[HDD (BASE 65) ]
TOTAL THIS MO.   221    CLEAR  (SCALE 0-3)   8
DPTR FM NORMAL   -93    PTCLDY (SCALE 4-7)   7
TOTAL FM JUL 1   513    CLOUDY (SCALE 8-10)  9
DPTR FM NORMAL   -68

[CDD (BASE 65) ]
TOTAL THIS MO.     5
DPTR FM NORMAL     2    [PRESSURE DATA]
TOTAL FM JAN 1  2731    HIGHEST SLP M ON M
DPTR FM NORMAL   279    LOWEST  SLP 29.76 ON 24

[REMARKS]
