000
CXUS52 KCHS 010920
CF6SAV
PRELIMINARY LOCAL CLIMATOLOGICAL DATA (WS FORM: F-6)

                                          STATION:   SAVANNAH GA
                                          MONTH:     APRIL
                                          YEAR:      2016
                                          LATITUDE:   32  7 N
                                          LONGITUDE:  81 12 W

  TEMPERATURE IN F:       :PCPN:    SNOW:  WIND      :SUNSHINE: SKY     :PK WND
================================================================================
1   2   3   4   5  6A  6B    7    8   9   10  11  12  13   14  15   16   17  18
                                     12Z  AVG MX 2MIN
DY MAX MIN AVG DEP HDD CDD  WTR  SNW DPTH SPD SPD DIR MIN PSBL S-S WX    SPD DR
================================================================================

 1  83  65  74  12   0   9 0.44  0.0    0  7.4 26 320   M    M   7 1      34 300
 2  77  58  68   5   0   3 0.92  0.0    0 12.4 28 280   M    M   5 1      35 290
 3  75  48  62  -1   3   0 0.00  0.0    0  7.5 17 330   M    M   0        25 340
 4  79  48  64   1   1   0 0.00  0.0    0  5.2 16 180   M    M   0 1      20 230
 5  77  54  66   3   0   1 0.00  0.0    0 11.1 21 130   M    M   0        28  10
 6  72  49  61  -3   4   0 0.00  0.0    0 11.5 20 150   M    M   6        31 150
 7  77  60  69   5   0   4 0.09  0.0    0 13.3 26 270   M    M   4 1      32 280
 8  76  49  63  -1   2   0 0.00  0.0    0  9.9 29 270   M    M   2        37 290
 9  72  46  59  -5   6   0 0.00  0.0    0 11.1 26 310   M    M   1        36 270
10  67  43  55  -9  10   0 0.00  0.0    0  9.6 18 110   M    M   4        23 100
11  76  49  63  -1   2   0 0.00  0.0    0  8.3 21 140   M    M   5        27 170
12  74  60  67   2   0   2 0.07  0.0    0  4.4 18 200   M    M   7 12     23 190
13  72  57  65   0   0   0 0.00  0.0    0  8.2 16 100   M    M  10 12     20 100
14  70  57  64  -1   1   0 0.01  0.0    0 10.8 18  70   M    M   8        23  60
15  61  54  58  -7   7   0 0.01  0.0    0 11.5 18  40   M    M  10        23  50
16  76  54  65  -1   0   0 0.00  0.0    0 11.0 22 110   M    M   6        26 110
17  75  49  62  -4   3   0 0.00  0.0    0  7.1 18  30   M    M   0        23  10
18  80  44  62  -4   3   0 0.00  0.0    0  4.4 12 170   M    M   0 1      17  60
19  84  45  65  -1   0   0 0.00  0.0    0  5.1 17 190   M    M   5        21 180
20  80  52  66   0   0   1 0.00  0.0    0  4.6 14 170   M    M   8        15 170
21  83  57  70   3   0   5 0.00  0.0    0  9.1 21 160   M    M   6 1      26 150
22  84  65  75   8   0  10 0.72  0.0    0  9.5 41 260   M    M   7 13     54 250
23  83  61  72   5   0   7 0.00  0.0    0  7.2 16 290   M    M   6 1      22 290
24  79  55  67  -1   0   2 0.00  0.0    0  7.2 16 100   M    M   1        21 110
25  82  59  71   3   0   6 0.00  0.0    0  5.5 15 130   M    M   4 1      25 140
26  84  58  71   3   0   6 0.00  0.0    0  6.0 17 170   M    M   2 1      20 170
27  87  64  76   8   0  11 0.00  0.0    0  9.0 21 160   M    M   5        23 160
28  88  69  79  11   0  14    T  0.0    0  8.1 17 260   M    M   6        21 270
29  93  68  81  12   0  16 0.00  0.0    0  6.1 17  90   M    M   2        20  80
30  87  67  77   8   0  12 0.00  0.0    0  9.4 18 180   M    M   6 1      23 170
================================================================================
SM 2353 1664        42 109  2.26     0.0 251.5          M      133
================================================================================
AV 78.4 55.5                               8.4 FASTST   M    M   4    MAX(MPH)
                                 MISC ---->  # 41 260               # 54  250
================================================================================
NOTES:
# LAST OF SEVERAL OCCURRENCES

COLUMN 17 PEAK WIND IN M.P.H.

PRELIMINARY LOCAL CLIMATOLOGICAL DATA (WS FORM: F-6) , PAGE 2

                                          STATION:  SAVANNAH GA
                                          MONTH:    APRIL
                                          YEAR:     2016
                                          LATITUDE:   32  7 N
                                          LONGITUDE:  81 12 W

[TEMPERATURE DATA]      [PRECIPITATION DATA]       SYMBOLS USED IN COLUMN 16

AVERAGE MONTHLY: 66.9   TOTAL FOR MONTH:   2.26    1 = FOG OR MIST
DPTR FM NORMAL:   1.3   DPTR FM NORMAL:   -0.81    2 = FOG REDUCING VISIBILITY
HIGHEST:    93 ON 29    GRTST 24HR  1.36 ON  1- 2      TO 1/4 MILE OR LESS
LOWEST:     43 ON 10                               3 = THUNDER
                        SNOW, ICE PELLETS, HAIL    4 = ICE PELLETS
                        TOTAL MONTH:   0.0 INCH    5 = HAIL
                        GRTST 24HR     0.0         6 = FREEZING RAIN OR DRIZZLE
                        GRTST DEPTH:   0           7 = DUSTSTORM OR SANDSTORM:
                                                       VSBY 1/2 MILE OR LESS
                                                   8 = SMOKE OR HAZE
[NO. OF DAYS WITH]      [WEATHER - DAYS WITH]      9 = BLOWING SNOW
                                                   X = TORNADO
MAX 32 OR BELOW:   0    0.01 INCH OR MORE:   7
MAX 90 OR ABOVE:   1    0.10 INCH OR MORE:   3
MIN 32 OR BELOW:   0    0.50 INCH OR MORE:   2
MIN  0 OR BELOW:   0    1.00 INCH OR MORE:   0

[HDD (BASE 65) ]
TOTAL THIS MO.    42    CLEAR  (SCALE 0-3)  10
DPTR FM NORMAL   -34    PTCLDY (SCALE 4-7)  18
TOTAL FM JUL 1  1211    CLOUDY (SCALE 8-10)  2
DPTR FM NORMAL  -592

[CDD (BASE 65) ]
TOTAL THIS MO.   109
DPTR FM NORMAL    15    [PRESSURE DATA]
TOTAL FM JAN 1   236    HIGHEST SLP 30.40 ON 10
DPTR FM NORMAL   100    LOWEST  SLP 29.72 ON  2

[REMARKS]
#FINAL-04-16#
