337
CXUS51 KAKQ 211010
CF6SBY
PRELIMINARY LOCAL CLIMATOLOGICAL DATA (WS FORM: F-6)

                                          STATION:   SALISBURY MD
                                          MONTH:     JANUARY
                                          YEAR:      2018
                                          LATITUDE:   38 20 N
                                          LONGITUDE:  75 30 W

  TEMPERATURE IN F:       :PCPN:    SNOW:  WIND      :SUNSHINE: SKY     :PK WND
================================================================================
1   2   3   4   5  6A  6B    7    8   9   10  11  12  13   14  15   16   17  18
                                     12Z  AVG MX 2MIN
DY MAX MIN AVG DEP HDD CDD  WTR  SNW DPTH SPD SPD DIR MIN PSBL S-S WX    SPD DR
================================================================================

 1  23   7  15 -21  50   0 0.00  0.0    M  9.5 25 330   M    M   0        33 330
 2  26   8  17 -19  48   0 0.00  0.0    M  6.8 20 320   M    M   0        25 310
 3  37   4  21 -15  44   0 0.07  1.1    M  6.1 14 350   M    M   3 1      19 340
 4  30  16  23 -13  42   0 0.55  8.3    M 21.2 38 330   M    M   8 128    46 330
 5  20  12  16 -20  49   0 0.00  0.0    M 13.6 26 290   M    M   0        40 300
 6  17   6  12 -24  53   0 0.00  0.0    M 10.3 21 290   M    M   0        29 320
 7  19   3  11 -24  54   0 0.00  0.0    M  5.7 13 320   M    M   0        16 330
 8  39   7  23 -12  42   0 0.12  0.0    M  9.5 22 230   M    M   4        31 220
 9  47  23  35   0  30   0 0.00  0.0    M  3.6 16 320   M    M   2 12     21 330
10  51  21  36   1  29   0 0.00  0.0    M  2.8 10  70   M    M   5 18     14 190
11  66  38  52  17  13   0 0.00  0.0    0  5.8 18 180   M    M   5        23 180
12  67  58  63  28   2   0 0.17  0.0    0 14.3 24 180   M    M  10 1      36 190
13  63  26  45  10  20   0 0.24  0.0    0 15.0 25 220   M    M   8 1      34 200
14  27  17  22 -13  43   0 0.00  0.0    0 10.3 20 340   M    M   0        26 350
15  34  17  26  -9  39   0    T    M    0  6.9 12  50   M    M   8 1      16 360
16  47  25  36   1  29   0 0.00  0.0    0  3.4  8  40   M    M   6 1      10  60
17  38  24  31  -4  34   0    T    T    M 11.8 21 330   M    M  10 18     30 330
18  39  20  30  -5  35   0 0.00  0.0    0 11.7 20 310   M    M   1        30 340
19  52  19  36   1  29   0 0.00  0.0    M  3.3 12 250   M    M   0 8      13 240
20  54  27  41   6  24   0 0.00  0.0    0  5.3 14 250   M    M   0        17 250
================================================================================
SM  796  378       709   0  1.15     9.4 176.9          M       70
================================================================================
AV 39.8 18.9                               8.8 FASTST   M    M   4    MAX(MPH)
                                 MISC ---->  # 38 330               # 46  330
================================================================================
NOTES:
# LAST OF SEVERAL OCCURRENCES

COLUMN 17 PEAK WIND IN M.P.H.

PRELIMINARY LOCAL CLIMATOLOGICAL DATA (WS FORM: F-6) , PAGE 2

                                          STATION:  SALISBURY MD
                                          MONTH:    JANUARY
                                          YEAR:     2018
                                          LATITUDE:   38 20 N
                                          LONGITUDE:  75 30 W

[TEMPERATURE DATA]      [PRECIPITATION DATA]       SYMBOLS USED IN COLUMN 16

AVERAGE MONTHLY: 29.4   TOTAL FOR MONTH:   1.15    1 = FOG OR MIST
DPTR FM NORMAL:  -6.0   DPTR FM NORMAL:   -1.13    2 = FOG REDUCING VISIBILITY
HIGHEST:    67 ON 12    GRTST 24HR  0.55 ON  4- 4      TO 1/4 MILE OR LESS
LOWEST:      3 ON  7                               3 = THUNDER
                        SNOW, ICE PELLETS, HAIL    4 = ICE PELLETS
                        TOTAL MONTH:   9.4 INCHES  5 = HAIL
                        GRTST 24HR   8.3 ON  4- 4  6 = FREEZING RAIN OR DRIZZLE
                        GRTST DEPTH:   0           7 = DUSTSTORM OR SANDSTORM:
                                                       VSBY 1/2 MILE OR LESS
                                                   8 = SMOKE OR HAZE
[NO. OF DAYS WITH]      [WEATHER - DAYS WITH]      9 = BLOWING SNOW
                                                   X = TORNADO
MAX 32 OR BELOW:   7    0.01 INCH OR MORE:   5
MAX 90 OR ABOVE:   0    0.10 INCH OR MORE:   4
MIN 32 OR BELOW:  18    0.50 INCH OR MORE:   1
MIN  0 OR BELOW:   0    1.00 INCH OR MORE:   0

[HDD (BASE 65) ]
TOTAL THIS MO.   709    CLEAR  (SCALE 0-3)  11
DPTR FM NORMAL   114    PTCLDY (SCALE 4-7)   6
TOTAL FM JUL 1  2256    CLOUDY (SCALE 8-10)  3
DPTR FM NORMAL    37

[CDD (BASE 65) ]
TOTAL THIS MO.     0
DPTR FM NORMAL     0    [PRESSURE DATA]
TOTAL FM JAN 1     0    HIGHEST SLP 30.71 ON  7
DPTR FM NORMAL     0    LOWEST  SLP 29.50 ON  4

[REMARKS]
