000
CXUS53 KLMK 280800
CF6SDF
PRELIMINARY LOCAL CLIMATOLOGICAL DATA (WS FORM: F-6)

                                          STATION:   LOUISVILLE KY
                                          MONTH:     AUGUST
                                          YEAR:      2015
                                          LATITUDE:   38 10 N
                                          LONGITUDE:  85 44 W

  TEMPERATURE IN F:       :PCPN:    SNOW:  WIND      :SUNSHINE: SKY     :PK WND
================================================================================
1   2   3   4   5  6A  6B    7    8   9   10  11  12  13   14  15   16   17  18
                                     12Z  AVG MX 2MIN
DY MAX MIN AVG DEP HDD CDD  WTR  SNW DPTH SPD SPD DIR MIN PSBL S-S WX    SPD DR
================================================================================

 1  89  71  80   1   0  15 0.00  0.0    0  5.9 16 340   M    M   3        25 290
 2  90  66  78  -1   0  13 0.00  0.0    0  4.6 13 240   M    M   3        17 220
 3  93  72  83   4   0  18 0.00  0.0    0  9.8 30  70   M    M   3        36  80
 4  90  69  80   1   0  15 0.79  0.0    0  6.6 41 250   M    M   8 13     52 260
 5  89  71  80   1   0  15 0.05  0.0    0  4.1 28 240   M    M   8 138    38 240
 6  78  69  74  -5   0   9 1.54  0.0    0  8.1 16  40   M    M  10 138    20  50
 7  87  67  77  -2   0  12 0.00  0.0    0  5.2  9 340   M    M   8 18     13  30
 8  88  67  78  -1   0  13 0.00  0.0    0  3.1  9 340   M    M   6 18     13  30
 9  87  70  79   0   0  14    T  0.0    0  3.8 13 140   M    M   7 18     17 140
10  86  75  81   2   0  16 0.50  0.0    0  8.2 24 270   M    M   8 18     32 260
11  86  72  79   0   0  14 0.00  0.0    0  8.6 18  30   M    M   2 18     25 360
12  83  65  74  -5   0   9 0.00  0.0    0  8.9 17  20   M    M   1        26  10
13  85  66  76  -3   0  11 0.00  0.0    0  3.2 12  10   M    M   3 8      13  10
14  86  67  77  -2   0  12 0.00  0.0    0  2.8 10 150   M    M   6        22 200
15  89  65  77  -2   0  12    T  0.0    0  3.7 15 360   M    M   6 38     17 360
16  92  69  81   2   0  16 0.00  0.0    0  2.9 12 220   M    M   3 18     14 190
17  82  72  77  -2   0  12 0.03  0.0    0  5.7 17 130   M    M   6 8      23  90
18  87  69  78  -1   0  13 0.00  0.0    0  5.4 10 250   M    M   6 18     17 210
19  88  73  81   3   0  16 0.52  0.0    0  8.7 20 280   M    M   7 138    26 190
20  80  64  72  -6   0   7 0.04  0.0    0  8.7 17 260   M    M   4 1      31 270
21  82  61  72  -6   0   7 0.00  0.0    0  2.8 13 100   M    M   4        16 150
22  85  63  74  -4   0   9 0.00  0.0    0  3.4 12 160   M    M   4        14 120
23  88  71  80   2   0  15    T  0.0    0  7.9 23 320   M    M   7        27 320
24  79  61  70  -8   0   5 0.00  0.0    0  8.5 18 320   M    M   1        28 350
25  77  59  68 -10   0   3 0.00  0.0    0  6.5 16 270   M    M   2        26 310
26  80  59  70  -8   0   5 0.00  0.0    0  3.9 10 360   M    M   4        13  10
27  81  63  72  -5   0   7 0.00  0.0    0  5.0 14  80   M    M   4        21 190
================================================================================
SM 2307 1816         0 313  3.47     0.0 156.0          M      134
================================================================================
AV 85.4 67.3                               5.8 FASTST   M    M   5    MAX(MPH)
                                 MISC ---->  # 41 250               # 52  260
================================================================================
NOTES:
# LAST OF SEVERAL OCCURRENCES

COLUMN 17 PEAK WIND IN M.P.H.

PRELIMINARY LOCAL CLIMATOLOGICAL DATA (WS FORM: F-6) , PAGE 2

                                          STATION:  LOUISVILLE KY
                                          MONTH:    AUGUST
                                          YEAR:     2015
                                          LATITUDE:   38 10 N
                                          LONGITUDE:  85 44 W

[TEMPERATURE DATA]      [PRECIPITATION DATA]       SYMBOLS USED IN COLUMN 16

AVERAGE MONTHLY: 76.4   TOTAL FOR MONTH:   3.47    1 = FOG OR MIST
DPTR FM NORMAL:  -2.3   DPTR FM NORMAL:    0.50    2 = FOG REDUCING VISIBILITY
HIGHEST:    93 ON  3    GRTST 24HR  1.54 ON  6- 6      TO 1/4 MILE OR LESS
LOWEST:     59 ON 26,25                            3 = THUNDER
                        SNOW, ICE PELLETS, HAIL    4 = ICE PELLETS
                        TOTAL MONTH:   0.0 INCH    5 = HAIL
                        GRTST 24HR     0.0         6 = FREEZING RAIN OR DRIZZLE
                        GRTST DEPTH:   0           7 = DUSTSTORM OR SANDSTORM:
                                                       VSBY 1/2 MILE OR LESS
                                                   8 = SMOKE OR HAZE
[NO. OF DAYS WITH]      [WEATHER - DAYS WITH]      9 = BLOWING SNOW
                                                   X = TORNADO
MAX 32 OR BELOW:   0    0.01 INCH OR MORE:   7
MAX 90 OR ABOVE:   4    0.10 INCH OR MORE:   4
MIN 32 OR BELOW:   0    0.50 INCH OR MORE:   4
MIN  0 OR BELOW:   0    1.00 INCH OR MORE:   1

[HDD (BASE 65) ]
TOTAL THIS MO.     0    CLEAR  (SCALE 0-3)   6
DPTR FM NORMAL     0    PTCLDY (SCALE 4-7)  19
TOTAL FM JUL 1     0    CLOUDY (SCALE 8-10)  2
DPTR FM NORMAL     0

[CDD (BASE 65) ]
TOTAL THIS MO.   313
DPTR FM NORMAL   -55    [PRESSURE DATA]
TOTAL FM JAN 1  1406    HIGHEST SLP  0.00 ON 17
DPTR FM NORMAL    97    LOWEST  SLP  0.00 ON 17

[REMARKS]
