000
CXUS55 KBYZ 011055
CF6SHR
PRELIMINARY LOCAL CLIMATOLOGICAL DATA (WS FORM: F-6)

                                          STATION:   SHERIDAN WY
                                          MONTH:     APRIL
                                          YEAR:      2016
                                          LATITUDE:   44 46 N
                                          LONGITUDE: 106 58 W

  TEMPERATURE IN F:       :PCPN:    SNOW:  WIND      :SUNSHINE: SKY     :PK WND
================================================================================
1   2   3   4   5  6A  6B    7    8   9   10  11  12  13   14  15   16   17  18
                                     12Z  AVG MX 2MIN
DY MAX MIN AVG DEP HDD CDD  WTR  SNW DPTH SPD SPD DIR MIN PSBL S-S WX    SPD DR
================================================================================

 1  58  32  45   5  20   0 0.00    M    M 14.7 30 300   M    M   5        39 290
 2  69  33  51  11  14   0 0.00    M    M 10.5 24 240   M    M   2        33 240
 3  67  34  51  11  14   0 0.00    M    M 11.4 32 330   M    M   2        39 330
 4  74  30  52  11  13   0 0.00    M    M  8.0 36 330   M    M   1        43 320
 5  53  30  42   1  23   0    T    M    M 23.1 54 290   M    M   5        69 290
 6  66  35  51  10  14   0 0.00    M    M 16.7 46 310   M    M   3        58 320
 7  61  32  47   6  18   0 0.00    M    M  7.7 24 330   M    M   5        30 360
 8  70  28  49   7  16   0 0.00    M    M  5.7 16 130   M    M   0        22 140
 9  79  36  58  16   7   0 0.00    M    M 10.7 33 320   M    M   0        42 320
10  52  34  43   1  22   0    T    M    M  8.9 20 320   M    M   8        25 330
11  66  24  45   3  20   0 0.00    M    M  4.4 10 350   M    M   3        15  10
12  75  34  55  12  10   0 0.00    M    M  5.7 22 320   M    M   1        26 320
13  68  35  52   9  13   0 0.00    M    M  5.9 29 310   M    M   1        35 320
14  71  37  54  11  11   0    T    M    M 12.3 37 180   M    M   4        45 180
15  59  30  45   2  20   0    T    M    M 13.6 26 330   M    M   5        36 320
16  44  33  39  -5  26   0    T    M    M 16.5 26 320   M    M   9        31 310
17  43  32  38  -6  27   0 0.27    M    M 10.5 21 310   M    M   8 1      25 290
18  40  35  38  -6  27   0 0.57    M    M 14.3 23 320   M    M  10 1      27 310
19  52  38  45   1  20   0 0.38    M    M  7.9 24 300   M    M  10 1      28 300
20  65  36  51   6  14   0 0.00    M    M  5.4 17 340   M    M   5 12     22 330
21  73  34  54   9  11   0 0.00    M    M  6.7 18 140   M    M   0        23 140
22  82  37  60  15   5   0 0.00    M    M  5.0 16 150   M    M   0        20 150
23  70  44  57  11   8   0 0.04    M    M 11.3 28 310   M    M   2        35 300
24  48  33  41  -5  24   0 1.71    M    M 15.6 37 300   M    M  10 1      48 300
25  49  35  42  -4  23   0 0.00    M    M  7.7 18 340   M    M  10        22 340
26  38  33  36 -10  29   0 0.20    M    M 10.4 18 340   M    M  10 1      21 340
27  41  33  37 -10  28   0 0.15    M    M 10.1 20 330   M    M  10 1      24 340
28  41  32  37 -10  28   0 0.04    M    M  3.7 10  50   M    M   9 1      13  50
29  47  36  42  -5  23   0 0.00    M    M  5.1 13 140   M    M  10        16 140
30  53  39  46  -2  19   0    T    M    M  2.0  9 260   M    M  10        10 250
================================================================================
SM 1774 1014       547   0  3.36    M    291.5          M      158
================================================================================
AV 59.1 33.8                               9.7 FASTST   M    M   5    MAX(MPH)
                                 MISC ---->  # 54 290               # 69  290
================================================================================
NOTES:
# LAST OF SEVERAL OCCURRENCES

COLUMN 17 PEAK WIND IN M.P.H.

PRELIMINARY LOCAL CLIMATOLOGICAL DATA (WS FORM: F-6) , PAGE 2

                                          STATION:  SHERIDAN WY
                                          MONTH:    APRIL
                                          YEAR:     2016
                                          LATITUDE:   44 46 N
                                          LONGITUDE: 106 58 W

[TEMPERATURE DATA]      [PRECIPITATION DATA]       SYMBOLS USED IN COLUMN 16

AVERAGE MONTHLY: 46.5   TOTAL FOR MONTH:   3.36    1 = FOG OR MIST
DPTR FM NORMAL:   2.9   DPTR FM NORMAL:    1.76    2 = FOG REDUCING VISIBILITY
HIGHEST:    82 ON 22    GRTST 24HR  1.75 ON 23-24      TO 1/4 MILE OR LESS
LOWEST:     24 ON 11                               3 = THUNDER
                        SNOW, ICE PELLETS, HAIL    4 = ICE PELLETS
                        TOTAL MONTH:    M          5 = HAIL
                        GRTST 24HR    M  ON   M    6 = FREEZING RAIN OR DRIZZLE
                        GRTST DEPTH:  M  ON   M    7 = DUSTSTORM OR SANDSTORM:
                                                       VSBY 1/2 MILE OR LESS
                                                   8 = SMOKE OR HAZE
[NO. OF DAYS WITH]      [WEATHER - DAYS WITH]      9 = BLOWING SNOW
                                                   X = TORNADO
MAX 32 OR BELOW:   0    0.01 INCH OR MORE:   8
MAX 90 OR ABOVE:   0    0.10 INCH OR MORE:   6
MIN 32 OR BELOW:   9    0.50 INCH OR MORE:   2
MIN  0 OR BELOW:   0    1.00 INCH OR MORE:   1

[HDD (BASE 65) ]
TOTAL THIS MO.   547    CLEAR  (SCALE 0-3)  11
DPTR FM NORMAL   -95    PTCLDY (SCALE 4-7)   8
TOTAL FM JUL 1  6063    CLOUDY (SCALE 8-10) 11
DPTR FM NORMAL -1038

[CDD (BASE 65) ]
TOTAL THIS MO.     0
DPTR FM NORMAL     0    [PRESSURE DATA]
TOTAL FM JAN 1     0    HIGHEST SLP 30.54 ON 17
DPTR FM NORMAL     0    LOWEST  SLP 29.35 ON 14

[REMARKS]
#FINAL-04-16#
