008
CXUS54 KSHV 211300
CF6SHV
PRELIMINARY LOCAL CLIMATOLOGICAL DATA (WS FORM: F-6)

                                          STATION:   SHREVEPORT
                                          MONTH:     AUGUST
                                          YEAR:      2017
                                          LATITUDE:   32 28 N
                                          LONGITUDE:  93 49 W

  TEMPERATURE IN F:       :PCPN:    SNOW:  WIND      :SUNSHINE: SKY     :PK WND
================================================================================
1   2   3   4   5  6A  6B    7    8   9   10  11  12  13   14  15   16   17  18
                                     12Z  AVG MX 2MIN
DY MAX MIN AVG DEP HDD CDD  WTR  SNW DPTH SPD SPD DIR MIN PSBL S-S WX    SPD DR
================================================================================

 1  93  74  84   0   0  19 0.04  0.0    0  4.1 21 240   M    M   7 1      25 140
 2  83  73  78  -6   0  13 0.34  0.0    0  5.4 13  60   M    M   8 1      15  60
 3  91  71  81  -3   0  16 0.00  0.0    0  2.3  8 180   M    M   5 1      17 240
 4  95  71  83  -1   0  18 0.03  0.0    0  4.1 24  30   M    M   5 3      32  20
 5  93  69  81  -3   0  16 0.00  0.0    0  6.0 16 170   M    M   2 1      20 180
 6  90  75  83  -1   0  18    T  0.0    0  8.2 23 360   M    M   7        29  30
 7  81  73  77  -7   0  12 2.42  0.0    0  5.0 21 240   M    M  10 13     26 240
 8  86  74  80  -4   0  15 0.07  0.0    0  6.8 17  60   M    M   9 1      21  60
 9  90  74  82  -2   0  17 0.03  0.0    0  4.6 16 150   M    M   8 1      21 140
10  92  74  83  -1   0  18 0.00  0.0    0  3.4 12 360   M    M   6        15 330
11  95  74  85   1   0  20 0.74  0.0    0  8.1 29 270   M    M   7 138    39 270
12  95  73  84   0   0  19 0.14  0.0    0  3.5 23 240   M    M   7 13     32 220
13  88  75  82  -2   0  17 0.09  0.0    0  3.7 13 280   M    M  10 13     16 280
14  92  77  85   1   0  20    T  0.0    0  7.9 18 250   M    M   8        23 260
15  94  77  86   2   0  21 0.00  0.0    0  8.0 17 160   M    M   5        25 160
16  95  77  86   3   0  21 0.00  0.0    0  9.5 17 180   M    M   5        23 220
17  90  75  83   0   0  18 0.02  0.0    0  7.1 24 260   M    M   7 1      29 280
18  95  77  86   3   0  21 0.00  0.0    0  6.1 15 250   M    M   5        19 280
19  97  77  87   4   0  22 0.00  0.0    0  4.8 15 270   M    M   2 3      18 270
20  97  76  87   4   0  22 0.23  0.0    0  3.4 20 150   M    M   5 13     25 140
================================================================================
SM 1832 1486         0 363  4.15     0.0 112.0          M      128
================================================================================
AV 91.6 74.3                               5.6 FASTST   M    M   6    MAX(MPH)
                                 MISC ---->  # 29 270               # 39  270
================================================================================
NOTES:
# LAST OF SEVERAL OCCURRENCES

COLUMN 17 PEAK WIND IN M.P.H.

PRELIMINARY LOCAL CLIMATOLOGICAL DATA (WS FORM: F-6) , PAGE 2

                                          STATION:  SHREVEPORT
                                          MONTH:    AUGUST
                                          YEAR:     2017
                                          LATITUDE:   32 28 N
                                          LONGITUDE:  93 49 W

[TEMPERATURE DATA]      [PRECIPITATION DATA]       SYMBOLS USED IN COLUMN 16

AVERAGE MONTHLY: 83.0   TOTAL FOR MONTH:   4.15    1 = FOG OR MIST
DPTR FM NORMAL:  -0.8   DPTR FM NORMAL:    2.33    2 = FOG REDUCING VISIBILITY
HIGHEST:    97 ON 20,19 GRTST 24HR  2.42 ON  7- 7      TO 1/4 MILE OR LESS
LOWEST:     69 ON  5                               3 = THUNDER
                        SNOW, ICE PELLETS, HAIL    4 = ICE PELLETS
                        TOTAL MONTH:   0.0 INCH    5 = HAIL
                        GRTST 24HR     0.0         6 = FREEZING RAIN OR DRIZZLE
                        GRTST DEPTH:   0           7 = DUSTSTORM OR SANDSTORM:
                                                       VSBY 1/2 MILE OR LESS
                                                   8 = SMOKE OR HAZE
[NO. OF DAYS WITH]      [WEATHER - DAYS WITH]      9 = BLOWING SNOW
                                                   X = TORNADO
MAX 32 OR BELOW:   0    0.01 INCH OR MORE:  11
MAX 90 OR ABOVE:  16    0.10 INCH OR MORE:   5
MIN 32 OR BELOW:   0    0.50 INCH OR MORE:   2
MIN  0 OR BELOW:   0    1.00 INCH OR MORE:   1

[HDD (BASE 65) ]
TOTAL THIS MO.     0    CLEAR  (SCALE 0-3)   2
DPTR FM NORMAL     0    PTCLDY (SCALE 4-7)  15
TOTAL FM JUL 1     0    CLOUDY (SCALE 8-10)  3
DPTR FM NORMAL     0

[CDD (BASE 65) ]
TOTAL THIS MO.   363
DPTR FM NORMAL   -10    [PRESSURE DATA]
TOTAL FM JAN 1  1949    HIGHEST SLP M ON M
DPTR FM NORMAL   175    LOWEST  SLP 29.80 ON 14

[REMARKS]
