000
CXUS56 KMFR 281000
CF6SIY
PRELIMINARY LOCAL CLIMATOLOGICAL DATA (WS FORM: F-6)

                                          STATION:   MONTAGUE CA
                                          MONTH:     MARCH
                                          YEAR:      2017
                                          LATITUDE:   41 46 N
                                          LONGITUDE: 122 28 W

  TEMPERATURE IN F:       :PCPN:    SNOW:  WIND      :SUNSHINE: SKY     :PK WND
================================================================================
1   2   3   4   5  6A  6B    7    8   9   10  11  12  13   14  15   16   17  18
                                     12Z  AVG MX 2MIN
DY MAX MIN AVG DEP HDD CDD  WTR  SNW DPTH SPD SPD DIR MIN PSBL S-S WX    SPD DR
================================================================================

 1  55  19  37  -5  28   0 0.00    M    M  1.7  7  20   M    M   0         8  10
 2  57  18  38  -4  27   0 0.00    M    M  1.8  8  60   M    M   0 1      12 210
 3  50  25  38  -4  27   0    T    M    M  4.0 14 240   M    M   6        18 250
 4  52  32  42   0  23   0 0.04    M    M  9.3 35 250   M    M   8 1      41 260
 5  41  22  32 -10  33   0    T    M    M  8.4 28 240   M    M   6 1      33 240
 6  40  22  31 -12  34   0 0.01    M    M  3.8 17 200   M    M   9 1      22 200
 7  51  30  41  -2  24   0    T    M    M  9.2 24 180   M    M   9        30 180
 8  58  33  46   3  19   0 0.02    M    M  3.7 10  10   M    M   8        14 360
 9  56  39  48   5  17   0    T    M    M  2.3 10  30   M    M   6 12     13  40
10  65  35  50   7  15   0    T    M    M  2.4  8  20   M    M   2        10 220
11  65  32  49   6  16   0 0.00    M    M  5.0 14 250   M    M   2        17 320
12  66  30  48   5  17   0 0.00    M    M  2.4  9  40   M    M   0 12     17 120
13  70  27  49   6  16   0 0.00    M    M  2.7 12 310   M    M   0        14 310
14  76  33  55  12  10   0 0.00    M    M  7.1 24 150   M    M   1 1      30 150
15  65  43  54  11  11   0 0.05    M    M  9.8 29 200   M    M   7        40 200
16  63  35  49   6  16   0 0.00    M    M  4.8 14  10   M    M   3        17 360
17  68  30  49   6  16   0 0.04    M    M  6.5 23 170   M    M   3 1      26 180
18  61  47  54  11  11   0 0.30    M    M  6.2 25 160   M    M  10 1      31 160
19  63  45  54  11  11   0 0.01    M    M  4.7 24 200   M    M   8 1      34 170
20  62  46  54  11  11   0    T    M    M 18.2 41 180   M    M   6        48 180
21  58  42  50   7  15   0 0.32    M    M 10.9 32 150   M    M   7 1      41 150
22  52  33  43   0  22   0 0.14    M    M  6.5 20 180   M    M   7 1      30 180
23  57  30  44   1  21   0    T    M    M 10.9 32 180   M    M   5        37 180
24  53  32  43   0  22   0 0.13    M    M 13.3 33 170   M    M   8 1      40 170
25  55  27  41  -2  24   0 0.00    M    M  2.7 10 250   M    M   3        14  40
26  50  33  42  -1  23   0 0.13    M    M  8.5 28 170   M    M   9        34 170
27  55  30  43   0  22   0    T    M    M  4.9 14  10   M    M   6        19 270
================================================================================
SM 1564  870       531   0  1.19    M    171.7          M      139
================================================================================
AV 57.9 32.2                               6.4 FASTST   M    M   5    MAX(MPH)
                                 MISC ---->  # 41 180               # 48  180
================================================================================
NOTES:
# LAST OF SEVERAL OCCURRENCES

COLUMN 17 PEAK WIND IN M.P.H.

PRELIMINARY LOCAL CLIMATOLOGICAL DATA (WS FORM: F-6) , PAGE 2

                                          STATION:  MONTAGUE CA
                                          MONTH:    MARCH
                                          YEAR:     2017
                                          LATITUDE:   41 46 N
                                          LONGITUDE: 122 28 W

[TEMPERATURE DATA]      [PRECIPITATION DATA]       SYMBOLS USED IN COLUMN 16

AVERAGE MONTHLY: 45.1   TOTAL FOR MONTH:   1.19    1 = FOG OR MIST
DPTR FM NORMAL:   2.3   DPTR FM NORMAL:   -0.82    2 = FOG REDUCING VISIBILITY
HIGHEST:    76 ON 14    GRTST 24HR  0.32 ON 21-21      TO 1/4 MILE OR LESS
LOWEST:     18 ON  2                               3 = THUNDER
                        SNOW, ICE PELLETS, HAIL    4 = ICE PELLETS
                        TOTAL MONTH:    M          5 = HAIL
                        GRTST 24HR    M  ON   M    6 = FREEZING RAIN OR DRIZZLE
                        GRTST DEPTH:  M  ON   M    7 = DUSTSTORM OR SANDSTORM:
                                                       VSBY 1/2 MILE OR LESS
                                                   8 = SMOKE OR HAZE
[NO. OF DAYS WITH]      [WEATHER - DAYS WITH]      9 = BLOWING SNOW
                                                   X = TORNADO
MAX 32 OR BELOW:   0    0.01 INCH OR MORE:  11
MAX 90 OR ABOVE:   0    0.10 INCH OR MORE:   5
MIN 32 OR BELOW:  15    0.50 INCH OR MORE:   0
MIN  0 OR BELOW:   0    1.00 INCH OR MORE:   0

[HDD (BASE 65) ]
TOTAL THIS MO.   531    CLEAR  (SCALE 0-3)   9
DPTR FM NORMAL   -68    PTCLDY (SCALE 4-7)  12
TOTAL FM JUL 1  4428    CLOUDY (SCALE 8-10)  6
DPTR FM NORMAL   -48

[CDD (BASE 65) ]
TOTAL THIS MO.     0
DPTR FM NORMAL     0    [PRESSURE DATA]
TOTAL FM JAN 1     0    HIGHEST SLP M ON M
DPTR FM NORMAL     0    LOWEST  SLP 29.60 ON  4

[REMARKS]
