000
CXUS56 KMTR 301000
CF6SJC
PRELIMINARY LOCAL CLIMATOLOGICAL DATA (WS FORM: F-6)

                                          STATION:   SAN JOSE AIRPORT
                                          MONTH:     MAY
                                          YEAR:      2016
                                          LATITUDE:   37 21 N
                                          LONGITUDE: 121 55 W

  TEMPERATURE IN F:       :PCPN:    SNOW:  WIND      :SUNSHINE: SKY     :PK WND
================================================================================
1   2   3   4   5  6A  6B    7    8   9   10  11  12  13   14  15   16   17  18
                                     12Z  AVG MX 2MIN
DY MAX MIN AVG DEP HDD CDD  WTR  SNW DPTH SPD SPD DIR MIN PSBL S-S WX    SPD DR
================================================================================

 1  84  54  69   7   0   4 0.00  0.0    0  7.0 20 170   M    M   1        24 180
 2  74  52  63   1   2   0 0.00  0.0    0  7.6 21 310   M    M   5 8      27 310
 3  73  55  64   2   1   0 0.00  0.0    0  6.3 13 310   M    M   8 8      16 290
 4  72  56  64   2   1   0 0.00  0.0    0  6.5 16 300   M    M   8        19 190
 5  71  55  63   1   2   0 0.00  0.0    0  9.5 17 310   M    M   8        21 180
 6  61  54  58  -5   7   0 0.17  0.0    0  6.6 15 300   M    M   9 1      19 310
 7  65  54  60  -3   5   0 0.01  0.0    0  7.3 13 170   M    M   8        20 190
 8  71  56  64   1   1   0    T  0.0    0  6.7 17 310   M    M   8        21 310
 9  72  56  64   1   1   0    T  0.0    0  6.6 17 300   M    M   6        23 310
10  75  56  66   3   0   1 0.00  0.0    0  5.9 16 290   M    M   6        20 300
11  73  53  63   0   2   0 0.00  0.0    0  6.9 14 310   M    M   4 18     20 290
12  71  57  64   0   1   0 0.00  0.0    0  7.2 17 300   M    M   7 8      20 300
13  70  53  62  -2   3   0 0.00  0.0    0  8.3 18 310   M    M   7 8      22 290
14  74  51  63  -1   2   0 0.00  0.0    0  9.2 25 310   M    M   6        30 310
15  73  58  66   2   0   1 0.00  0.0    0  9.7 21 320   M    M   6        26 310
16  79  55  67   3   0   2 0.00  0.0    0  7.3 21 310   M    M   2 8      26 330
17  89  56  73   9   0   8 0.00  0.0    0  7.1 20 320   M    M   1        23 320
18  88  60  74  10   0   9 0.00  0.0    0  6.1 16 290   M    M   2        20 290
19  73  55  64   0   1   0 0.00  0.0    0  7.9 22 270   M    M   6        26 280
20  65  53  59  -5   6   0    T  0.0    0 12.0 20 240   M    M   5        27 250
21  63  52  58  -7   7   0 0.14  0.0    0  4.9 14 320   M    M   7        14 320
22  69  48  59  -6   6   0    T  0.0    0  7.9 22 320   M    M   6        26 290
23  70  50  60  -5   5   0 0.00  0.0    0  8.6 21 300   M    M   6        25 300
24  70  55  63  -2   2   0 0.00  0.0    0  8.9 23 310   M    M   7        28 320
25  72  56  64  -1   1   0 0.00  0.0    0  8.4 20 310   M    M   6        26 320
26  78  50  64  -1   1   0 0.00  0.0    0  7.5 21 320   M    M   1        25 310
27  80  53  67   2   0   2 0.00  0.0    0  8.7 20 290   M    M   2 1      23 290
28  87  60  74   8   0   9 0.00  0.0    0  6.8 18 310   M    M   5        25 330
29  83  55  69   3   0   4 0.00  0.0    0  8.0 20 300   M    M   1 8      23 300
================================================================================
SM 2145 1578        57  40  0.32     0.0 221.4          M      154
================================================================================
AV 74.0 54.4                               7.6 FASTST   M    M   5    MAX(MPH)
                                 MISC ---->  # 25 310               # 30  310
================================================================================
NOTES:
# LAST OF SEVERAL OCCURRENCES

COLUMN 17 PEAK WIND IN M.P.H.

PRELIMINARY LOCAL CLIMATOLOGICAL DATA (WS FORM: F-6) , PAGE 2

                                          STATION:  SAN JOSE AIRPORT
                                          MONTH:    MAY
                                          YEAR:     2016
                                          LATITUDE:   37 21 N
                                          LONGITUDE: 121 55 W

[TEMPERATURE DATA]      [PRECIPITATION DATA]       SYMBOLS USED IN COLUMN 16

AVERAGE MONTHLY: 64.2   TOTAL FOR MONTH:   0.32    1 = FOG OR MIST
DPTR FM NORMAL:   0.4   DPTR FM NORMAL:   -0.06    2 = FOG REDUCING VISIBILITY
HIGHEST:    89 ON 17    GRTST 24HR  0.17 ON  5- 6      TO 1/4 MILE OR LESS
LOWEST:     48 ON 22                               3 = THUNDER
                        SNOW, ICE PELLETS, HAIL    4 = ICE PELLETS
                        TOTAL MONTH:   0.0 INCH    5 = HAIL
                        GRTST 24HR     0.0         6 = FREEZING RAIN OR DRIZZLE
                        GRTST DEPTH:   0           7 = DUSTSTORM OR SANDSTORM:
                                                       VSBY 1/2 MILE OR LESS
                                                   8 = SMOKE OR HAZE
[NO. OF DAYS WITH]      [WEATHER - DAYS WITH]      9 = BLOWING SNOW
                                                   X = TORNADO
MAX 32 OR BELOW:   0    0.01 INCH OR MORE:   3
MAX 90 OR ABOVE:   0    0.10 INCH OR MORE:   2
MIN 32 OR BELOW:   0    0.50 INCH OR MORE:   0
MIN  0 OR BELOW:   0    1.00 INCH OR MORE:   0

[HDD (BASE 65) ]
TOTAL THIS MO.    57    CLEAR  (SCALE 0-3)   7
DPTR FM NORMAL   -22    PTCLDY (SCALE 4-7)  19
TOTAL FM JUL 1  1744    CLOUDY (SCALE 8-10)  3
DPTR FM NORMAL  -239

[CDD (BASE 65) ]
TOTAL THIS MO.    40
DPTR FM NORMAL    -7    [PRESSURE DATA]
TOTAL FM JAN 1    69    HIGHEST SLP 29.94 ON 17
DPTR FM NORMAL     3    LOWEST  SLP 29.78 ON 19

[REMARKS]
