000
CXUS56 KFGZ 210900
CF6SJN
PRELIMINARY LOCAL CLIMATOLOGICAL DATA (WS FORM: F-6)

                                          STATION:   SAINT JOHNS AZ AIRPORT
                                          MONTH:     SEPTEMBER
                                          YEAR:      2017
                                          LATITUDE:   34 31 N
                                          LONGITUDE: 109 23 W

  TEMPERATURE IN F:       :PCPN:    SNOW:  WIND      :SUNSHINE: SKY     :PK WND
================================================================================
1   2   3   4   5  6A  6B    7    8   9   10  11  12  13   14  15   16   17  18
                                     12Z  AVG MX 2MIN
DY MAX MIN AVG DEP HDD CDD  WTR  SNW DPTH SPD SPD DIR MIN PSBL S-S WX    SPD DR
================================================================================

 1  92  55  74   3   0   9 0.00    M    M  5.6 24 120   M    M   1        30 120
 2  92  55  74   3   0   9 0.00    M    M  5.5 20 240   M    M   1        26 240
 3  94  55  75   4   0  10 0.00  0.0    0  4.6 17 130   M    M   0        23  80
 4  96  62  79   8   0  14 0.00  0.0    0  7.1 40  30   M    M   0 8      50  20
 5  93  53  73   3   0   8 0.00    M    M  5.3 18 300   M    M   0        23 290
 6  91  54  73   3   0   8    T    M    M  5.8 24 200   M    M   1        33 170
 7  90  58  74   4   0   9 0.02    M    M  5.6 25 280   M    M   1 8      32 280
 8  87  56  72   2   0   7 0.02    M    M  6.1 21 300   M    M   2        27 310
 9  78  57  68  -2   0   3 0.14    M    M  4.4 18 130   M    M   5        25 140
10  88  51  70   1   0   5 0.00    M    M  3.0 13 330   M    M   2        15 100
11  91  52  72   3   0   7 0.00    M    M  4.7 17 240   M    M   1        22 250
12  91  57  74   5   0   9    T  0.0    0  6.7 20 270   M    M   1        24 280
13  90  57  74   5   0   9 0.00  0.0    0  7.7 28 320   M    M   1        39 310
14  86  57  72   4   0   7 0.10  0.0    0  8.9 39 250   M    M   2        52 240
15  81  52  67  -1   0   2 0.00  0.0    0 10.3 30 240   M    M   1        38 240
16  84  54  69   1   0   4 0.00  0.0    0  7.0 20 260   M    M   2        27  50
17  85  51  68   1   0   3 0.00  0.0    0  8.6 28 250   M    M   1        34 250
18  84  50  67   0   0   2 0.00  0.0    0  8.6 24 240   M    M   0        30 240
19  83  44  64  -3   1   0 0.00  0.0    0 12.8 33 250   M    M   0        40 250
20  85  42  64  -2   1   0 0.00    M    M  9.9 29 250   M    M   0        36 260
================================================================================
SM 1761 1072         2 125  0.28     0.0 138.2          M       22
================================================================================
AV 88.1 53.6                               6.9 FASTST   M    M   1    MAX(MPH)
                                 MISC ---->  # 40  30               # 52  240
================================================================================
NOTES:
# LAST OF SEVERAL OCCURRENCES

COLUMN 17 PEAK WIND IN M.P.H.

PRELIMINARY LOCAL CLIMATOLOGICAL DATA (WS FORM: F-6) , PAGE 2

                                          STATION:  SAINT JOHNS AZ AIRPORT
                                          MONTH:    SEPTEMBER
                                          YEAR:     2017
                                          LATITUDE:   34 31 N
                                          LONGITUDE: 109 23 W

[TEMPERATURE DATA]      [PRECIPITATION DATA]       SYMBOLS USED IN COLUMN 16

AVERAGE MONTHLY: 70.8   TOTAL FOR MONTH:   0.28    1 = FOG OR MIST
DPTR FM NORMAL:   1.8   DPTR FM NORMAL:   -0.79    2 = FOG REDUCING VISIBILITY
HIGHEST:    96 ON  4    GRTST 24HR  0.14 ON  9- 9      TO 1/4 MILE OR LESS
LOWEST:     42 ON 20                               3 = THUNDER
                        SNOW, ICE PELLETS, HAIL    4 = ICE PELLETS
                        TOTAL MONTH:   0.0 INCH    5 = HAIL
                        GRTST 24HR     0.0         6 = FREEZING RAIN OR DRIZZLE
                        GRTST DEPTH:   0           7 = DUSTSTORM OR SANDSTORM:
                                                       VSBY 1/2 MILE OR LESS
                                                   8 = SMOKE OR HAZE
[NO. OF DAYS WITH]      [WEATHER - DAYS WITH]      9 = BLOWING SNOW
                                                   X = TORNADO
MAX 32 OR BELOW:   0    0.01 INCH OR MORE:   4
MAX 90 OR ABOVE:  10    0.10 INCH OR MORE:   2
MIN 32 OR BELOW:   0    0.50 INCH OR MORE:   0
MIN  0 OR BELOW:   0    1.00 INCH OR MORE:   0

[HDD (BASE 65) ]
TOTAL THIS MO.     2    CLEAR  (SCALE 0-3)  19
DPTR FM NORMAL    -5    PTCLDY (SCALE 4-7)   1
TOTAL FM JUL 1     2    CLOUDY (SCALE 8-10)  0
DPTR FM NORMAL    -5

[CDD (BASE 65) ]
TOTAL THIS MO.   125
DPTR FM NORMAL    36    [PRESSURE DATA]
TOTAL FM JAN 1  1064    HIGHEST SLP M ON M
DPTR FM NORMAL   124    LOWEST  SLP 29.74 ON 14

[REMARKS]
