000
CXUS54 KSJT 290900
CF6SJT
PRELIMINARY LOCAL CLIMATOLOGICAL DATA (WS FORM: F-6)

                                          STATION:   SAN ANGELO
                                          MONTH:     MAY
                                          YEAR:      2015
                                          LATITUDE:   31 21 N
                                          LONGITUDE: 100 30 W

  TEMPERATURE IN F:       :PCPN:    SNOW:  WIND      :SUNSHINE: SKY     :PK WND
================================================================================
1   2   3   4   5  6A  6B    7    8   9   10  11  12  13   14  15   16   17  18
                                     12Z  AVG MX 2MIN
DY MAX MIN AVG DEP HDD CDD  WTR  SNW DPTH SPD SPD DIR MIN PSBL S-S WX    SPD DR
================================================================================

 1  87  44  66  -4   0   1 0.00  0.0    0  6.3 15 140   M    M   0        20 120
 2  86  54  70  -1   0   5 0.00  0.0    0  9.7 21 190   M    M   0        26 190
 3  86  60  73   2   0   8 0.00  0.0    0 11.5 21 180   M    M   1        29 190
 4  85  66  76   5   0  11    T  0.0    0 14.6 30 140   M    M   6        37 140
 5  78  67  73   1   0   8 0.29  0.0    0 14.0 26 170   M    M   8 13     36 160
 6  88  64  76   4   0  11 0.00  0.0    0 11.9 26 170   M    M   3        35 180
 7  91  73  82  10   0  17    T  0.0    0 12.1 23 170   M    M   5        31 170
 8  92  69  81   9   0  16 0.00  0.0    0 11.7 22 180   M    M   5        28 180
 9  98  75  87  14   0  22    T  0.0    0  9.9 21 200   M    M   4        27 190
10  86  60  73   0   0   8 1.20    T    0  6.0 41 290   M    M   4 135    55 280
11  73  63  68  -5   0   3 0.01  0.0    0 13.2 22  50   M    M   8 13     28  40
12  68  56  62 -12   3   0 0.01  0.0    0 10.2 20  50   M    M   8 13     26  40
13  81  64  73  -1   0   8 0.13  0.0    0 10.4 21 160   M    M   7 3      29 160
14  85  65  75   1   0  10 0.00  0.0    0  9.1 20 160   M    M   6        30 190
15  86  61  74   0   0   9 0.55  0.0    0 10.0 35 260   M    M   3 13     42 260
16  89  68  79   4   0  14 0.01  0.0    0 13.9 29 280   M    M   5 3      38 270
17  87  59  73  -2   0   8 0.00  0.0    0  5.4 12 260   M    M   1 3      13 150
18  91  63  77   2   0  12 4.01    T    0  9.6 46  20   M    M   4 135    57  40
19  86  63  75   0   0  10 0.52  0.0    0 10.4 26 160   M    M   5 13     39 170
20  84  58  71  -5   0   6    T  0.0    0  9.8 23  10   M    M   8 13     26  10
21  65  55  60 -16   5   0 0.00  0.0    0 11.9 20  50   M    M  10 1      25  50
22  81  61  71  -5   0   6    T  0.0    0  8.5 20 140   M    M   8 1      26 150
23  84  64  74  -2   0   9    T  0.0    0 12.0 24 180   M    M   3        33 190
24  84  63  74  -3   0   9 1.07  0.0    0  7.3 14 170   M    M   4 13     18 170
25  80  60  70  -7   0   5 0.04  0.0    0  8.6 28 280   M    M   2 3      38 290
26  91  61  76  -1   0  11    T  0.0    0 11.5 25 230   M    M   2 3      30 230
27  91  70  81   4   0  16 0.00  0.0    0  9.4 24 140   M    M   3 3      33 140
28  88  62  75  -2   0  10 0.96  0.0    0 10.8 41 330   M    M   6 13     54 330
================================================================================
SM 2371 1748         8 253  8.80    T    289.7          M      129
================================================================================
AV 84.7 62.4                              10.3 FASTST   M    M   5    MAX(MPH)
                                 MISC ---->  # 46  20               # 57   40
================================================================================
NOTES:
# LAST OF SEVERAL OCCURRENCES

COLUMN 17 PEAK WIND IN M.P.H.

PRELIMINARY LOCAL CLIMATOLOGICAL DATA (WS FORM: F-6) , PAGE 2

                                          STATION:  SAN ANGELO
                                          MONTH:    MAY
                                          YEAR:     2015
                                          LATITUDE:   31 21 N
                                          LONGITUDE: 100 30 W

[TEMPERATURE DATA]      [PRECIPITATION DATA]       SYMBOLS USED IN COLUMN 16

AVERAGE MONTHLY: 73.6   TOTAL FOR MONTH:   8.80    1 = FOG OR MIST
DPTR FM NORMAL:  -0.6   DPTR FM NORMAL:    6.31    2 = FOG REDUCING VISIBILITY
HIGHEST:    98 ON  9    GRTST 24HR  4.53 ON 18-19      TO 1/4 MILE OR LESS
LOWEST:     44 ON  1                               3 = THUNDER
                        SNOW, ICE PELLETS, HAIL    4 = ICE PELLETS
                        TOTAL MONTH:    T          5 = HAIL
                        GRTST 24HR    T  ON 18-18  6 = FREEZING RAIN OR DRIZZLE
                        GRTST DEPTH:   0           7 = DUSTSTORM OR SANDSTORM:
                                                       VSBY 1/2 MILE OR LESS
                                                   8 = SMOKE OR HAZE
[NO. OF DAYS WITH]      [WEATHER - DAYS WITH]      9 = BLOWING SNOW
                                                   X = TORNADO
MAX 32 OR BELOW:   0    0.01 INCH OR MORE:  12
MAX 90 OR ABOVE:   6    0.10 INCH OR MORE:   8
MIN 32 OR BELOW:   0    0.50 INCH OR MORE:   6
MIN  0 OR BELOW:   0    1.00 INCH OR MORE:   3

[HDD (BASE 65) ]
TOTAL THIS MO.     8    CLEAR  (SCALE 0-3)   9
DPTR FM NORMAL     0    PTCLDY (SCALE 4-7)  16
TOTAL FM JUL 1  2185    CLOUDY (SCALE 8-10)  3
DPTR FM NORMAL  -129

[CDD (BASE 65) ]
TOTAL THIS MO.   253
DPTR FM NORMAL   -13    [PRESSURE DATA]
TOTAL FM JAN 1   449    HIGHEST SLP M ON M
DPTR FM NORMAL    27    LOWEST  SLP 29.58 ON 16

[REMARKS]
