000
CXUS53 KICT 300800
CF6SLN
PRELIMINARY LOCAL CLIMATOLOGICAL DATA (WS FORM: F-6)

                                          STATION:   SALINA KS
                                          MONTH:     JUNE
                                          YEAR:      2015
                                          LATITUDE:   38 47 N
                                          LONGITUDE:  97 39 W

  TEMPERATURE IN F:       :PCPN:    SNOW:  WIND      :SUNSHINE: SKY     :PK WND
================================================================================
1   2   3   4   5  6A  6B    7    8   9   10  11  12  13   14  15   16   17  18
                                     12Z  AVG MX 2MIN
DY MAX MIN AVG DEP HDD CDD  WTR  SNW DPTH SPD SPD DIR MIN PSBL S-S WX    SPD DR
================================================================================

 1  77  56  67  -4   0   2    T    M    M 11.2 17 130   M    M   8        24 140
 2  89  61  75   4   0  10 0.00    M    M 14.1 24 160   M    M   3        30 170
 3  88  67  78   7   0  13 0.00    M    M 12.4 24  20   M    M   4        35  20
 4  91  72  82  10   0  17 0.00    M    M 14.8 28 170   M    M   3 3      36 120
 5  84  62  73   1   0   8 3.30    M    M 11.8 39  40   M    M   4 13     45  40
 6  90  70  80   8   0  15 0.00    M    M 10.7 21 160   M    M   0        24 170
 7  93  69  81   8   0  16 0.00    M    M 10.9 40 350   M    M   0 3      49 340
 8  91  63  77   4   0  12 0.00    M    M  6.5 17 330   M    M   0        23 300
 9  97  65  81   7   0  16 0.00    M    M  5.8 14 210   M    M   0        17 230
10  98  70  84  10   0  19 0.00    M    M 11.0 22 200   M    M   0 3      27 170
11  97  67  82   8   0  17 0.20    M    M 15.9 31 310   M    M   5 13     37 310
12  73  64  69  -6   0   4 0.48    M    M  6.7 16  20   M    M   7 13     20 360
13  81  66  74  -1   0   9    T    M    M  5.6 14 160   M    M   6 1      17 160
14  84  69  77   2   0  12 0.52    M    M  7.9 32 170   M    M   7 13     38 160
15  82  67  75  -1   0  10 0.00    M    M 10.4 22  30   M    M   5 1      26  20
16  80  65  73  -3   0   8 0.00    M    M  6.8 14 100   M    M   4        17  90
17  89  64  77   1   0  12 0.00    M    M  6.8 16 160   M    M   1 1      22 150
18  81  70  76  -1   0  11 0.00    M    M  9.4 37 340   M    M   2 1      45 340
19  90  64  77   0   0  12 0.00    M    M  8.2 17 130   M    M   1        21 140
20 103  74  89  12   0  24 0.00    M    M 16.3 29 220   M    M   0        36 220
21  98  73  86   8   0  21 0.00    M    M 13.0 26 160   M    M   0        38 160
22 104  77  91  13   0  26 0.00    M    M 19.0 29 200   M    M   1        37 190
23  95  74  85   7   0  20 0.00    M    M 11.2 24  70   M    M   2        33  80
24 102  77  90  12   0  25 0.00    M    M 17.6 28 190   M    M   0        36 220
25 103  75  89  10   0  24    T    M    M 11.0 25 350   M    M   1        33 350
26  90  70  80   1   0  15    T    M    M 12.0 23 360   M    M   5 3      29 360
27  90  63  77  -2   0  12 0.00    M    M  4.9 13  10   M    M   1        18  10
28  99  66  83   4   0  18 0.00    M    M 11.9 23 320   M    M   0        28 330
29  93  62  78  -2   0  13 0.00    M    M  5.6 14 300   M    M   0 8      17 310
================================================================================
SM 2632 1962         0 421  4.50    M    309.4          M       70
================================================================================
AV 90.8 67.7                              10.7 FASTST   M    M   2    MAX(MPH)
                                 MISC ---->  # 40 350               # 49  340
================================================================================
NOTES:
# LAST OF SEVERAL OCCURRENCES

COLUMN 17 PEAK WIND IN M.P.H.

PRELIMINARY LOCAL CLIMATOLOGICAL DATA (WS FORM: F-6) , PAGE 2

                                          STATION:  SALINA KS
                                          MONTH:    JUNE
                                          YEAR:     2015
                                          LATITUDE:   38 47 N
                                          LONGITUDE:  97 39 W

[TEMPERATURE DATA]      [PRECIPITATION DATA]       SYMBOLS USED IN COLUMN 16

AVERAGE MONTHLY: 79.2   TOTAL FOR MONTH:   4.50    1 = FOG OR MIST
DPTR FM NORMAL:   3.7   DPTR FM NORMAL:    0.51    2 = FOG REDUCING VISIBILITY
HIGHEST:   104 ON 22    GRTST 24HR  3.30 ON  5- 5      TO 1/4 MILE OR LESS
LOWEST:     56 ON  1                               3 = THUNDER
                        SNOW, ICE PELLETS, HAIL    4 = ICE PELLETS
                        TOTAL MONTH:    M          5 = HAIL
                        GRTST 24HR    M  ON   M    6 = FREEZING RAIN OR DRIZZLE
                        GRTST DEPTH:  M  ON   M    7 = DUSTSTORM OR SANDSTORM:
                                                       VSBY 1/2 MILE OR LESS
                                                   8 = SMOKE OR HAZE
[NO. OF DAYS WITH]      [WEATHER - DAYS WITH]      9 = BLOWING SNOW
                                                   X = TORNADO
MAX 32 OR BELOW:   0    0.01 INCH OR MORE:   4
MAX 90 OR ABOVE:  18    0.10 INCH OR MORE:   4
MIN 32 OR BELOW:   0    0.50 INCH OR MORE:   2
MIN  0 OR BELOW:   0    1.00 INCH OR MORE:   1

[HDD (BASE 65) ]
TOTAL THIS MO.     0    CLEAR  (SCALE 0-3)  18
DPTR FM NORMAL    -5    PTCLDY (SCALE 4-7)  11
TOTAL FM JUL 1  4660    CLOUDY (SCALE 8-10)  0
DPTR FM NORMAL  -209

[CDD (BASE 65) ]
TOTAL THIS MO.   421
DPTR FM NORMAL   110    [PRESSURE DATA]
TOTAL FM JAN 1   511    HIGHEST SLP M ON M
DPTR FM NORMAL    72    LOWEST  SLP 29.59 ON 11

[REMARKS]
