000
CXUS53 KICT 160800
CF6SLN
PRELIMINARY LOCAL CLIMATOLOGICAL DATA (WS FORM: F-6)

                                          STATION:   SALINA KS
                                          MONTH:     JANUARY
                                          YEAR:      2018
                                          LATITUDE:   38 47 N
                                          LONGITUDE:  97 39 W

  TEMPERATURE IN F:       :PCPN:    SNOW:  WIND      :SUNSHINE: SKY     :PK WND
================================================================================
1   2   3   4   5  6A  6B    7    8   9   10  11  12  13   14  15   16   17  18
                                     12Z  AVG MX 2MIN
DY MAX MIN AVG DEP HDD CDD  WTR  SNW DPTH SPD SPD DIR MIN PSBL S-S WX    SPD DR
================================================================================

 1  14  -5   5 -26  60   0 0.00    M    M  5.0 12 360   M    M   0        13  10
 2  29   1  15 -16  50   0 0.00    M    M  7.2 16 230   M    M   1        20 230
 3  35  15  25  -6  40   0 0.00    M    M  8.0 16 360   M    M   2        21 320
 4  42  11  27  -4  38   0 0.00    M    M  6.4 18 190   M    M   0        22 200
 5  32  17  25  -6  40   0 0.00    M    M  7.8 13  10   M    M   0 8      16  80
 6  39  13  26  -5  39   0 0.00    M    M  8.3 15 110   M    M   0        19 130
 7  51  28  40   9  25   0 0.00    M    M  8.2 24 350   M    M   4        29 350
 8  58  20  39   8  26   0 0.00    M    M  5.8 12 170   M    M   0 1      14 160
 9  61  35  48  17  17   0 0.00    M    M 15.4 28 200   M    M   0        35 170
10  60  41  51  20  14   0 0.00    M    M 19.0 29 190   M    M   1 18     43 190
11  51   6  29  -2  36   0 0.08    M    M 20.9 40 350   M    M   5 128    47 340
12  16   1   9 -22  56   0 0.00    M    M  9.9 16  10   M    M   4        19  10
13  21  14  18 -13  47   0 0.00    M    M  5.5 15 360   M    M  10        17 350
14  42  21  32   1  33   0 0.02    M    0  8.5 22  10   M    M   7 18     27  20
15  37   4  21 -10  44   0 0.03    M    M 18.2 31 360   M    M   5 189    36 350
================================================================================
SM  588  222       565   0  0.13    M    154.1          M       39
================================================================================
AV 39.2 14.8                              10.3 FASTST   M    M   3    MAX(MPH)
                                 MISC ---->  # 40 350               # 47  340
================================================================================
NOTES:
# LAST OF SEVERAL OCCURRENCES

COLUMN 17 PEAK WIND IN M.P.H.

PRELIMINARY LOCAL CLIMATOLOGICAL DATA (WS FORM: F-6) , PAGE 2

                                          STATION:  SALINA KS
                                          MONTH:    JANUARY
                                          YEAR:     2018
                                          LATITUDE:   38 47 N
                                          LONGITUDE:  97 39 W

[TEMPERATURE DATA]      [PRECIPITATION DATA]       SYMBOLS USED IN COLUMN 16

AVERAGE MONTHLY: 27.0   TOTAL FOR MONTH:   0.13    1 = FOG OR MIST
DPTR FM NORMAL:  -4.0   DPTR FM NORMAL:   -0.11    2 = FOG REDUCING VISIBILITY
HIGHEST:    61 ON  9    GRTST 24HR  0.08 ON 11-11      TO 1/4 MILE OR LESS
LOWEST:     -5 ON  1                               3 = THUNDER
                        SNOW, ICE PELLETS, HAIL    4 = ICE PELLETS
                        TOTAL MONTH:    M          5 = HAIL
                        GRTST 24HR    M  ON   M    6 = FREEZING RAIN OR DRIZZLE
                        GRTST DEPTH:   0           7 = DUSTSTORM OR SANDSTORM:
                                                       VSBY 1/2 MILE OR LESS
                                                   8 = SMOKE OR HAZE
[NO. OF DAYS WITH]      [WEATHER - DAYS WITH]      9 = BLOWING SNOW
                                                   X = TORNADO
MAX 32 OR BELOW:   5    0.01 INCH OR MORE:   3
MAX 90 OR ABOVE:   0    0.10 INCH OR MORE:   0
MIN 32 OR BELOW:  13    0.50 INCH OR MORE:   0
MIN  0 OR BELOW:   1    1.00 INCH OR MORE:   0

[HDD (BASE 65) ]
TOTAL THIS MO.   565    CLEAR  (SCALE 0-3)   9
DPTR FM NORMAL    55    PTCLDY (SCALE 4-7)   5
TOTAL FM JUL 1  2254    CLOUDY (SCALE 8-10)  1
DPTR FM NORMAL  -220

[CDD (BASE 65) ]
TOTAL THIS MO.     0
DPTR FM NORMAL     0    [PRESSURE DATA]
TOTAL FM JAN 1     0    HIGHEST SLP M ON M
DPTR FM NORMAL     0    LOWEST  SLP 29.48 ON 10

[REMARKS]
