479
CXUS56 KSGX 271545
CF6SNA
PRELIMINARY LOCAL CLIMATOLOGICAL DATA (WS FORM: F-6)

                                          STATION:   JOHN WAYNE AIRPORT CA
                                          MONTH:     AUGUST
                                          YEAR:      2016
                                          LATITUDE:   33 40 N
                                          LONGITUDE: 117 53 W

  TEMPERATURE IN F:       :PCPN:    SNOW:  WIND      :SUNSHINE: SKY     :PK WND
================================================================================
1   2   3   4   5  6A  6B    7    8   9   10  11  12  13   14  15   16   17  18
                                     12Z  AVG MX 2MIN
DY MAX MIN AVG DEP HDD CDD  WTR  SNW DPTH SPD SPD DIR MIN PSBL S-S WX    SPD DR
================================================================================

 1  81  69  75   3   0  10 0.00  0.0    0  5.2 14 210   M    M   1        20 210
 2  81  68  75   3   0  10 0.00  0.0    0  4.7 13 220   M    M   4        20 220
 3  79  68  74   2   0   9 0.00  0.0    0  6.3 15 200   M    M   6        20 190
 4  79  67  73   1   0   8 0.00  0.0    0  6.0 13 200   M    M   5        17 230
 5  77  67  72   0   0   7 0.00  0.0    0  6.5 13 220   M    M   5 1      17 220
 6  78  67  73   1   0   8 0.00  0.0    0  5.0 13 200   M    M   7 1      18 210
 7  78  67  73   1   0   8 0.00  0.0    0  5.4 13 200   M    M   6        20 240
 8  76  67  72   0   0   7 0.00  0.0    0  7.2 14 200   M    M   9        18 200
 9  76  66  71  -1   0   6 0.00  0.0    0  7.1 15 210   M    M   6 1      20 220
10  78  63  71  -1   0   6 0.00  0.0    0  5.3 13 220   M    M   4 8      20 240
11  77  67  72   0   0   7 0.00  0.0    0  5.3 13 220   M    M   4        23 210
12  79  67  73   0   0   8 0.00  0.0    0  4.6 13 210   M    M   3        17 230
13  84  67  76   3   0  11 0.00  0.0    0  3.8 12 220   M    M   1        16 220
14  86  65  76   3   0  11 0.00  0.0    0  5.3 13 210   M    M   1        16 220
15  90  65  78   5   0  13 0.00  0.0    0  5.3 13 220   M    M   1 1      17 210
16  86  65  76   3   0  11 0.00  0.0    0  4.0 15 210   M    M   1        19 210
17  84  63  74   1   0   9 0.00  0.0    0  4.5 12 220   M    M   1 18     16 220
18  80  63  72  -1   0   7 0.00  0.0    0  5.0 12 230   M    M   3        14 250
19  81  64  73   0   0   8 0.00  0.0    0  3.8 10 230   M    M   2 8      14 200
20  79  66  73   0   0   8 0.00  0.0    0  4.5 12 220   M    M   4        17 210
21  80  65  73   0   0   8 0.00  0.0    0  5.2 12 220   M    M   1        18 230
22  79  65  72  -1   0   7 0.00  0.0    0  5.5 14 210   M    M   2 18     18 220
23  79  65  72  -1   0   7 0.00  0.0    0  4.9 14 200   M    M   3        18 220
24  81  66  74   1   0   9 0.00  0.0    0  4.8 12 210   M    M   1        15 220
25  76  66  71  -2   0   6 0.00  0.0    0  6.7 16 220   M    M   5        22 220
26  76  65  71  -2   0   6 0.00  0.0    0  6.3 17 210   M    M   5        22 230
================================================================================
SM 2080 1713         0 215  0.00     0.0 138.2          M       91
================================================================================
AV 80.0 65.9                               5.3 FASTST   M    M   4    MAX(MPH)
                                 MISC ---->  # 17 210               # 23  210
================================================================================
NOTES:
# LAST OF SEVERAL OCCURRENCES

COLUMN 17 PEAK WIND IN M.P.H.

PRELIMINARY LOCAL CLIMATOLOGICAL DATA (WS FORM: F-6) , PAGE 2

                                          STATION:  JOHN WAYNE AIRPORT CA
                                          MONTH:    AUGUST
                                          YEAR:     2016
                                          LATITUDE:   33 40 N
                                          LONGITUDE: 117 53 W

[TEMPERATURE DATA]      [PRECIPITATION DATA]       SYMBOLS USED IN COLUMN 16

AVERAGE MONTHLY: 72.9   TOTAL FOR MONTH:   0.00    1 = FOG OR MIST
DPTR FM NORMAL:   0.4   DPTR FM NORMAL:   -0.03    2 = FOG REDUCING VISIBILITY
HIGHEST:    90 ON 15    GRTST 24HR  0.00 ON 26-26      TO 1/4 MILE OR LESS
LOWEST:     63 ON 18,17                            3 = THUNDER
                        SNOW, ICE PELLETS, HAIL    4 = ICE PELLETS
                        TOTAL MONTH:   0.0 INCH    5 = HAIL
                        GRTST 24HR     0.0         6 = FREEZING RAIN OR DRIZZLE
                        GRTST DEPTH:   0           7 = DUSTSTORM OR SANDSTORM:
                                                       VSBY 1/2 MILE OR LESS
                                                   8 = SMOKE OR HAZE
[NO. OF DAYS WITH]      [WEATHER - DAYS WITH]      9 = BLOWING SNOW
                                                   X = TORNADO
MAX 32 OR BELOW:   0    0.01 INCH OR MORE:   0
MAX 90 OR ABOVE:   1    0.10 INCH OR MORE:   0
MIN 32 OR BELOW:   0    0.50 INCH OR MORE:   0
MIN  0 OR BELOW:   0    1.00 INCH OR MORE:   0

[HDD (BASE 65) ]
TOTAL THIS MO.     0    CLEAR  (SCALE 0-3)  12
DPTR FM NORMAL     0    PTCLDY (SCALE 4-7)  13
TOTAL FM JUL 1     0    CLOUDY (SCALE 8-10)  1
DPTR FM NORMAL     0

[CDD (BASE 65) ]
TOTAL THIS MO.   215
DPTR FM NORMAL    16    [PRESSURE DATA]
TOTAL FM JAN 1   732    HIGHEST SLP M ON M
DPTR FM NORMAL   199    LOWEST  SLP 29.76 ON  7

[REMARKS]
