000
CXUS54 KMAF 281100
CF6SNK
PRELIMINARY LOCAL CLIMATOLOGICAL DATA (WS FORM: F-6)

                                          STATION:   Snyder Winston Field
                                          MONTH:     DECEMBER
                                          YEAR:      2014
                                          LATITUDE:   32 41 N
                                          LONGITUDE: 100 57 W

  TEMPERATURE IN F:       :PCPN:    SNOW:  WIND      :SUNSHINE: SKY     :PK WND
================================================================================
1   2   3   4   5  6A  6B    7    8   9   10  11  12  13   14  15   16   17  18
                                     12Z  AVG MX 2MIN
DY MAX MIN AVG DEP HDD CDD  WTR  SNW DPTH SPD SPD DIR MIN PSBL S-S WX    SPD DR
================================================================================

 1  39  22  31   M  34   0 0.00  0.0    0 11.9 22  30   M    M   5        30  10
 2  55  30  43   M  22   0 0.00  0.0    0  7.7 14 160   M    M   5        17 170
 3  64  42  53   M  12   0 0.00  0.0    0  7.6 12  20   M    M   1 1       M  M
 4  62  44  53   M  12   0 0.00  0.0    0  7.7 16 180   M    M   8 1      22 180
 5  70  44  57   M   8   0 0.00  0.0    0  9.0 15 320   M    M   2 12     24 320
 6  60  41  51   M  14   0 0.00  0.0    0  8.7 13  50   M    M   1 1       M  M
 7  51  44  48   M  17   0 0.01    M    0  3.9  9  70   M    M   9 1       M  M
 8  65  43  54   M  11   0 0.00  0.0    0  4.8  8  90   M    M   2 12      M  M
 9  63  41  52   M  13   0 0.00  0.0    0  3.7  8 240   M    M   1 1       M  M
10  58  50  54   M  11   0 0.00  0.0    0  8.0 13 210   M    M  10         M  M
11  58  53  56   M   9   0 0.00  0.0    0  3.1  6 160   M    M  10 1       M  M
12  69  53  61   M   4   0 0.00  0.0    0  8.1 13 160   M    M   6 1      18 190
13  71  53  62   M   3   0 0.00  0.0    0 13.7 18 170   M    M   5        25 170
14  67  48  58   M   7   0 0.00  0.0    0 19.2 30 230   M    M   5        38 230
15  58  42  50   M  15   0 0.00  0.0    0  9.4 16 300   M    M   0 8      17 310
16  52  35  44   M  21   0 0.00  0.0    0  9.4 15  30   M    M   4 8      17  30
17  53  42  48   M  17   0 0.00  0.0    0  8.8 15 160   M    M   7 1      20 160
18  60  35  48   M  17   0 0.00  0.0    0  7.0 16  60   M    M   2 12     23  60
19  43  38  41   M  24   0 0.00  0.0    0  4.0 16  50   M    M  10        22  50
20  50  40  45   M  20   0 0.00  0.0    0  4.8 12 140   M    M  10         M  M
21  66  42  54   M  11   0 0.00  0.0    0 11.7 20 220   M    M   4        27 220
22  59  41  50   M  15   0 0.08    M    0 10.9 18  10   M    M   1        23 360
23  47  37  42   M  23   0 0.34    M    0 14.5 32 340   M    M   9        39 340
24  48  32  40   M  25   0 0.00  0.0    0 12.9 24 340   M    M   1        30 340
25  59  32  46   M  19   0 0.00  0.0    0 14.3 27 190   M    M   0        32 190
26  68  42  55   M  10   0 0.00  0.0    0 11.3 20 330   M    M   0        21 200
27  42  28  35   M  30   0 0.00  0.0    0 12.1 18 360   M    M   7        24  20
================================================================================
SM 1557 1094       424   0  0.43     0.0 248.2          M      125
================================================================================
AV 57.7 40.5                               9.2 FASTST   M    M   5    MAX(MPH)
                                 MISC ---->    32   M                 39    M
================================================================================
NOTES:
# LAST OF SEVERAL OCCURRENCES

COLUMN 17 PEAK WIND IN M.P.H.

PRELIMINARY LOCAL CLIMATOLOGICAL DATA (WS FORM: F-6) , PAGE 2

                                          STATION:  Snyder Winston Field
                                          MONTH:    DECEMBER
                                          YEAR:     2014
                                          LATITUDE:   32 41 N
                                          LONGITUDE: 100 57 W

[TEMPERATURE DATA]      [PRECIPITATION DATA]       SYMBOLS USED IN COLUMN 16

AVERAGE MONTHLY: 49.1   TOTAL FOR MONTH:   0.43    1 = FOG OR MIST
DPTR FM NORMAL:     M   DPTR FM NORMAL:       M    2 = FOG REDUCING VISIBILITY
HIGHEST:    71 ON 13    GRTST 24HR  0.34 ON 23-23      TO 1/4 MILE OR LESS
LOWEST:     22 ON  1                               3 = THUNDER
                        SNOW, ICE PELLETS, HAIL    4 = ICE PELLETS
                        TOTAL MONTH:   0.0 INCH    5 = HAIL
                        GRTST 24HR     0.0         6 = FREEZING RAIN OR DRIZZLE
                        GRTST DEPTH:   0           7 = DUSTSTORM OR SANDSTORM:
                                                       VSBY 1/2 MILE OR LESS
                                                   8 = SMOKE OR HAZE
[NO. OF DAYS WITH]      [WEATHER - DAYS WITH]      9 = BLOWING SNOW
                                                   X = TORNADO
MAX 32 OR BELOW:   0    0.01 INCH OR MORE:   3
MAX 90 OR ABOVE:   0    0.10 INCH OR MORE:   1
MIN 32 OR BELOW:   5    0.50 INCH OR MORE:   0
MIN  0 OR BELOW:   0    1.00 INCH OR MORE:   0

[HDD (BASE 65) ]
TOTAL THIS MO.   424    CLEAR  (SCALE 0-3)  11
DPTR FM NORMAL     M    PTCLDY (SCALE 4-7)  10
TOTAL FM JUL 1   976    CLOUDY (SCALE 8-10)  6
DPTR FM NORMAL     M

[CDD (BASE 65) ]
TOTAL THIS MO.     0
DPTR FM NORMAL     M    [PRESSURE DATA]
TOTAL FM JAN 1  2250    HIGHEST SLP M ON M
DPTR FM NORMAL     M    LOWEST  SLP M ON M

[REMARKS]
