000
CXUS55 KPIH 241200
CF6SNT

PRELIMINARY LOCAL CLIMATOLOGICAL DATA (WS FORM: F-6)

                                          STATION:   STANLEY_ID
                                          MONTH:     SEPTEMBER
                                          YEAR:      2017
                                          LATITUDE:   44 10 N
                                          LONGITUDE: 114 56 W

  TEMPERATURE IN F:       :PCPN:    SNOW:  WIND      :SUNSHINE: SKY     :PK WND
================================================================================
1   2   3   4   5  6A  6B    7    8   9   10  11  12  13   14  15   16   17  18
                                     12Z  AVG MX 2MIN
DY MAX MIN AVG DEP HDD CDD  WTR  SNW DPTH SPD SPD DIR MIN PSBL S-S WX    SPD DR
================================================================================

 1  87  34  61   9   4   0 0.00    M    M  3.3 13 330   M    M   0        18 340
 2  90  36  63  12   2   0 0.00    M    M  2.6 13 310   M    M   0        18 310
 3  93  37  65  14   0   0 0.00    M    M  3.9 13 340   M    M   0        18 320
 4  91  39  65  14   0   0 0.00    M    M  2.8 14 350   M    M   0        22  10
 5  88  35  62  12   3   0 0.00    M    M  3.2  9 330   M    M   0        15 320
 6  88  36  62  12   3   0 0.00    M    M  2.3  8 340   M    M   0        12  10
 7  85  38  62  12   3   0 0.00    M    M  2.8 14 160   M    M   0        20 160
 8  81  42  62  12   3   0 0.08    M    M  3.4 16 130   M    M   0        24 220
 9  80  43  62  13   3   0 0.05    M    M  3.3 15 280   M    M   0        23 270
10  79  43  61  12   4   0 0.00    M    M  2.6 12 300   M    M   0        15 330
11  85  35  60  11   5   0 0.00    M    M  3.0 13 340   M    M   0        19 340
12  83  35  59  11   6   0 0.04    M    M  3.8 14 220   M    M   0        20 210
13  76  44  60  12   5   0 0.00    M    M  3.9 15 310   M    M   0        25 300
14  64  37  51   3  14   0 0.01    M    M  2.8 13  90   M    M   0        16  90
15  49  34  42  -6  23   0 0.06    M    M  4.4 12 320   M    M   0        19 310
16  58  33  46  -2  19   0 0.00    M    M  2.7 12  10   M    M   0        15  10
17  63  26  45  -2  20   0 0.00    M    M  4.3 14 200   M    M   0        20 260
18  50  35  43  -4  22   0 0.86    M    M  3.0 12  20   M    M   0        20 240
19  40  33  37 -10  28   0 0.28    M    M  4.0 14 170   M    M   0        20 130
20  43  33  38  -8  27   0 0.58    M    M  5.3 14 150   M    M   0        22 190
21  39  33  36 -10  29   0 0.11    M    M  2.2  8 340   M    M   0        10 300
22  47  29  38  -8  27   0 0.17    M    M  1.8  8  30   M    M   0        11  40
23  50  27  39  -7  26   0 0.00    M    M  2.3 12 350   M    M   0        16 350
================================================================================
SM 1609  817       276   0  2.24    M     73.7          M        0
================================================================================
AV 70.0 35.5                               3.2 FASTST   M    M   0    MAX(MPH)
                                 MISC ---->  # 16 130               # 25  300
================================================================================
NOTES:
# LAST OF SEVERAL OCCURRENCES
PRECIPITATION SUSPECT DURING FREEZING/FROZEN EVENTS

COLUMN 17 PEAK WIND IN M.P.H.

PRELIMINARY LOCAL CLIMATOLOGICAL DATA (WS FORM: F-6) , PAGE 2

                                          STATION:  STANLEY_ID
                                          MONTH:    SEPTEMBER
                                          YEAR:     2017
                                          LATITUDE:   44 10 N
                                          LONGITUDE: 114 56 W

[TEMPERATURE DATA]      [PRECIPITATION DATA]       SYMBOLS USED IN COLUMN 16

AVERAGE MONTHLY: 52.7   TOTAL FOR MONTH:   2.24    1 = FOG OR MIST
DPTR FM NORMAL:   4.2   DPTR FM NORMAL:    1.49    2 = FOG REDUCING VISIBILITY
HIGHEST:    93 ON  3    GRTST 24HR  0.86 ON 18-18      TO 1/4 MILE OR LESS
LOWEST:     26 ON 17                               3 = THUNDER
                        SNOW, ICE PELLETS, HAIL    4 = ICE PELLETS
                        TOTAL MONTH:    M          5 = HAIL
                        GRTST 24HR    M  ON   M    6 = FREEZING RAIN OR DRIZZLE
                        GRTST DEPTH:  M  ON   M    7 = DUSTSTORM OR SANDSTORM:
                                                       VSBY 1/2 MILE OR LESS
                                                   8 = SMOKE OR HAZE
[NO. OF DAYS WITH]      [WEATHER - DAYS WITH]      9 = BLOWING SNOW
                                                   X = TORNADO
MAX 32 OR BELOW:   0    0.01 INCH OR MORE:  10
MAX 90 OR ABOVE:   3    0.10 INCH OR MORE:   5
MIN 32 OR BELOW:   3    0.50 INCH OR MORE:   2
MIN  0 OR BELOW:   0    1.00 INCH OR MORE:   0

[HDD (BASE 65) ]
TOTAL THIS MO.   276    CLEAR  (SCALE 0-3)  23
DPTR FM NORMAL  -102    PTCLDY (SCALE 4-7)   0
TOTAL FM JUL 1   491    CLOUDY (SCALE 8-10)  0
DPTR FM NORMAL  -407

[CDD (BASE 65) ]
TOTAL THIS MO.     0
DPTR FM NORMAL     0    [PRESSURE DATA]
TOTAL FM JAN 1    25    HIGHEST SLP M ON M
DPTR FM NORMAL    22    LOWEST  SLP 29.56 ON 18

[REMARKS]
