000
CXUS55 KPIH 291200
CF6SNT

PRELIMINARY LOCAL CLIMATOLOGICAL DATA (WS FORM: F-6)

                                          STATION:   STANLEY_ID
                                          MONTH:     JULY
                                          YEAR:      2014
                                          LATITUDE:   44 10 N
                                          LONGITUDE: 114 56 W

  TEMPERATURE IN F:       :PCPN:    SNOW:  WIND      :SUNSHINE: SKY     :PK WND
================================================================================
1   2   3   4   5  6A  6B    7    8   9   10  11  12  13   14  15   16   17  18
                                     12Z  AVG MX 2MIN
DY MAX MIN AVG DEP HDD CDD  WTR  SNW DPTH SPD SPD DIR MIN PSBL S-S WX    SPD DR
================================================================================

 1  83  30  57   3   8   0 0.00    M    M  3.0 10 330   M    M   0        14 350
 2  86  35  61   7   4   0 0.00    M    M  4.1 24 220   M    M   0        34 230
 3  83  38  61   7   4   0 0.00    M    M  3.6 15 180   M    M   0        20 180
 4  86  37  62   7   3   0 0.00    M    M  4.3 20 210   M    M   0        34 190
 5  83  41  62   7   3   0 0.00    M    M  4.3 15 300   M    M   0        20 340
 6  87  38  63   8   2   0 0.00    M    M  4.1 15 340   M    M   0        22 340
 7  87  38  63   7   2   0 0.00    M    M  3.8 15 280   M    M   0        22 290
 8  88  40  64   8   1   0 0.00    M    M  3.6 12 320   M    M   0        16 310
 9  82  40  61   5   4   0 0.00    M    M  4.8 17 340   M    M   0        26 330
10  83  40  62   6   3   0 0.00    M    M  4.2 13 290   M    M   0        19 330
11  88  38  63   6   2   0 0.00    M    M  3.5 13 340   M    M   0        19 310
12  86  52  69  12   0   4 0.00    M    M  3.5 13 290   M    M   0        19 280
13  89  41  65   8   0   0 0.00    M    M  2.9 10 360   M    M   0        16 340
14  93  49  71  13   0   6 0.00    M    M  4.9 20 230   M    M   0        30 220
15  83  43  63   5   2   0 0.00    M    M  5.6 16 330   M    M   0        21 350
16  83  41  62   4   3   0 0.00    M    M  3.2 13 300   M    M   0        17 290
17  83  42  63   5   2   0 0.00    M    M  4.0 16 310   M    M   0        23 300
18  83  38  61   3   4   0 0.00    M    M  3.8 14 320   M    M   0        21 330
19  82  35  59   1   6   0 0.00    M    M  5.3 16 330   M    M   0        23 320
20  83  38  61   3   4   0 0.08    M    M  4.8 17 200   M    M   0        26 190
21  67  53  60   1   5   0 0.03    M    M  4.7 16 150   M    M   0        22 160
22  80  42  61   2   4   0 0.00    M    M  4.7 17 180   M    M   0        25 170
23  83  44  64   5   1   0 0.07    M    M  3.7 20 210   M    M   0        30 210
24  72  37  55  -4  10   0 0.00    M    M  5.3 17 310   M    M   0        30 320
25  77  25  51  -8  14   0 0.00    M    M  4.8 14 280   M    M   0        23 170
26  82  27  55  -4  10   0 0.00    M    M  4.5 14 290   M    M   0        21 300
27  88  30  59   0   6   0 0.00    M    M  3.0 12  10   M    M   0        15 360
28  82  50  66   7   0   1 0.01    M    M  4.0 15 290   M    M   0        25 300
================================================================================
SM 2332 1102       107  11  0.19    M    116.0          M        0
================================================================================
AV 83.3 39.4                               4.1 FASTST   M    M   0    MAX(MPH)
                                 MISC ---->  # 24 220               # 34  230
================================================================================
NOTES:
# LAST OF SEVERAL OCCURRENCES

COLUMN 17 PEAK WIND IN M.P.H.

PRELIMINARY LOCAL CLIMATOLOGICAL DATA (WS FORM: F-6) , PAGE 2

                                          STATION:  STANLEY_ID
                                          MONTH:    JULY
                                          YEAR:     2014
                                          LATITUDE:   44 10 N
                                          LONGITUDE: 114 56 W

[TEMPERATURE DATA]      [PRECIPITATION DATA]       SYMBOLS USED IN COLUMN 16

AVERAGE MONTHLY: 61.3   TOTAL FOR MONTH:   0.19    1 = FOG OR MIST
DPTR FM NORMAL:   4.2   DPTR FM NORMAL:   -0.44    2 = FOG REDUCING VISIBILITY
HIGHEST:    93 ON 14    GRTST 24HR  0.11 ON 20-21      TO 1/4 MILE OR LESS
LOWEST:     25 ON 25                               3 = THUNDER
                        SNOW, ICE PELLETS, HAIL    4 = ICE PELLETS
                        TOTAL MONTH:    M          5 = HAIL
                        GRTST 24HR    M  ON   M    6 = FREEZING RAIN OR DRIZZLE
                        GRTST DEPTH:  M  ON   M    7 = DUSTSTORM OR SANDSTORM:
                                                       VSBY 1/2 MILE OR LESS
                                                   8 = SMOKE OR HAZE
[NO. OF DAYS WITH]      [WEATHER - DAYS WITH]      9 = BLOWING SNOW
                                                   X = TORNADO
MAX 32 OR BELOW:   0    0.01 INCH OR MORE:   4
MAX 90 OR ABOVE:   1    0.10 INCH OR MORE:   0
MIN 32 OR BELOW:   4    0.50 INCH OR MORE:   0
MIN  0 OR BELOW:   0    1.00 INCH OR MORE:   0

[HDD (BASE 65) ]
TOTAL THIS MO.   107    CLEAR  (SCALE 0-3)  28
DPTR FM NORMAL  -114    PTCLDY (SCALE 4-7)   0
TOTAL FM JUL 1   107    CLOUDY (SCALE 8-10)  0
DPTR FM NORMAL  -114

[CDD (BASE 65) ]
TOTAL THIS MO.    11
DPTR FM NORMAL    11    [PRESSURE DATA]
TOTAL FM JAN 1    11    HIGHEST SLP M ON M
DPTR FM NORMAL    11    LOWEST  SLP 29.73 ON 10

[REMARKS]
