000
CXUS55 KCYS 011853
CF6SNY
PRELIMINARY LOCAL CLIMATOLOGICAL DATA (WS FORM: F-6)

                                          STATION:   SIDNEY NEBRASKA AIRPORT
                                          MONTH:     JUNE
                                          YEAR:      2015
                                          LATITUDE:   41  5 N
                                          LONGITUDE: 102 59 W

  TEMPERATURE IN F:       :PCPN:    SNOW:  WIND      :SUNSHINE: SKY     :PK WND
================================================================================
1   2   3   4   5  6A  6B    7    8   9   10  11  12  13   14  15   16   17  18
                                     12Z  AVG MX 2MIN
DY MAX MIN AVG DEP HDD CDD  WTR  SNW DPTH SPD SPD DIR MIN PSBL S-S WX    SPD DR
================================================================================

 1  83  48  66   4   0   1 0.92    M    M  9.9 38 270   M    M   0 13     48 270
 2  84  56  70   7   0   5 0.00    M    M  9.7 21 190   M    M   0 3      26 190
 3   M   M   M   M   M   M    M    M    M   M   M   M   M    M   M         M  M
 4   M   M   M   M   M   M    M    M    M   M   M   M   M    M   M         M  M
 5   M   M   M   M   M   M    M    M    M   M   M   M   M    M   M         M  M
 6   M   M   M   M   M   M    M    M    M   M   M   M   M    M   M         M  M
 7   M   M   M   M   M   M    M    M    M   M   M   M   M    M   M         M  M
 8   M   M   M   M   M   M    M    M    M   M   M   M   M    M   M         M  M
 9   M   M   M   M   M   M    M    M    M   M   M   M   M    M   M         M  M
10   M   M   M   M   M   M    M    M    M   M   M   M   M    M   M         M  M
11   M   M   M   M   M   M    M    M    M   M   M   M   M    M   M         M  M
12  69   M   M   M   M   M 0.00    M    M  8.8 13 180   M    M   1        19 200
13  83  54  69   2   0   4 0.00    M    M  7.9 14 200   M    M   3 12     17 110
14  85  58  72   5   0   7    T    M    M  9.2 25 140   M    M   2 13     31 150
15  73  58  66  -1   0   1    T    M    M  9.6 17 150   M    M   6        22 140
16  81  55  68   0   0   3 0.15    M    M 13.2 23 360   M    M   M        38  10
17  80  53  67  -1   0   2 0.00    M    M  8.4 23  30   M    M   1 12     28  30
18  81  56  69   0   0   4 0.00    M    M  9.8 31  20   M    M   2 1      40  20
19  92  61  77   8   0  12 0.00    M    M 12.7 22 180   M    M   4 1      28 200
20  85  61  73   4   0   8 0.00    M    M 11.8 25 350   M    M   0        31 350
21  87  62  75   5   0  10    T    M    M 13.1 22  70   M    M   3 1      26  80
22  80  57  69  -1   0   4 0.00    M    M 13.5 32 330   M    M   0        40 340
23  84  52  68  -2   0   3 0.00    M    M 12.8 22 120   M    M   2        27 150
24  83  53  68  -3   0   3 0.00    M    M  5.5 20  30   M    M   3 1      25  30
25  86  57  72   1   0   7 0.61    M    M  9.5 44 330   M    M   2 123    56 330
26  79  56  68  -4   0   3 0.00    M    M  8.3 16  20   M    M   2        21  40
27  86  53  70  -2   0   5 0.00    M    M  5.0 15 330   M    M   1        20 340
28  90  54  72   0   0   7 0.00    M    M  6.6 14  70   M    M   0        18  50
29  89  59  74   2   0   9 0.16    M    M  6.8 21 340   M    M   0 13     27  60
30  94  57  76   3   0  11    T    M    M  7.5 25 280   M    M   0 3      33 280
================================================================================
SM 1754 1120         0 109  1.84    M    199.6          M       32
================================================================================
AV 83.5 56.0                               9.5 FASTST   M    M   2    MAX(MPH)
                                 MISC ---->  # 44 330               # 56  330
================================================================================
NOTES:
# LAST OF SEVERAL OCCURRENCES

COLUMN 17 PEAK WIND IN M.P.H.

PRELIMINARY LOCAL CLIMATOLOGICAL DATA (WS FORM: F-6) , PAGE 2

                                          STATION:  SIDNEY NEBRASKA AIRPORT
                                          MONTH:    JUNE
                                          YEAR:     2015
                                          LATITUDE:   41  5 N
                                          LONGITUDE: 102 59 W

[TEMPERATURE DATA]      [PRECIPITATION DATA]       SYMBOLS USED IN COLUMN 16

AVERAGE MONTHLY: 69.8   TOTAL FOR MONTH:   1.84    1 = FOG OR MIST
DPTR FM NORMAL:   2.2   DPTR FM NORMAL:   -1.34    2 = FOG REDUCING VISIBILITY
HIGHEST:    94 ON 30    GRTST 24HR  0.92 ON  1- 1      TO 1/4 MILE OR LESS
LOWEST:     48 ON  1                               3 = THUNDER
                        SNOW, ICE PELLETS, HAIL    4 = ICE PELLETS
                        TOTAL MONTH:    M          5 = HAIL
                        GRTST 24HR    M  ON   M    6 = FREEZING RAIN OR DRIZZLE
                        GRTST DEPTH:  M  ON   M    7 = DUSTSTORM OR SANDSTORM:
                                                       VSBY 1/2 MILE OR LESS
                                                   8 = SMOKE OR HAZE
[NO. OF DAYS WITH]      [WEATHER - DAYS WITH]      9 = BLOWING SNOW
                                                   X = TORNADO
MAX 32 OR BELOW:   0    0.01 INCH OR MORE:   4
MAX 90 OR ABOVE:   3    0.10 INCH OR MORE:   4
MIN 32 OR BELOW:   0    0.50 INCH OR MORE:   2
MIN  0 OR BELOW:   0    1.00 INCH OR MORE:   0

[HDD (BASE 65) ]
TOTAL THIS MO.     0    CLEAR  (SCALE 0-3)  17
DPTR FM NORMAL   -59    PTCLDY (SCALE 4-7)   3
TOTAL FM JUL 1  6299    CLOUDY (SCALE 8-10)  2
DPTR FM NORMAL    78

[CDD (BASE 65) ]
TOTAL THIS MO.   109
DPTR FM NORMAL   -28    [PRESSURE DATA]
TOTAL FM JAN 1   109    HIGHEST SLP 30.19 ON 26
DPTR FM NORMAL   -50    LOWEST  SLP 29.62 ON 19

[REMARKS]
#FINAL-06-15#
