000
CXUS55 KCYS 011000
CF6SNY
PRELIMINARY LOCAL CLIMATOLOGICAL DATA (WS FORM: F-6)

                                          STATION:   SIDNEY NEBRASKA AIRPORT
                                          MONTH:     AUGUST
                                          YEAR:      2015
                                          LATITUDE:   41  5 N
                                          LONGITUDE: 102 59 W

  TEMPERATURE IN F:       :PCPN:    SNOW:  WIND      :SUNSHINE: SKY     :PK WND
================================================================================
1   2   3   4   5  6A  6B    7    8   9   10  11  12  13   14  15   16   17  18
                                     12Z  AVG MX 2MIN
DY MAX MIN AVG DEP HDD CDD  WTR  SNW DPTH SPD SPD DIR MIN PSBL S-S WX    SPD DR
================================================================================

 1  96  62  79   4   0  14 0.00    M    M 15.1 36 100   M    M   1 3      46  90
 2  96  57  77   2   0  12    T    M    M  7.7 21 110   M    M   0 3      30  90
 3  92  56  74  -1   0   9 0.00    M    M  9.3 23 190   M    M   0        32 190
 4  78  53  66  -9   0   1 0.01    M    M  7.3 17  90   M    M   4 3      20  80
 5  93  50  72  -3   0   7 0.17    M    M  9.9 30 140   M    M   0 123    37 130
 6  90  54  72  -3   0   7 0.00    M    M 11.9 32 330   M    M   0        40 310
 7  93  54  74  -1   0   9 0.14    M    M 12.0 37 330   M    M   1 13     49 320
 8  86  57  72  -3   0   7 0.06    M    M  6.6 28 130   M    M   3 123    34 130
 9  89  58  74   0   0   9 0.05    M    M  9.5 30 300   M    M   2        40 300
10  87  54  71  -3   0   6    T    M    M  9.1 22 170   M    M   2 13     27 160
11  84  63  74   0   0   9    T    M    M 14.3 23 160   M    M   3 3      29 190
12  91  63  77   3   0  12 0.00    M    M  9.8 18 190   M    M   0 12     23 190
13  95  63  79   5   0  14 0.00    M    M 10.4 21 340   M    M   0        30  20
14  95  59  77   3   0  12 0.00    M    M  8.7 18 150   M    M   0        24  70
15  99  62  81   7   0  16    T    M    M  9.5 17 200   M    M   0        24 200
16  84  63  74   0   0   9 0.00    M    M 12.3 23 260   M    M   0        30 260
17  64  58  61 -12   4   0 0.03    M    M 11.3 18 160   M    M  10 12     22 130
18  68  47  58 -15   7   0 0.00  0.0    0 17.5 35 330   M    M   4 13     42 340
19  71  45  58 -15   7   0 0.08    M    M 10.0 20 320   M    M   4 1      31 320
20  86  45  66  -7   0   1 0.00    M    M  9.2 18 360   M    M   1        24 330
21  94  49  72  -1   0   7 0.00    M    M  8.7 23 290   M    M   0 8      30 280
22  76  47  62 -10   3   0 0.00    M    M 16.5 36 340   M    M   0 8      42 360
23  75  35  55 -17  10   0 0.00    M    M  6.9 15 210   M    M   0        20 190
24  89  43  66  -6   0   1 0.00    M    M  7.8 18 110   M    M   0        24 100
25  95  46  71  -1   0   6 0.00    M    M  8.9 20 140   M    M   0 1      25 140
26 101  51  76   4   0  11 0.00    M    M  9.4 21 190   M    M   0        27 190
27  89  56  73   2   0   8 0.00    M    M 14.7 29 320   M    M   0        39 310
28  89  51  70  -1   0   5 0.00    M    M 10.8 22 350   M    M   0        27 350
29  93  47  70  -1   0   5 0.00    M    M  9.7 17 140   M    M   0 8      23 190
30  99  58  79   9   0  14 0.00    M    M 12.4 23 210   M    M   0        28 200
31  88  57  73   3   0   8 0.00    M    M  9.5 17 320   M    M   1        23 310
================================================================================
SM 2725 1663        31 219  0.54     0.0 326.7          M       36
================================================================================
AV 87.9 53.6                              10.5 FASTST   M    M   1    MAX(MPH)
                                 MISC ---->  # 37 330               # 49  320
================================================================================
NOTES:
# LAST OF SEVERAL OCCURRENCES

COLUMN 17 PEAK WIND IN M.P.H.

PRELIMINARY LOCAL CLIMATOLOGICAL DATA (WS FORM: F-6) , PAGE 2

                                          STATION:  SIDNEY NEBRASKA AIRPORT
                                          MONTH:    AUGUST
                                          YEAR:     2015
                                          LATITUDE:   41  5 N
                                          LONGITUDE: 102 59 W

[TEMPERATURE DATA]      [PRECIPITATION DATA]       SYMBOLS USED IN COLUMN 16

AVERAGE MONTHLY: 70.8   TOTAL FOR MONTH:   0.54    1 = FOG OR MIST
DPTR FM NORMAL:  -2.5   DPTR FM NORMAL:   -1.72    2 = FOG REDUCING VISIBILITY
HIGHEST:   101 ON 26    GRTST 24HR  0.17 ON  5- 5      TO 1/4 MILE OR LESS
LOWEST:     35 ON 23                               3 = THUNDER
                        SNOW, ICE PELLETS, HAIL    4 = ICE PELLETS
                        TOTAL MONTH:   0.0 INCH    5 = HAIL
                        GRTST 24HR     0.0         6 = FREEZING RAIN OR DRIZZLE
                        GRTST DEPTH:   0           7 = DUSTSTORM OR SANDSTORM:
                                                       VSBY 1/2 MILE OR LESS
                                                   8 = SMOKE OR HAZE
[NO. OF DAYS WITH]      [WEATHER - DAYS WITH]      9 = BLOWING SNOW
                                                   X = TORNADO
MAX 32 OR BELOW:   0    0.01 INCH OR MORE:   7
MAX 90 OR ABOVE:  15    0.10 INCH OR MORE:   2
MIN 32 OR BELOW:   0    0.50 INCH OR MORE:   0
MIN  0 OR BELOW:   0    1.00 INCH OR MORE:   0

[HDD (BASE 65) ]
TOTAL THIS MO.    31    CLEAR  (SCALE 0-3)  26
DPTR FM NORMAL    23    PTCLDY (SCALE 4-7)   4
TOTAL FM JUL 1    38    CLOUDY (SCALE 8-10)  1
DPTR FM NORMAL    27

[CDD (BASE 65) ]
TOTAL THIS MO.   219
DPTR FM NORMAL   -45    [PRESSURE DATA]
TOTAL FM JAN 1   568    HIGHEST SLP 30.29 ON 23
DPTR FM NORMAL  -174    LOWEST  SLP 29.55 ON 22

[REMARKS]
#FINAL-08-15#
