000
CXUS56 KPQR 281330
CF6SPB
PRELIMINARY LOCAL CLIMATOLOGICAL DATA (WS FORM: F-6)

                                          STATION:   SCAPPOOSE OR
                                          MONTH:     JANUARY
                                          YEAR:      2015
                                          LATITUDE:   45 46 N
                                          LONGITUDE: 122 50 W

  TEMPERATURE IN F:       :PCPN:    SNOW:  WIND      :SUNSHINE: SKY     :PK WND
================================================================================
1   2   3   4   5  6A  6B    7    8   9   10  11  12  13   14  15   16   17  18
                                     12Z  AVG MX 2MIN
DY MAX MIN AVG DEP HDD CDD  WTR  SNW DPTH SPD SPD DIR MIN PSBL S-S WX    SPD DR
================================================================================

 1  41  20  31  -7  34   0 0.00  0.0    0  1.0  6 150   M    M   0 1       7 140
 2  37  23  30  -8  35   0    T    M    0  0.7  7 160   M    M   5        10 150
 3  42  32  37  -2  28   0 0.00  0.0    0  0.7  6 280   M    M  10 128     6 280
 4  50  38  44   5  21   0 0.53    M    0  3.7 13 170   M    M  10 12     21 160
 5  54  40  47   8  18   0 0.03    M    0  3.3 14 170   M    M   9 12     19 180
 6  44  37  41   2  24   0 0.00  0.0    0  0.1  6 350   M    M  10 12      7 360
 7  42  33  38  -1  27   0 0.00  0.0    0  0.3  5  10   M    M  10 12      6  10
 8  41  36  39   0  26   0 0.00  0.0    0  1.0  7 220   M    M   8 12     10 230
 9  50  34  42   3  23   0 0.00  0.0    0  3.3  7 210   M    M   1         9 200
10  43  35  39   0  26   0 0.03    M    0  0.6  6 140   M    M   9 12      8 160
11  47  41  44   4  21   0 0.04    M    0  2.0  7 190   M    M  10 12      9 200
12  50  40  45   5  20   0    T    M    0  1.3  6 150   M    M  10         8 190
13  54  30  42   2  23   0 0.00  0.0    0  2.0  7 260   M    M   1 1       8 270
14  50  28  39  -1  26   0 0.00  0.0    0  4.6  8 200   M    M   0        11 210
15  43  27  35  -5  30   0 0.88    M    0  3.1 10 150   M    M   8 1      13 200
16  54  34  44   4  21   0 0.04    M    0  1.1  6 240   M    M   6 12      7 310
17  58  35  47   7  18   0 1.66    M    0  2.9 15 190   M    M   8 1      25 200
18  58  41  50  10  15   0 0.17    M    0  4.5 18 250   M    M   8 1      28 270
19  50  34  42   2  23   0 0.03    M    0  1.8  7 240   M    M   5 12      9 220
20  52  32  42   2  23   0 0.00  0.0    0  1.4  6 360   M    M   4 12      M  M
21  50  27  39  -2  26   0 0.00  0.0    0  2.2  8 170   M    M   4 12     12 150
22  48  38  43   2  22   0    T    M    0  1.3  7 130   M    M   9        12 150
23  47  41  44   3  21   0 0.08    M    0  2.0  9 140   M    M  10 1      12 150
24  60  42  51  10  14   0 0.01    M    0  0.8  6 260   M    M   6 12      7 230
25  49  39  44   3  21   0 0.00  0.0    0  0.0  6 140   M    M  10 12      6 140
26  53  35  44   3  21   0 0.00  0.0    0  1.4  7 250   M    M   7 12      8 300
27  48  37  43   2  22   0 0.04    M    0  1.3  8 140   M    M  10 12      9 140
================================================================================
SM 1315  929       629   0  3.54     0.0  48.4          M      188
================================================================================
AV 48.7 34.4                               1.8 FASTST   M    M   7    MAX(MPH)
                                 MISC ---->  # 18 250               # 28  270
================================================================================
NOTES:
# LAST OF SEVERAL OCCURRENCES

COLUMN 17 PEAK WIND IN M.P.H.

PRELIMINARY LOCAL CLIMATOLOGICAL DATA (WS FORM: F-6) , PAGE 2

                                          STATION:  SCAPPOOSE OR
                                          MONTH:    JANUARY
                                          YEAR:     2015
                                          LATITUDE:   45 46 N
                                          LONGITUDE: 122 50 W

[TEMPERATURE DATA]      [PRECIPITATION DATA]       SYMBOLS USED IN COLUMN 16

AVERAGE MONTHLY: 41.6   TOTAL FOR MONTH:   3.54    1 = FOG OR MIST
DPTR FM NORMAL:   1.7   DPTR FM NORMAL:   -2.39    2 = FOG REDUCING VISIBILITY
HIGHEST:    60 ON 24    GRTST 24HR  1.67 ON 17-18      TO 1/4 MILE OR LESS
LOWEST:     20 ON  1                               3 = THUNDER
                        SNOW, ICE PELLETS, HAIL    4 = ICE PELLETS
                        TOTAL MONTH:   0.0 INCH    5 = HAIL
                        GRTST 24HR     0.0         6 = FREEZING RAIN OR DRIZZLE
                        GRTST DEPTH:   0           7 = DUSTSTORM OR SANDSTORM:
                                                       VSBY 1/2 MILE OR LESS
                                                   8 = SMOKE OR HAZE
[NO. OF DAYS WITH]      [WEATHER - DAYS WITH]      9 = BLOWING SNOW
                                                   X = TORNADO
MAX 32 OR BELOW:   0    0.01 INCH OR MORE:  12
MAX 90 OR ABOVE:   0    0.10 INCH OR MORE:   4
MIN 32 OR BELOW:   8    0.50 INCH OR MORE:   3
MIN  0 OR BELOW:   0    1.00 INCH OR MORE:   1

[HDD (BASE 65) ]
TOTAL THIS MO.   629    CLEAR  (SCALE 0-3)   4
DPTR FM NORMAL   -50    PTCLDY (SCALE 4-7)   9
TOTAL FM JUL 1  2220    CLOUDY (SCALE 8-10) 14
DPTR FM NORMAL  -510

[CDD (BASE 65) ]
TOTAL THIS MO.     0
DPTR FM NORMAL     0    [PRESSURE DATA]
TOTAL FM JAN 1     0    HIGHEST SLP M ON M
DPTR FM NORMAL     0    LOWEST  SLP 29.73 ON 17

[REMARKS]
