000
CXUS55 KPUB 161159
CF6SPD
PRELIMINARY LOCAL CLIMATOLOGICAL DATA (WS FORM: F-6)

                                          STATION:   SPRINGFIELD CO
                                          MONTH:     DECEMBER
                                          YEAR:      2017
                                          LATITUDE:   37 16 N
                                          LONGITUDE: 102 37 W

  TEMPERATURE IN F:       :PCPN:    SNOW:  WIND      :SUNSHINE: SKY     :PK WND
================================================================================
1   2   3   4   5  6A  6B    7    8   9   10  11  12  13   14  15   16   17  18
                                     12Z  AVG MX 2MIN
DY MAX MIN AVG DEP HDD CDD  WTR  SNW DPTH SPD SPD DIR MIN PSBL S-S WX    SPD DR
================================================================================

 1  70  27  49  14  16   0 0.00  0.0    0  9.6 25 310   M    M   0        31 310
 2  64  27  46  11  19   0 0.00  0.0    0  7.6 13 180   M    M   0        16 180
 3  73  29  51  16  14   0 0.00  0.0    0 10.0 24 230   M    M   0        32 230
 4  53  21  37   3  28   0 0.00  0.0    0 14.6 38  10   M    M   0        46  10
 5  48  12  30  -4  35   0 0.00  0.0    0  6.0 17 220   M    M   0        23 220
 6  41  12  27  -7  38   0 0.00  0.0    0 12.8 26 360   M    M   0        34 350
 7  37   5  21 -13  44   0 0.00  0.0    0 11.8 28 340   M    M   0        35 330
 8  53  29  41   8  24   0 0.00  0.0    0 19.6 40 360   M    M   0        50 360
 9  58  20  39   6  26   0 0.00  0.0    0 11.8 26 350   M    M   0        32 350
10  63  20  42   9  23   0 0.00  0.0    0  7.7 16 290   M    M   0        19 290
11  59  22  41   8  24   0 0.00  0.0    0 12.2 21  20   M    M   0        26  20
12  65  17  41   9  24   0 0.00  0.0    0  6.4 15 340   M    M   0        20 340
13  58  36  47  15  18   0 0.00  0.0    0 12.3 30  20   M    M   0        35  20
14  41  16  29  -3  36   0 0.02    M    0 12.1 28  20   M    M   0        31  10
15  57  14  36   4  29   0 0.00  0.0    0  8.0 15 250   M    M   0        19 250
================================================================================
SM  840  307       398   0  0.02     0.0 162.5          M        0
================================================================================
AV 56.0 20.5                              10.8 FASTST   M    M   0    MAX(MPH)
                                 MISC ---->  # 40 360               # 50  360
================================================================================
NOTES:
# LAST OF SEVERAL OCCURRENCES

COLUMN 17 PEAK WIND IN M.P.H.

PRELIMINARY LOCAL CLIMATOLOGICAL DATA (WS FORM: F-6) , PAGE 2

                                          STATION:  SPRINGFIELD CO
                                          MONTH:    DECEMBER
                                          YEAR:     2017
                                          LATITUDE:   37 16 N
                                          LONGITUDE: 102 37 W

[TEMPERATURE DATA]      [PRECIPITATION DATA]       SYMBOLS USED IN COLUMN 16

AVERAGE MONTHLY: 38.2   TOTAL FOR MONTH:   0.02    1 = FOG OR MIST
DPTR FM NORMAL:   4.8   DPTR FM NORMAL:   -0.27    2 = FOG REDUCING VISIBILITY
HIGHEST:    73 ON  3    GRTST 24HR  0.02 ON 14-14      TO 1/4 MILE OR LESS
LOWEST:      5 ON  7                               3 = THUNDER
                        SNOW, ICE PELLETS, HAIL    4 = ICE PELLETS
                        TOTAL MONTH:   0.0 INCH    5 = HAIL
                        GRTST 24HR     0.0         6 = FREEZING RAIN OR DRIZZLE
                        GRTST DEPTH:   0           7 = DUSTSTORM OR SANDSTORM:
                                                       VSBY 1/2 MILE OR LESS
                                                   8 = SMOKE OR HAZE
[NO. OF DAYS WITH]      [WEATHER - DAYS WITH]      9 = BLOWING SNOW
                                                   X = TORNADO
MAX 32 OR BELOW:   0    0.01 INCH OR MORE:   1
MAX 90 OR ABOVE:   0    0.10 INCH OR MORE:   0
MIN 32 OR BELOW:  14    0.50 INCH OR MORE:   0
MIN  0 OR BELOW:   0    1.00 INCH OR MORE:   0

[HDD (BASE 65) ]
TOTAL THIS MO.   398    CLEAR  (SCALE 0-3)  15
DPTR FM NORMAL   -76    PTCLDY (SCALE 4-7)   0
TOTAL FM JUL 1  1391    CLOUDY (SCALE 8-10)  0
DPTR FM NORMAL  -229

[CDD (BASE 65) ]
TOTAL THIS MO.     0
DPTR FM NORMAL     0    [PRESSURE DATA]
TOTAL FM JAN 1   852    HIGHEST SLP M ON M
DPTR FM NORMAL  -176    LOWEST  SLP 29.59 ON  4

[REMARKS]
