000
CXUS55 KPUB 231059
CF6SPD
PRELIMINARY LOCAL CLIMATOLOGICAL DATA (WS FORM: F-6)

                                          STATION:   SPRINGFIELD CO
                                          MONTH:     MAY
                                          YEAR:      2017
                                          LATITUDE:   37 16 N
                                          LONGITUDE: 102 37 W

  TEMPERATURE IN F:       :PCPN:    SNOW:  WIND      :SUNSHINE: SKY     :PK WND
================================================================================
1   2   3   4   5  6A  6B    7    8   9   10  11  12  13   14  15   16   17  18
                                     12Z  AVG MX 2MIN
DY MAX MIN AVG DEP HDD CDD  WTR  SNW DPTH SPD SPD DIR MIN PSBL S-S WX    SPD DR
================================================================================

 1  58  30  44 -12  21   0 0.00  0.0    0  9.2 16 270   M    M   0        19 270
 2  50  32  41 -16  24   0 0.45  0.0    0 10.5 25  50   M    M   0        31  30
 3  55  32  44 -13  21   0 0.02  0.0    0 14.1 31 360   M    M   0        37 360
 4  67  31  49  -8  16   0 0.00  0.0    0  7.4 14 360   M    M   0        18  10
 5  76  40  58   0   7   0 0.00  0.0    0  6.4 13 110   M    M   0        19 100
 6  82  43  63   5   2   0 0.00  0.0    0 13.4 29 170   M    M   0        35 160
 7  83  46  65   7   0   0 0.00  0.0    0 16.4 37 160   M    M   0        43 180
 8  81  50  66   7   0   1 0.00  0.0    0 14.1 30 180   M    M   0        37 190
 9  75  50  63   4   2   0 0.41  0.0    0 12.0 33 290   M    M   0        44 290
10  73  47  60   1   5   0 0.26  0.0    0 12.1 36 130   M    M   0        42 130
11  54  40  47 -13  18   0 0.47  0.0    0 15.3 26  10   M    M   0        32 360
12  69  40  55  -5  10   0 0.00  0.0    0  9.0 15 140   M    M   0        19 100
13  83  46  65   5   0   0 0.00  0.0    0 19.7 32 190   M    M   0        42 190
14  88  55  72  11   0   7 0.00  0.0    0 13.3 26 180   M    M   0        33 180
15  84  51  68   7   0   3 0.00  0.0    0 17.4 33 180   M    M   0        41 180
16  82  44  63   2   2   0 0.00  0.0    0 12.5 36 190   M    M   0        41 180
17  75  43  59  -3   6   0 0.23  0.0    0 16.0 33 320   M    M   0        43 320
18  70  45  58  -4   7   0 0.00  0.0    0 14.0 26 360   M    M   0        32  10
19  53  38  46 -16  19   0 0.26  0.0    0 16.7 25 340   M    M   0        31 340
20  64  33  49 -14  16   0 0.00  0.0    0 11.3 25 330   M    M   0        32 320
21  71  38  55  -8  10   0 0.00  0.0    0 12.1 24 210   M    M   0        33 220
22  67  47  57  -6   8   0 0.05  0.0    0 12.5 31  10   M    M   0        39 360
================================================================================
SM 1560  921       194  11  2.15     0.0 285.4          M        0
================================================================================
AV 70.9 41.9                              13.0 FASTST   M    M   0    MAX(MPH)
                                 MISC ---->  # 37 160               # 44  290
================================================================================
NOTES:
# LAST OF SEVERAL OCCURRENCES

COLUMN 17 PEAK WIND IN M.P.H.

PRELIMINARY LOCAL CLIMATOLOGICAL DATA (WS FORM: F-6) , PAGE 2

                                          STATION:  SPRINGFIELD CO
                                          MONTH:    MAY
                                          YEAR:     2017
                                          LATITUDE:   37 16 N
                                          LONGITUDE: 102 37 W

[TEMPERATURE DATA]      [PRECIPITATION DATA]       SYMBOLS USED IN COLUMN 16

AVERAGE MONTHLY: 56.4   TOTAL FOR MONTH:   2.15    1 = FOG OR MIST
DPTR FM NORMAL:  -3.4   DPTR FM NORMAL:    0.67    2 = FOG REDUCING VISIBILITY
HIGHEST:    88 ON 14    GRTST 24HR  0.82 ON 30- 1      TO 1/4 MILE OR LESS
LOWEST:     30 ON  1                               3 = THUNDER
                        SNOW, ICE PELLETS, HAIL    4 = ICE PELLETS
                        TOTAL MONTH:   0.0 INCH    5 = HAIL
                        GRTST 24HR     0.0         6 = FREEZING RAIN OR DRIZZLE
                        GRTST DEPTH:   0           7 = DUSTSTORM OR SANDSTORM:
                                                       VSBY 1/2 MILE OR LESS
                                                   8 = SMOKE OR HAZE
[NO. OF DAYS WITH]      [WEATHER - DAYS WITH]      9 = BLOWING SNOW
                                                   X = TORNADO
MAX 32 OR BELOW:   0    0.01 INCH OR MORE:   8
MAX 90 OR ABOVE:   0    0.10 INCH OR MORE:   6
MIN 32 OR BELOW:   4    0.50 INCH OR MORE:   0
MIN  0 OR BELOW:   0    1.00 INCH OR MORE:   0

[HDD (BASE 65) ]
TOTAL THIS MO.   194    CLEAR  (SCALE 0-3)  22
DPTR FM NORMAL    55    PTCLDY (SCALE 4-7)   0
TOTAL FM JUL 1  4715    CLOUDY (SCALE 8-10)  0
DPTR FM NORMAL  -523

[CDD (BASE 65) ]
TOTAL THIS MO.    11
DPTR FM NORMAL   -15    [PRESSURE DATA]
TOTAL FM JAN 1    15    HIGHEST SLP M ON M
DPTR FM NORMAL   -15    LOWEST  SLP 29.49 ON 16

[REMARKS]
