000
CXUS53 KILX 170900
CF6SPI
PRELIMINARY LOCAL CLIMATOLOGICAL DATA (WS FORM: F-6)

                                          STATION:   SPRINGFIELD IL
                                          MONTH:     OCTOBER
                                          YEAR:      2017
                                          LATITUDE:   39 50 N
                                          LONGITUDE:  89 41 W

  TEMPERATURE IN F:       :PCPN:    SNOW:  WIND      :SUNSHINE: SKY     :PK WND
================================================================================
1   2   3   4   5  6A  6B    7    8   9   10  11  12  13   14  15   16   17  18
                                     12Z  AVG MX 2MIN
DY MAX MIN AVG DEP HDD CDD  WTR  SNW DPTH SPD SPD DIR MIN PSBL S-S WX    SPD DR
================================================================================

 1  79  47  63   3   2   0 0.00  0.0    0  8.7 17 160   M    M   0        25 150
 2  87  66  77  17   0  12 0.00  0.0    0 12.4 20 160   M    M   2        25 150
 3  81  70  76  16   0  11 0.07  0.0    0 10.6 18 180   M    M   6 18     28 200
 4  75  66  71  12   0   6 0.50  0.0    0  4.7 12 360   M    M   9 1      16 200
 5  76  61  69  10   0   4 0.89  0.0    0  3.4 13  50   M    M   8 1      16  50
 6  75  68  72  14   0   7 0.65  0.0    0  6.6 18 180   M    M  10 1      25 190
 7  83  55  69  11   0   4 0.25  0.0    0 11.7 28 260   M    M   4 18     38 280
 8  83  51  67   9   0   2 0.00  0.0    0  5.0 15 130   M    M   0 1      19 130
 9  85  57  71  14   0   6 0.00  0.0    0  4.1 12 160   M    M   4 12     16 160
10  78  55  67  10   0   2 2.28  0.0    0 11.1 23 250   M    M   8 13     30 250
11  58  54  56  -1   9   0 0.01  0.0    0  8.4 20 260   M    M  10 1      26 270
12  63  55  59   3   6   0 0.00  0.0    0  4.4 14 180   M    M  10 1      16 170
13  80  55  68  12   0   3 0.00  0.0    0  9.7 16 180   M    M   4        21 180
14  88  67  78  22   0  13 0.01  0.0    0 11.8 26 270   M    M   5        34 260
15  69  41  55   0  10   0 0.35    M    0 12.8 25 300   M    M   8 1      37 260
16  69  38  54  -1  11   0 0.00  0.0    0  5.5 15 250   M    M   0 8      21 270
================================================================================
SM 1229  906        38  70  5.01     0.0 130.9          M       88
================================================================================
AV 76.8 56.6                               8.2 FASTST   M    M   6    MAX(MPH)
                                 MISC ---->  # 28 260               # 38  280
================================================================================
NOTES:
# LAST OF SEVERAL OCCURRENCES

COLUMN 17 PEAK WIND IN M.P.H.

PRELIMINARY LOCAL CLIMATOLOGICAL DATA (WS FORM: F-6) , PAGE 2

                                          STATION:  SPRINGFIELD IL
                                          MONTH:    OCTOBER
                                          YEAR:     2017
                                          LATITUDE:   39 50 N
                                          LONGITUDE:  89 41 W

[TEMPERATURE DATA]      [PRECIPITATION DATA]       SYMBOLS USED IN COLUMN 16

AVERAGE MONTHLY: 66.7   TOTAL FOR MONTH:   5.01    1 = FOG OR MIST
DPTR FM NORMAL:   9.2   DPTR FM NORMAL:    3.43    2 = FOG REDUCING VISIBILITY
HIGHEST:    88 ON 14    GRTST 24HR  2.28 ON 10-10      TO 1/4 MILE OR LESS
LOWEST:     38 ON 16                               3 = THUNDER
                        SNOW, ICE PELLETS, HAIL    4 = ICE PELLETS
                        TOTAL MONTH:   0.0 INCH    5 = HAIL
                        GRTST 24HR     0.0         6 = FREEZING RAIN OR DRIZZLE
                        GRTST DEPTH:   0           7 = DUSTSTORM OR SANDSTORM:
                                                       VSBY 1/2 MILE OR LESS
                                                   8 = SMOKE OR HAZE
[NO. OF DAYS WITH]      [WEATHER - DAYS WITH]      9 = BLOWING SNOW
                                                   X = TORNADO
MAX 32 OR BELOW:   0    0.01 INCH OR MORE:   9
MAX 90 OR ABOVE:   0    0.10 INCH OR MORE:   6
MIN 32 OR BELOW:   0    0.50 INCH OR MORE:   4
MIN  0 OR BELOW:   0    1.00 INCH OR MORE:   1

[HDD (BASE 65) ]
TOTAL THIS MO.    38    CLEAR  (SCALE 0-3)   4
DPTR FM NORMAL   -98    PTCLDY (SCALE 4-7)   6
TOTAL FM JUL 1    74    CLOUDY (SCALE 8-10)  6
DPTR FM NORMAL  -143

[CDD (BASE 65) ]
TOTAL THIS MO.    70
DPTR FM NORMAL    52    [PRESSURE DATA]
TOTAL FM JAN 1  1391    HIGHEST SLP M ON M
DPTR FM NORMAL   274    LOWEST  SLP 29.54 ON  7

[REMARKS]
