000
CXUS53 KILX 280900
CF6SPI
PRELIMINARY LOCAL CLIMATOLOGICAL DATA (WS FORM: F-6)

                                          STATION:   SPRINGFIELD IL
                                          MONTH:     AUGUST
                                          YEAR:      2016
                                          LATITUDE:   39 50 N
                                          LONGITUDE:  89 41 W

  TEMPERATURE IN F:       :PCPN:    SNOW:  WIND      :SUNSHINE: SKY     :PK WND
================================================================================
1   2   3   4   5  6A  6B    7    8   9   10  11  12  13   14  15   16   17  18
                                     12Z  AVG MX 2MIN
DY MAX MIN AVG DEP HDD CDD  WTR  SNW DPTH SPD SPD DIR MIN PSBL S-S WX    SPD DR
================================================================================

 1  87  73  80   5   0  15    T  0.0    0  3.3  8  80   M    M   6 1      10 100
 2  85  72  79   4   0  14 0.13  0.0    0  2.9 12  60   M    M   4 13     17 310
 3  89  72  81   6   0  16 0.00  0.0    0  1.7  9  60   M    M   5 1      10 210
 4  90  70  80   5   0  15 0.00  0.0    0  4.8 22 360   M    M   2 12     31 360
 5  85  70  78   3   0  13 0.27  0.0    0  6.4 16  20   M    M   3 13     21  10
 6  84  65  75   0   0  10 0.00  0.0    0  5.2 12 350   M    M   1        14  20
 7  85  63  74  -1   0   9 0.00  0.0    0  3.6 12  70   M    M   1        14  50
 8  85  66  76   1   0  11 0.00  0.0    0  2.8  8 120   M    M   5        12 150
 9  91  73  82   7   0  17 0.00  0.0    0  2.1  9  80   M    M   6        11  70
10  91  70  81   6   0  16 0.00  0.0    0  2.5  9  70   M    M   1 1      12  70
11  94  73  84   9   0  19 0.00  0.0    0  6.9 14 190   M    M   1 18     18 200
12  90  74  82   7   0  17 5.59  0.0    0  8.0 20 360   M    M   5 13     24 360
13  85  69  77   2   0  12 0.00  0.0    0  5.9 13 340   M    M   6        17 330
14  80  64  72  -3   0   7 0.00  0.0    0  2.8 12 200   M    M   1 1      16 200
15  78  69  74  -1   0   9 1.66  0.0    0  6.9 14  80   M    M  10 1      17  70
16  87  71  79   5   0  14 0.03  0.0    0  2.8  9 350   M    M   4 1      12 290
17  87  69  78   4   0  13 0.00  0.0    0  4.6  9 200   M    M   2 12     15 220
18  89  72  81   7   0  16 0.00  0.0    0  6.5 13 210   M    M   1        17 210
19  85  74  80   6   0  15 0.00  0.0    0  6.4 13 180   M    M   6 3      17 170
20  81  63  72  -2   0   7 0.46  0.0    0  9.3 20 260   M    M   5 1      26 260
21  79  59  69  -5   0   4 0.00  0.0    0  5.1 14 280   M    M   1        17 310
22  81  55  68  -6   0   3 0.00  0.0    0  3.7  9 160   M    M   1        15 150
23  82  62  72  -2   0   7    T  0.0    0  9.7 21 180   M    M   3        26 160
24  89  73  81   7   0  16 0.03  0.0    0  9.6 22 190   M    M   5 13     29 200
25  88  68  78   4   0  13 0.30  0.0    0  5.6 38 310   M    M   3 13     52 310
26  83  71  77   4   0  12    T  0.0    0  6.9 14 130   M    M   4 3      19 350
27  91  73  82   9   0  17 0.02  0.0    0  5.1 12 170   M    M   2 13     16 290
================================================================================
SM 2321 1853         0 337  8.49     0.0 141.1          M       94
================================================================================
AV 86.0 68.6                               5.2 FASTST   M    M   3    MAX(MPH)
                                 MISC ---->  # 38 310               # 52  310
================================================================================
NOTES:
# LAST OF SEVERAL OCCURRENCES

COLUMN 17 PEAK WIND IN M.P.H.

PRELIMINARY LOCAL CLIMATOLOGICAL DATA (WS FORM: F-6) , PAGE 2

                                          STATION:  SPRINGFIELD IL
                                          MONTH:    AUGUST
                                          YEAR:     2016
                                          LATITUDE:   39 50 N
                                          LONGITUDE:  89 41 W

[TEMPERATURE DATA]      [PRECIPITATION DATA]       SYMBOLS USED IN COLUMN 16

AVERAGE MONTHLY: 77.3   TOTAL FOR MONTH:   8.49    1 = FOG OR MIST
DPTR FM NORMAL:   2.8   DPTR FM NORMAL:    5.66    2 = FOG REDUCING VISIBILITY
HIGHEST:    94 ON 11    GRTST 24HR  5.59 ON 12-12      TO 1/4 MILE OR LESS
LOWEST:     55 ON 22                               3 = THUNDER
                        SNOW, ICE PELLETS, HAIL    4 = ICE PELLETS
                        TOTAL MONTH:   0.0 INCH    5 = HAIL
                        GRTST 24HR     0.0         6 = FREEZING RAIN OR DRIZZLE
                        GRTST DEPTH:   0           7 = DUSTSTORM OR SANDSTORM:
                                                       VSBY 1/2 MILE OR LESS
                                                   8 = SMOKE OR HAZE
[NO. OF DAYS WITH]      [WEATHER - DAYS WITH]      9 = BLOWING SNOW
                                                   X = TORNADO
MAX 32 OR BELOW:   0    0.01 INCH OR MORE:   9
MAX 90 OR ABOVE:   6    0.10 INCH OR MORE:   6
MIN 32 OR BELOW:   0    0.50 INCH OR MORE:   2
MIN  0 OR BELOW:   0    1.00 INCH OR MORE:   2

[HDD (BASE 65) ]
TOTAL THIS MO.     0    CLEAR  (SCALE 0-3)  13
DPTR FM NORMAL     0    PTCLDY (SCALE 4-7)  13
TOTAL FM JUL 1     1    CLOUDY (SCALE 8-10)  1
DPTR FM NORMAL     0

[CDD (BASE 65) ]
TOTAL THIS MO.   337
DPTR FM NORMAL    78    [PRESSURE DATA]
TOTAL FM JAN 1  1222    HIGHEST SLP M ON M
DPTR FM NORMAL   284    LOWEST  SLP 29.66 ON 20

[REMARKS]
