000
CXUS54 KOUN 300800
CF6SPS
PRELIMINARY LOCAL CLIMATOLOGICAL DATA (WS FORM: F-6)

                                          STATION:   WICHITA FALLS
                                          MONTH:     JUNE
                                          YEAR:      2015
                                          LATITUDE:   33 58 N
                                          LONGITUDE:  98 29 W

  TEMPERATURE IN F:       :PCPN:    SNOW:  WIND      :SUNSHINE: SKY     :PK WND
================================================================================
1   2   3   4   5  6A  6B    7    8   9   10  11  12  13   14  15   16   17  18
                                     12Z  AVG MX 2MIN
DY MAX MIN AVG DEP HDD CDD  WTR  SNW DPTH SPD SPD DIR MIN PSBL S-S WX    SPD DR
================================================================================

 1  83  60  72  -4   0   7 0.00  0.0    0  8.8 17 130   M    M   4        25 120
 2  89  65  77   1   0  12 0.00  0.0    0 12.0 21 180   M    M   1        26 150
 3  90  69  80   3   0  15 0.00  0.0    0 13.7 23 150   M    M   0        29 170
 4  90  67  79   2   0  14 0.00  0.0    0 12.3 20 170   M    M   0        26 160
 5  89  69  79   2   0  14 0.00  0.0    0  9.0 20 150   M    M   2        22 140
 6  90  67  79   2   0  14 0.00  0.0    0  8.8 16 140   M    M   1 18     21 160
 7  91  69  80   2   0  15 0.00  0.0    0 10.0 18 200   M    M   1        24 190
 8  92  71  82   4   0  17 0.00  0.0    0  6.1 15 340   M    M   3        18 340
 9  94  68  81   3   0  16 0.00  0.0    0  5.3 12 140   M    M   3        14 130
10  97  71  84   6   0  19 0.00  0.0    0  8.6 17 170   M    M   2        22 170
11  94  73  84   6   0  19 0.00  0.0    0 15.2 23 160   M    M   1        30 200
12  93  67  80   1   0  15 1.05  0.0    0 13.0 30 300   M    M   5 13     36 310
13  82  67  75  -4   0  10 2.11  0.0    0  9.0 26 280   M    M   4 13     33 270
14  88  68  78  -1   0  13 0.09  0.0    0  9.7 24 120   M    M   4 1      31 290
15  87  70  79  -1   0  14 0.12  0.0    0  8.1 18 210   M    M   7 13     22 200
16  83  71  77  -3   0  12 0.21  0.0    0  7.2 13 110   M    M   8 13      M  M
17  75  71  73  -7   0   8 0.59  0.0    0 14.3 32 360   M    M   9 18     38  10
18  93  70  82   2   0  17 0.00  0.0    0 10.7 21 300   M    M   3 1      25 290
19  95  71  83   3   0  18 0.00  0.0    0  9.7 17 190   M    M   3        23 210
20  92  72  82   1   0  17 0.00  0.0    0 16.6 25 210   M    M   0        32 210
21  92  72  82   1   0  17 0.00  0.0    0 14.6 23 150   M    M   2 3      27 140
22  93  73  83   2   0  18 0.00  0.0    0 16.8 26 190   M    M   1        35 190
23  92  70  81   0   0  16 0.00  0.0    0 10.3 17 190   M    M   0 1      21 190
24  93  73  83   2   0  18 0.00  0.0    0 11.1 18 180   M    M   1        24 200
25  94  74  84   2   0  19 0.00  0.0    0 12.4 17 190   M    M   1        22 210
26  95  74  85   3   0  20 0.02  0.0    0 10.0 24 310   M    M   3 3      29 330
27  90  69  80  -2   0  15 0.00  0.0    0  9.3 20  30   M    M   0        24  20
28  91  64  78  -4   0  13 0.00  0.0    0  6.6 15 140   M    M   0        21 130
29  94  68  81  -1   0  16 0.00  0.0    0  7.1 15 220   M    M   4        21 270
================================================================================
SM 2621 2013         0 438  4.19     0.0 306.3          M       73
================================================================================
AV 90.4 69.4                              10.6 FASTST   M    M   3    MAX(MPH)
                                 MISC ---->  # 32 360               # 38   10
================================================================================
NOTES:
# LAST OF SEVERAL OCCURRENCES

COLUMN 17 PEAK WIND IN M.P.H.

PRELIMINARY LOCAL CLIMATOLOGICAL DATA (WS FORM: F-6) , PAGE 2

                                          STATION:  WICHITA FALLS
                                          MONTH:    JUNE
                                          YEAR:     2015
                                          LATITUDE:   33 58 N
                                          LONGITUDE:  98 29 W

[TEMPERATURE DATA]      [PRECIPITATION DATA]       SYMBOLS USED IN COLUMN 16

AVERAGE MONTHLY: 79.9   TOTAL FOR MONTH:   4.19    1 = FOG OR MIST
DPTR FM NORMAL:   0.5   DPTR FM NORMAL:    0.12    2 = FOG REDUCING VISIBILITY
HIGHEST:    97 ON 10    GRTST 24HR  3.16 ON 12-13      TO 1/4 MILE OR LESS
LOWEST:     60 ON  1                               3 = THUNDER
                        SNOW, ICE PELLETS, HAIL    4 = ICE PELLETS
                        TOTAL MONTH:   0.0 INCH    5 = HAIL
                        GRTST 24HR     0.0         6 = FREEZING RAIN OR DRIZZLE
                        GRTST DEPTH:   0           7 = DUSTSTORM OR SANDSTORM:
                                                       VSBY 1/2 MILE OR LESS
                                                   8 = SMOKE OR HAZE
[NO. OF DAYS WITH]      [WEATHER - DAYS WITH]      9 = BLOWING SNOW
                                                   X = TORNADO
MAX 32 OR BELOW:   0    0.01 INCH OR MORE:   7
MAX 90 OR ABOVE:  21    0.10 INCH OR MORE:   5
MIN 32 OR BELOW:   0    0.50 INCH OR MORE:   3
MIN  0 OR BELOW:   0    1.00 INCH OR MORE:   2

[HDD (BASE 65) ]
TOTAL THIS MO.     0    CLEAR  (SCALE 0-3)  21
DPTR FM NORMAL     0    PTCLDY (SCALE 4-7)   6
TOTAL FM JUL 1  2897    CLOUDY (SCALE 8-10)  2
DPTR FM NORMAL   -71

[CDD (BASE 65) ]
TOTAL THIS MO.   438
DPTR FM NORMAL    21    [PRESSURE DATA]
TOTAL FM JAN 1   676    HIGHEST SLP M ON M
DPTR FM NORMAL   -60    LOWEST  SLP 29.65 ON 11

[REMARKS]
