000
CXUS54 KEWX 270910
CF6SSF
PRELIMINARY LOCAL CLIMATOLOGICAL DATA (WS FORM: F-6)

                                          STATION:   SAN ANTONIO STINSON FIELD
                                          MONTH:     JANUARY
                                          YEAR:      2015
                                          LATITUDE:   29 19 N
                                          LONGITUDE:  98 29 W

  TEMPERATURE IN F:       :PCPN:    SNOW:  WIND      :SUNSHINE: SKY     :PK WND
================================================================================
1   2   3   4   5  6A  6B    7    8   9   10  11  12  13   14  15   16   17  18
                                     12Z  AVG MX 2MIN
DY MAX MIN AVG DEP HDD CDD  WTR  SNW DPTH SPD SPD DIR MIN PSBL S-S WX    SPD DR
================================================================================

 1  41  36  39 -13  26   0 0.01    M    M  7.6 13  20   M    M  10 18     15  30
 2  44  41  43  -9  22   0 0.12    M    M  5.9 12 330   M    M  10 13     17 320
 3  62  38  50  -2  15   0 0.01    M    M  4.9 10 240   M    M   5 13     15 310
 4  58  33  46  -6  19   0 0.00    M    M  7.2 17  20   M    M   0 1      22  20
 5  53  31  42 -10  23   0 0.00    M    M  4.6 13  30   M    M   0        19  30
 6  66  34  50  -2  15   0 0.00    M    M  2.5 12 250   M    M   1        15 260
 7  56  36  46  -6  19   0 0.00    M    M 12.0 26  20   M    M   5        36  30
 8  41  30  36 -16  29   0 0.00    M    M  5.8 18  20   M    M   7        26  20
 9  41  35  38 -14  27   0 0.01    M    M  9.8 18  40   M    M  10 18     26  20
10  37  34  36 -16  29   0 0.08    M    M  7.4 14  40   M    M  10 18     18  30
11  50  36  43  -9  22   0 0.08    M    M  3.5 12 240   M    M  10 1      14 250
12  56  34  45  -7  20   0 0.00    M    M  8.9 20  20   M    M   5 1      25  30
13  45  39  42 -10  23   0    T    M    M  8.3 21  10   M    M  10        26  20
14  42  39  41 -11  24   0    T    M    M  6.3 10 360   M    M  10 18     15  30
15  59  39  49  -3  16   0 0.00    M    M  4.5 13 350   M    M   3 1      18 350
16  63  32  48  -4  17   0 0.00    M    M  3.2 10 260   M    M   2 1      14 250
17  70  36  53   1  12   0 0.00    M    M  4.1 15 230   M    M   1        20 210
18  70  41  56   4   9   0 0.00    M    M  4.1 12 360   M    M   0        26 150
19  75  34  55   3  10   0    T    M    M  3.7 14 200   M    M   1        18 220
20  83  37  60   8   5   0 0.00    M    M  3.0 14 220   M    M   0        16 230
21  60  52  56   3   9   0 0.15    M    M  8.8 20 100   M    M   7 18     24  90
22  61  44  53   0  12   0 0.93    M    M 12.9 23 360   M    M  10 1      33  10
23  48  35  42 -11  23   0    T    M    M  8.5 18 360   M    M   9        25 360
24  62  34  48  -5  17   0 0.00    M    M  5.4 14 250   M    M   0        17 260
25  73  38  56   3   9   0 0.00    M    M  4.2 12 350   M    M   0        19 280
26  75  37  56   3   9   0 0.00  0.0    0  4.6 14 250   M    M   0        17 250
================================================================================
SM 1491  955       461   0  1.39     0.0 161.7          M      126
================================================================================
AV 57.3 36.7                               6.2 FASTST   M    M   5    MAX(MPH)
                                 MISC ---->  # 26  20               # 36   30
================================================================================
NOTES:
# LAST OF SEVERAL OCCURRENCES

COLUMN 17 PEAK WIND IN M.P.H.

PRELIMINARY LOCAL CLIMATOLOGICAL DATA (WS FORM: F-6) , PAGE 2

                                          STATION:  SAN ANTONIO STINSON FIELD
                                          MONTH:    JANUARY
                                          YEAR:     2015
                                          LATITUDE:   29 19 N
                                          LONGITUDE:  98 29 W

[TEMPERATURE DATA]      [PRECIPITATION DATA]       SYMBOLS USED IN COLUMN 16

AVERAGE MONTHLY: 47.0   TOTAL FOR MONTH:   1.39    1 = FOG OR MIST
DPTR FM NORMAL:  -5.2   DPTR FM NORMAL:   -0.09    2 = FOG REDUCING VISIBILITY
HIGHEST:    83 ON 20    GRTST 24HR  1.08 ON 21-22      TO 1/4 MILE OR LESS
LOWEST:     30 ON  8                               3 = THUNDER
                        SNOW, ICE PELLETS, HAIL    4 = ICE PELLETS
                        TOTAL MONTH:   0.0 INCH    5 = HAIL
                        GRTST 24HR     0.0         6 = FREEZING RAIN OR DRIZZLE
                        GRTST DEPTH:   0           7 = DUSTSTORM OR SANDSTORM:
                                                       VSBY 1/2 MILE OR LESS
                                                   8 = SMOKE OR HAZE
[NO. OF DAYS WITH]      [WEATHER - DAYS WITH]      9 = BLOWING SNOW
                                                   X = TORNADO
MAX 32 OR BELOW:   0    0.01 INCH OR MORE:   8
MAX 90 OR ABOVE:   0    0.10 INCH OR MORE:   3
MIN 32 OR BELOW:   3    0.50 INCH OR MORE:   1
MIN  0 OR BELOW:   0    1.00 INCH OR MORE:   0

[HDD (BASE 65) ]
TOTAL THIS MO.   461    CLEAR  (SCALE 0-3)  12
DPTR FM NORMAL   120    PTCLDY (SCALE 4-7)   5
TOTAL FM JUL 1   966    CLOUDY (SCALE 8-10)  9
DPTR FM NORMAL    45

[CDD (BASE 65) ]
TOTAL THIS MO.     0
DPTR FM NORMAL     0    [PRESSURE DATA]
TOTAL FM JAN 1     0    HIGHEST SLP M ON M
DPTR FM NORMAL     0    LOWEST  SLP 29.84 ON 20

[REMARKS]
