000
CXUS54 KEWX 190910
CF6SSF
PRELIMINARY LOCAL CLIMATOLOGICAL DATA (WS FORM: F-6)

                                          STATION:   SAN ANTONIO STINSON FIELD
                                          MONTH:     OCTOBER
                                          YEAR:      2017
                                          LATITUDE:   29 19 N
                                          LONGITUDE:  98 29 W

  TEMPERATURE IN F:       :PCPN:    SNOW:  WIND      :SUNSHINE: SKY     :PK WND
================================================================================
1   2   3   4   5  6A  6B    7    8   9   10  11  12  13   14  15   16   17  18
                                     12Z  AVG MX 2MIN
DY MAX MIN AVG DEP HDD CDD  WTR  SNW DPTH SPD SPD DIR MIN PSBL S-S WX    SPD DR
================================================================================

 1  90  66  78   3   0  13 0.00    M    M  3.2 10 130   M    M   0        13 130
 2  91  70  81   6   0  16 0.00    M    M  5.5 14 120   M    M   3 1      17 120
 3  88  74  81   6   0  16 0.21    M    M  6.6 25 110   M    M   9 138    32 110
 4  89  77  83   8   0  18 0.25    M    M  8.1 14  90   M    M   8 1      19 120
 5  91  73  82   8   0  17 0.00    M    M  4.7  9 110   M    M   4 1      12  70
 6  89  69  79   5   0  14 0.00    M    M  3.4  9 160   M    M   1 1      12 170
 7  90  67  79   5   0  14 0.00    M    M  2.1  9 360   M    M   3        11 320
 8  92  71  82   8   0  17 0.00    M    M  4.0 13 190   M    M   3 1      16 190
 9  93  72  83  10   0  18 0.00    M    M  6.4 14 140   M    M   2 1      19 150
10  81  66  74   1   0   9    T    M    M 11.1 23  10   M    M   8        32  10
11  79  64  72  -1   0   7 0.00    M    M  5.4 15  20   M    M   8        21  20
12  88  60  74   1   0   9 0.00    M    M  1.9 12 170   M    M   2        15 130
13  90  70  80   8   0  15 0.00    M    M  3.5 13 150   M    M   5 1      17 150
14  92  73  83  11   0  18 0.00    M    M  4.9 15 140   M    M   5 18     20 160
15  82  68  75   3   0  10 0.00    M    M  9.0 21  10   M    M   5        30  10
16  80  53  67  -5   0   2 0.00    M    M  8.4 18  20   M    M   0        26  10
17  81  49  65  -6   0   0    T    M    M  2.3 10  60   M    M   0        13  70
18  85  48  67  -4   0   2    T    M    0  2.3 10 120   M    M   0        14 210
================================================================================
SM 1571 1190         0 215  0.46    M     92.8          M       66
================================================================================
AV 87.3 66.1                               5.2 FASTST   M    M   4    MAX(MPH)
                                 MISC ---->  # 25 110               # 32  110
================================================================================
NOTES:
# LAST OF SEVERAL OCCURRENCES

COLUMN 17 PEAK WIND IN M.P.H.

PRELIMINARY LOCAL CLIMATOLOGICAL DATA (WS FORM: F-6) , PAGE 2

                                          STATION:  SAN ANTONIO STINSON FIELD
                                          MONTH:    OCTOBER
                                          YEAR:     2017
                                          LATITUDE:   29 19 N
                                          LONGITUDE:  98 29 W

[TEMPERATURE DATA]      [PRECIPITATION DATA]       SYMBOLS USED IN COLUMN 16

AVERAGE MONTHLY: 76.7   TOTAL FOR MONTH:   0.46    1 = FOG OR MIST
DPTR FM NORMAL:   3.5   DPTR FM NORMAL:   -1.64    2 = FOG REDUCING VISIBILITY
HIGHEST:    93 ON  9    GRTST 24HR  0.25 ON  4- 4      TO 1/4 MILE OR LESS
LOWEST:     48 ON 18                               3 = THUNDER
                        SNOW, ICE PELLETS, HAIL    4 = ICE PELLETS
                        TOTAL MONTH:    M          5 = HAIL
                        GRTST 24HR    M  ON   M    6 = FREEZING RAIN OR DRIZZLE
                        GRTST DEPTH:   0           7 = DUSTSTORM OR SANDSTORM:
                                                       VSBY 1/2 MILE OR LESS
                                                   8 = SMOKE OR HAZE
[NO. OF DAYS WITH]      [WEATHER - DAYS WITH]      9 = BLOWING SNOW
                                                   X = TORNADO
MAX 32 OR BELOW:   0    0.01 INCH OR MORE:   2
MAX 90 OR ABOVE:   8    0.10 INCH OR MORE:   2
MIN 32 OR BELOW:   0    0.50 INCH OR MORE:   0
MIN  0 OR BELOW:   0    1.00 INCH OR MORE:   0

[HDD (BASE 65) ]
TOTAL THIS MO.     0    CLEAR  (SCALE 0-3)   9
DPTR FM NORMAL    -8    PTCLDY (SCALE 4-7)   7
TOTAL FM JUL 1     0    CLOUDY (SCALE 8-10)  2
DPTR FM NORMAL    -9

[CDD (BASE 65) ]
TOTAL THIS MO.   215
DPTR FM NORMAL    58    [PRESSURE DATA]
TOTAL FM JAN 1  3724    HIGHEST SLP M ON M
DPTR FM NORMAL   677    LOWEST  SLP 29.61 ON  8

[REMARKS]
