000
CXUS52 KJAX 250800
CF6SSI
PRELIMINARY LOCAL CLIMATOLOGICAL DATA (WS FORM: F-6)

                                          STATION:   ST SIMONS ISLAND GA
                                          MONTH:     FEBRUARY
                                          YEAR:      2018
                                          LATITUDE:   31  9 N
                                          LONGITUDE:  81 23 W

  TEMPERATURE IN F:       :PCPN:    SNOW:  WIND      :SUNSHINE: SKY     :PK WND
================================================================================
1   2   3   4   5  6A  6B    7    8   9   10  11  12  13   14  15   16   17  18
                                     12Z  AVG MX 2MIN
DY MAX MIN AVG DEP HDD CDD  WTR  SNW DPTH SPD SPD DIR MIN PSBL S-S WX    SPD DR
================================================================================

 1  65  42  54   2  11   0 0.00  0.0    0  3.8 10 170   M    M   0        16 150
 2  66  44  55   2  10   0 0.00  0.0    0  8.6 17 310   M    M   4        24 340
 3  56  40  48  -5  17   0 0.00  0.0    0 11.8 22  50   M    M   2        32  40
 4  63  55  59   6   6   0 0.79  0.0    0  7.2 15 180   M    M   8 12     31 190
 5  64  46  55   2  10   0 0.00  0.0    0  5.9 18 300   M    M   2 1      24 290
 6  64  43  54   1  11   0 0.00  0.0    0  5.4 13  70   M    M   3 1      21  70
 7  69  57  63  10   2   0 0.06  0.0    0  7.0 18 180   M    M   5 1      25 180
 8  68  55  62   9   3   0 0.00  0.0    0  8.6 17  50   M    M   5        21  60
 9  62  54  58   4   7   0 0.02  0.0    0  9.8 17  40   M    M   8 12     24  30
10  71  59  65  11   0   0 0.00  0.0    0  6.3 12 150   M    M  10 12     17 200
11  72  61  67  13   0   2    T  0.0    0  6.7 14 160   M    M   7 1      26 150
12  73  62  68  14   0   3 0.02  0.0    0  3.5  9  70   M    M   6 1      23  50
13  65  53  59   5   6   0 0.01  0.0    0 13.6 24  30   M    M  10 1      34  20
14  65  51  58   4   7   0    T  0.0    0  5.3 15  40   M    M   8 1      26  20
15  73  51  62   8   3   0 0.00  0.0    0  4.7 15 170   M    M   5 12     20 170
16  81  58  70  15   0   5 0.00  0.0    0  8.7 18 240   M    M   2 1      27 280
17  76  62  69  14   0   4 0.00  0.0    0  5.9 13 150   M    M   4 128    18 230
18  77  61  69  14   0   4 0.00  0.0    0  8.4 15 100   M    M   5 1      19 140
19  74  60  67  12   0   2 0.00  0.0    0  6.0 12  80   M    M   6 128    21  60
20  78  63  71  16   0   6 0.00  0.0    0  7.2 13 130   M    M   3        19 140
21  78  66  72  16   0   7 0.00  0.0    0  7.1 13 130   M    M   4 1      17 150
22  78  62  70  14   0   5 0.00  0.0    0  5.9 10  80   M    M   2        19 190
23  78  61  70  14   0   5 0.00  0.0    0  4.6 14 120   M    M   1 1      20 110
24  77  64  71  15   0   6 0.00  0.0    0  7.1 15 140   M    M   0 1      21 150
================================================================================
SM 1693 1330        93  49  0.90     0.0 169.1          M      110
================================================================================
AV 70.5 55.4                               7.0 FASTST   M    M   5    MAX(MPH)
                                 MISC ---->  # 24  30               # 34   20
================================================================================
NOTES:
# LAST OF SEVERAL OCCURRENCES

COLUMN 17 PEAK WIND IN M.P.H.

PRELIMINARY LOCAL CLIMATOLOGICAL DATA (WS FORM: F-6) , PAGE 2

                                          STATION:  ST SIMONS ISLAND GA
                                          MONTH:    FEBRUARY
                                          YEAR:     2018
                                          LATITUDE:   31  9 N
                                          LONGITUDE:  81 23 W

[TEMPERATURE DATA]      [PRECIPITATION DATA]       SYMBOLS USED IN COLUMN 16

AVERAGE MONTHLY: 63.0   TOTAL FOR MONTH:   0.90    1 = FOG OR MIST
DPTR FM NORMAL:   8.8   DPTR FM NORMAL:   -2.05    2 = FOG REDUCING VISIBILITY
HIGHEST:    81 ON 16    GRTST 24HR  0.79 ON  4- 4      TO 1/4 MILE OR LESS
LOWEST:     40 ON  3                               3 = THUNDER
                        SNOW, ICE PELLETS, HAIL    4 = ICE PELLETS
                        TOTAL MONTH:   0.0 INCH    5 = HAIL
                        GRTST 24HR     0.0         6 = FREEZING RAIN OR DRIZZLE
                        GRTST DEPTH:   0           7 = DUSTSTORM OR SANDSTORM:
                                                       VSBY 1/2 MILE OR LESS
                                                   8 = SMOKE OR HAZE
[NO. OF DAYS WITH]      [WEATHER - DAYS WITH]      9 = BLOWING SNOW
                                                   X = TORNADO
MAX 32 OR BELOW:   0    0.01 INCH OR MORE:   5
MAX 90 OR ABOVE:   0    0.10 INCH OR MORE:   1
MIN 32 OR BELOW:   0    0.50 INCH OR MORE:   1
MIN  0 OR BELOW:   0    1.00 INCH OR MORE:   0

[HDD (BASE 65) ]
TOTAL THIS MO.    93    CLEAR  (SCALE 0-3)   8
DPTR FM NORMAL  -173    PTCLDY (SCALE 4-7)  14
TOTAL FM JUL 1  1049    CLOUDY (SCALE 8-10)  2
DPTR FM NORMAL  -168

[CDD (BASE 65) ]
TOTAL THIS MO.    49
DPTR FM NORMAL    49    [PRESSURE DATA]
TOTAL FM JAN 1    50    HIGHEST SLP M ON M
DPTR FM NORMAL    47    LOWEST  SLP 29.90 ON  4

[REMARKS]
