000
CXUS52 KJAX 010800
CF6SSI
PRELIMINARY LOCAL CLIMATOLOGICAL DATA (WS FORM: F-6)

                                          STATION:   ST SIMONS ISLAND GA
                                          MONTH:     JUNE
                                          YEAR:      2015
                                          LATITUDE:   31  9 N
                                          LONGITUDE:  81 23 W

  TEMPERATURE IN F:       :PCPN:    SNOW:  WIND      :SUNSHINE: SKY     :PK WND
================================================================================
1   2   3   4   5  6A  6B    7    8   9   10  11  12  13   14  15   16   17  18
                                     12Z  AVG MX 2MIN
DY MAX MIN AVG DEP HDD CDD  WTR  SNW DPTH SPD SPD DIR MIN PSBL S-S WX    SPD DR
================================================================================

 1  84  69  77  -1   0  12 0.03    M    M  5.9 15 120   M    M   M        19 120
 2  82  69  76  -2   0  11 0.10  0.0    0  3.8 15 230   M    M   M        18 230
 3  83  70  77  -2   0  12 0.07  0.0    0  7.8 16 120   M    M   M 3      21 100
 4  82  70  76  -3   0  11 0.03  0.0    0  4.9 16  70   M    M   M        21  60
 5  84  70  77  -2   0  12 0.67  0.0    0  5.5 16 350   M    M   M        22 350
 6  86  70  78  -1   0  13 0.00  0.0    0  4.8 12 130   M    M   M        15 130
 7  85  71  78  -1   0  13 0.00  0.0    0  6.8 14 140   M    M   M        18  90
 8  85  74  80   1   0  15 0.00  0.0    0  8.4 16 130   M    M   M        21 160
 9  89  75  82   2   0  17 0.00  0.0    0  8.2 15 170   M    M   M        22 160
10  85  75  80   0   0  15 0.00  0.0    M  6.1 15 170   M    M   M        23 170
11  85  73  79  -1   0  14    T  0.0    M  8.7 16 180   M    M   M        23 150
12  87  72  80   0   0  15 0.00  0.0    M  7.8 16 150   M    M   M        24 190
13  88  73  81   1   0  16 0.00  0.0    M  6.3 16 150   M    M   M        20 140
14  90  75  83   3   0  18 0.00  0.0    0  5.8 13 150   M    M   M        22 180
15  92  74  83   3   0  18 0.00  0.0    M  6.1 14 180   M    M   0        24 160
16  95  77  86   6   0  21 0.00  0.0    0  7.6 14 150   M    M   0        21 120
17  92  77  85   4   0  20 0.00  0.0    0  7.6 14 160   M    M   0        23 150
18  90  79  85   4   0  20 0.00  0.0    0  8.2 17 120   M    M   0        29 110
19  96  77  87   6   0  22 0.43  0.0    0  7.5 29 230   M    M   1 13     40 230
20  96  77  87   6   0  22 0.00  0.0    0  8.6 17 170   M    M   0 3      27 190
21  94  78  86   5   0  21 0.04  0.0    0  8.8 17 170   M    M   2 3      24 160
22  93  74  84   3   0  19 0.41  0.0    0  8.8 26 240   M    M   2 13     35 240
23  89  72  81   0   0  16 0.02  0.0    0  7.8 16 270   M    M   1        24 260
24  91  76  84   3   0  19 0.00  0.0    0  9.2 23 220   M    M   0 3      28 220
25  91  73  82   0   0  17 1.66  0.0    0  8.1 22  10   M    M   1 13     32 110
26  91  74  83   1   0  18    T  0.0    0  8.4 23 240   M    M   2 3      32 240
27  90  78  84   2   0  19 0.03  0.0    0 11.2 21 210   M    M   2 8      34 220
28  91  73  82   0   0  17 0.52  0.0    0  9.5 24 230   M    M   2 138    31 240
29  86  73  80  -2   0  15 0.00  0.0    0  5.3 12 150   M    M   4 1      16 140
30  90  73  82   0   0  17 0.01  0.0    0  7.8 22 220   M    M   1 3      26 230
================================================================================
SM 2662 2211         0 495  4.02     0.0 221.3          M       18
================================================================================
AV 88.7 73.7                               7.4 FASTST   M    M   1    MAX(MPH)
                                 MISC ---->  # 29 230               # 40  230
================================================================================
NOTES:
# LAST OF SEVERAL OCCURRENCES

COLUMN 17 PEAK WIND IN M.P.H.

PRELIMINARY LOCAL CLIMATOLOGICAL DATA (WS FORM: F-6) , PAGE 2

                                          STATION:  ST SIMONS ISLAND GA
                                          MONTH:    JUNE
                                          YEAR:     2015
                                          LATITUDE:   31  9 N
                                          LONGITUDE:  81 23 W

[TEMPERATURE DATA]      [PRECIPITATION DATA]       SYMBOLS USED IN COLUMN 16

AVERAGE MONTHLY: 81.2   TOTAL FOR MONTH:   4.02    1 = FOG OR MIST
DPTR FM NORMAL:   0.9   DPTR FM NORMAL:   -0.82    2 = FOG REDUCING VISIBILITY
HIGHEST:    96 ON 20,19 GRTST 24HR  1.66 ON 25-25      TO 1/4 MILE OR LESS
LOWEST:     69 ON  2, 1                            3 = THUNDER
                        SNOW, ICE PELLETS, HAIL    4 = ICE PELLETS
                        TOTAL MONTH:   0.0 INCH    5 = HAIL
                        GRTST 24HR     0.0         6 = FREEZING RAIN OR DRIZZLE
                        GRTST DEPTH:   0           7 = DUSTSTORM OR SANDSTORM:
                                                       VSBY 1/2 MILE OR LESS
                                                   8 = SMOKE OR HAZE
[NO. OF DAYS WITH]      [WEATHER - DAYS WITH]      9 = BLOWING SNOW
                                                   X = TORNADO
MAX 32 OR BELOW:   0    0.01 INCH OR MORE:  13
MAX 90 OR ABOVE:  15    0.10 INCH OR MORE:   6
MIN 32 OR BELOW:   0    0.50 INCH OR MORE:   3
MIN  0 OR BELOW:   0    1.00 INCH OR MORE:   1

[HDD (BASE 65) ]
TOTAL THIS MO.     0    CLEAR  (SCALE 0-3)  15
DPTR FM NORMAL     0    PTCLDY (SCALE 4-7)   1
TOTAL FM JUL 1  1495    CLOUDY (SCALE 8-10)  0
DPTR FM NORMAL     7

[CDD (BASE 65) ]
TOTAL THIS MO.   495
DPTR FM NORMAL    36    [PRESSURE DATA]
TOTAL FM JAN 1  1043    HIGHEST SLP 30.22 ON 22
DPTR FM NORMAL   142    LOWEST  SLP 29.86 ON  9

[REMARKS]
#FINAL-06-15#
