000
CXUS53 KGRB 280901
CF6STE
PRELIMINARY LOCAL CLIMATOLOGICAL DATA (WS FORM: F-6)

                                          STATION:   STEVENS POINT WI
                                          MONTH:     MARCH
                                          YEAR:      2017
                                          LATITUDE:   44 32 N
                                          LONGITUDE:  89 32 W

  TEMPERATURE IN F:       :PCPN:    SNOW:  WIND      :SUNSHINE: SKY     :PK WND
================================================================================
1   2   3   4   5  6A  6B    7    8   9   10  11  12  13   14  15   16   17  18
                                     12Z  AVG MX 2MIN
DY MAX MIN AVG DEP HDD CDD  WTR  SNW DPTH SPD SPD DIR MIN PSBL S-S WX    SPD DR
================================================================================

 1  34  16  25   M  40   0 0.01    M    0  9.9 18 330   M    M   9        23 330
 2  26  12  19   M  46   0 0.00  0.0    0  6.7 14 280   M    M   5        22 280
 3  21   3  12   M  53   0 0.00  0.0    0  3.8 10 250   M    M   1        16 270
 4  31  10  21   M  44   0 0.00  0.0    0  9.8 18 110   M    M   7        22 120
 5  41  26  34   M  31   0 0.00  0.0    0  8.6 14 120   M    M   7        17 120
 6  57  41  49   M  16   0 0.32    M    0 10.2 15 140   M    M  10 1      24 140
 7  53  31  42   M  23   0 0.02    M    0 19.0 27 240   M    M   6        41 240
 8  37  25  31   M  34   0 0.00  0.0    0 20.5 30 260   M    M   4        48 250
 9  31  21  26   M  39   0 0.00  0.0    0  8.0 13 320   M    M   2        21 320
10  21   7  14   M  51   0 0.00  0.0    0 10.1 16 320   M    M   0        27 320
11  23   4  14   M  51   0 0.00  0.0    0  6.7 12 290   M    M   0        20 330
12  24   3  14   M  51   0 0.01    M    0  3.1  9 100   M    M   4        16 100
13  24  11  18   M  47   0 0.00  0.0    0  8.8 16  30   M    M  10        20  50
14  25  -1  12   M  53   0 0.00  0.0    0  5.8 13 350   M    M   3        20  30
15  32  -1  16   M  49   0 0.00  0.0    0  4.9 12 310   M    M   0        21 310
16  39   7  23   M  42   0 0.00  0.0    0  4.1  9 190   M    M   1         M  M
17  36  29  33   M  32   0 0.17    M    0  5.0  9 270   M    M  10 1      16 260
18  35  26  31   M  34   0 0.00  0.0    0  7.4 15 320   M    M   9        18 310
19  47  18  33   M  32   0 0.00  0.0    0  6.0 15 160   M    M   3        21 150
20  51  28  40   M  25   0 0.00  0.0    0  3.5 13 360   M    M   3 1      18 360
21  39  19  29   M  36   0 0.00  0.0    0  9.5 17 340   M    M   0        23 340
22  35   8  22   M  43   0 0.00  0.0    0  5.3 10 100   M    M   0         M  M
23  40  24  32   M  33   0 0.00  0.0    0  8.3 16 170   M    M  10        24 130
24  36  33  35   M  30   0 0.27    M    0  5.4 14  40   M    M  10 1       M  M
25  37  31  34   M  31   0 0.02    M    0 14.0 18  80   M    M  10 1      27  60
26  37  31  34   M  31   0 0.34    M    0  5.2 12  60   M    M  10 1      17  70
27  42  33  38   M  27   0 0.00  0.0    0  1.1  5 350   M    M  10 1       M  M
================================================================================
SM  954  495      1024   0  1.16     0.0 210.7          M      144
================================================================================
AV 35.3 18.3                               7.8 FASTST   M    M   5    MAX(MPH)
                                 MISC ---->    30   M                 48    M
================================================================================
NOTES:
# LAST OF SEVERAL OCCURRENCES

COLUMN 17 PEAK WIND IN M.P.H.

PRELIMINARY LOCAL CLIMATOLOGICAL DATA (WS FORM: F-6) , PAGE 2

                                          STATION:  STEVENS POINT WI
                                          MONTH:    MARCH
                                          YEAR:     2017
                                          LATITUDE:   44 32 N
                                          LONGITUDE:  89 32 W

[TEMPERATURE DATA]      [PRECIPITATION DATA]       SYMBOLS USED IN COLUMN 16

AVERAGE MONTHLY: 26.8   TOTAL FOR MONTH:   1.16    1 = FOG OR MIST
DPTR FM NORMAL:     M   DPTR FM NORMAL:       M    2 = FOG REDUCING VISIBILITY
HIGHEST:    57 ON  6    GRTST 24HR  0.34 ON 26-26      TO 1/4 MILE OR LESS
LOWEST:     -1 ON 15,14                            3 = THUNDER
                        SNOW, ICE PELLETS, HAIL    4 = ICE PELLETS
                        TOTAL MONTH:   0.0 INCH    5 = HAIL
                        GRTST 24HR     0.0         6 = FREEZING RAIN OR DRIZZLE
                        GRTST DEPTH:   0           7 = DUSTSTORM OR SANDSTORM:
                                                       VSBY 1/2 MILE OR LESS
                                                   8 = SMOKE OR HAZE
[NO. OF DAYS WITH]      [WEATHER - DAYS WITH]      9 = BLOWING SNOW
                                                   X = TORNADO
MAX 32 OR BELOW:  10    0.01 INCH OR MORE:   8
MAX 90 OR ABOVE:   0    0.10 INCH OR MORE:   4
MIN 32 OR BELOW:  24    0.50 INCH OR MORE:   0
MIN  0 OR BELOW:   2    1.00 INCH OR MORE:   0

[HDD (BASE 65) ]
TOTAL THIS MO.  1024    CLEAR  (SCALE 0-3)  11
DPTR FM NORMAL     M    PTCLDY (SCALE 4-7)   6
TOTAL FM JUL 1  6508    CLOUDY (SCALE 8-10) 10
DPTR FM NORMAL  6250

[CDD (BASE 65) ]
TOTAL THIS MO.     0
DPTR FM NORMAL     M    [PRESSURE DATA]
TOTAL FM JAN 1     0    HIGHEST SLP M ON M
DPTR FM NORMAL     0    LOWEST  SLP M ON M

[REMARKS]
