000
CXUS55 KEAX 300736
CF6STJ
PRELIMINARY LOCAL CLIMATOLOGICAL DATA (WS FORM: F-6)

                                          STATION:   ST. JOSEPH MO
                                          MONTH:     JUNE
                                          YEAR:      2015
                                          LATITUDE:   39 46 N
                                          LONGITUDE:  94 55 W

  TEMPERATURE IN F:       :PCPN:    SNOW:  WIND      :SUNSHINE: SKY     :PK WND
================================================================================
1   2   3   4   5  6A  6B    7    8   9   10  11  12  13   14  15   16   17  18
                                     12Z  AVG MX 2MIN
DY MAX MIN AVG DEP HDD CDD  WTR  SNW DPTH SPD SPD DIR MIN PSBL S-S WX    SPD DR
================================================================================

 1  70  57  64  -6   1   0 0.00    M    M  7.5 15 180   M    M   5        19 180
 2  73  58  66  -4   0   1    T    M    M 10.5 18 140   M    M   5        23 140
 3  74  63  69  -2   0   4 0.47    M    M  8.6 31 130   M    M   5 13     49 130
 4  75  65  70  -1   0   5 1.93    M    M 10.1 22 140   M    M   8 13     27 120
 5  85  64  75   4   0  10 0.49    M    M  5.2 24 190   M    M   3 13     30 190
 6  85  66  76   4   0  11 0.43    M    M  7.6 23 320   M    M   3 13     28 320
 7  91  67  79   7   0  14 0.00    M    M 11.8 20 240   M    M   1 38     26 250
 8  89  61  75   3   0  10 0.00    M    M  6.2 21 330   M    M   0        26 330
 9  93  62  78   6   0  13 0.00    M    M  6.4 15 200   M    M   0 1      20 200
10  97  76  87  14   0  22 0.00    M    M  9.5 17 200   M    M   0        22 200
11  89  70  80   7   0  15 1.37    M    M 12.4 29 230   M    M   5 13     38 240
12  72  65  69  -4   0   4 0.01    M    M  6.2 17 340   M    M   9        21 320
13  79  67  73   0   0   8 0.16    M    M  5.0 13 160   M    M   9 1      16 160
14  84  70  77   3   0  12 0.01    M    M  7.1 14 180   M    M   4        17 180
15  82  68  75   1   0  10 0.00    M    M  9.3 23  20   M    M   7        28 350
16  78  63  71  -3   0   6 0.00    M    M  8.0 14  60   M    M   4        21  90
17  88  64  76   2   0  11 0.00    M    M  4.6 12 220   M    M   3 12     15 220
18  80  68  74   0   0   9 0.00    M    M  6.7 16  40   M    M   2        21  40
19  85  63  74  -1   0   9 0.00    M    M  7.2 13  30   M    M   0        17  30
20  99  69  84   9   0  19 0.00    M    M 12.4 24 210   M    M   1        32 210
21  85  70  78   3   0  13 0.50    M    M  7.8 21 220   M    M   4 13     26 220
22  95  75  85  10   0  20    T    M    M 13.8 24 190   M    M   3 3      31 200
23  79  65  72  -3   0   7 0.08    M    M  6.6 17 200   M    M   2 3      24 200
24  94  66  80   5   0  15 0.00    M    M 10.2 22 190   M    M   1        29 190
25  90  71  81   5   0  16 1.00    M    M 11.0 31  20   M    M   2 13     38  20
26  82  64  73  -3   0   8 0.42    M    M  7.1 26  40   M    M   4 13     33  50
27  84  61  73  -3   0   8 0.00    M    M  4.2 10 360   M    M   0 1      20  80
28  89  67  78   2   0  13 0.01    M    M  9.5 22 320   M    M   0        28 320
29  88  63  76   0   0  11 0.00    M    M  5.3 17 300   M    M   0        22 310
================================================================================
SM 2454 1908         1 304  6.88    M    237.8          M       90
================================================================================
AV 84.6 65.8                               8.2 FASTST   M    M   3    MAX(MPH)
                                 MISC ---->  # 31 130               # 49  130
================================================================================
NOTES:
# LAST OF SEVERAL OCCURRENCES

COLUMN 17 PEAK WIND IN M.P.H.

PRELIMINARY LOCAL CLIMATOLOGICAL DATA (WS FORM: F-6) , PAGE 2

                                          STATION:  ST. JOSEPH MO
                                          MONTH:    JUNE
                                          YEAR:     2015
                                          LATITUDE:   39 46 N
                                          LONGITUDE:  94 55 W

[TEMPERATURE DATA]      [PRECIPITATION DATA]       SYMBOLS USED IN COLUMN 16

AVERAGE MONTHLY: 75.2   TOTAL FOR MONTH:   6.88    1 = FOG OR MIST
DPTR FM NORMAL:   1.7   DPTR FM NORMAL:    2.79    2 = FOG REDUCING VISIBILITY
HIGHEST:    99 ON 20    GRTST 24HR  2.39 ON  4- 5      TO 1/4 MILE OR LESS
LOWEST:     57 ON  1                               3 = THUNDER
                        SNOW, ICE PELLETS, HAIL    4 = ICE PELLETS
                        TOTAL MONTH:    M          5 = HAIL
                        GRTST 24HR    M  ON   M    6 = FREEZING RAIN OR DRIZZLE
                        GRTST DEPTH:  M  ON   M    7 = DUSTSTORM OR SANDSTORM:
                                                       VSBY 1/2 MILE OR LESS
                                                   8 = SMOKE OR HAZE
[NO. OF DAYS WITH]      [WEATHER - DAYS WITH]      9 = BLOWING SNOW
                                                   X = TORNADO
MAX 32 OR BELOW:   0    0.01 INCH OR MORE:  13
MAX 90 OR ABOVE:   7    0.10 INCH OR MORE:   9
MIN 32 OR BELOW:   0    0.50 INCH OR MORE:   4
MIN  0 OR BELOW:   0    1.00 INCH OR MORE:   3

[HDD (BASE 65) ]
TOTAL THIS MO.     1    CLEAR  (SCALE 0-3)  16
DPTR FM NORMAL    -5    PTCLDY (SCALE 4-7)  11
TOTAL FM JUL 1  5501    CLOUDY (SCALE 8-10)  2
DPTR FM NORMAL    45

[CDD (BASE 65) ]
TOTAL THIS MO.   304
DPTR FM NORMAL    48    [PRESSURE DATA]
TOTAL FM JAN 1   372    HIGHEST SLP  0.00 ON M
DPTR FM NORMAL     3    LOWEST  SLP  0.00 ON M

[REMARKS]
