000
CXUS53 KMPX 261000
CF6STP
PRELIMINARY LOCAL CLIMATOLOGICAL DATA (WS FORM: F-6)

                                          STATION:   ST PAUL MN
                                          MONTH:     APRIL
                                          YEAR:      2017
                                          LATITUDE:   44 55 N
                                          LONGITUDE:  93  4 W

  TEMPERATURE IN F:       :PCPN:    SNOW:  WIND      :SUNSHINE: SKY     :PK WND
================================================================================
1   2   3   4   5  6A  6B    7    8   9   10  11  12  13   14  15   16   17  18
                                     12Z  AVG MX 2MIN
DY MAX MIN AVG DEP HDD CDD  WTR  SNW DPTH SPD SPD DIR MIN PSBL S-S WX    SPD DR
================================================================================

 1  65  33  49   7  16   0 0.00    M    M  2.6 12 320   M    M   1        15 310
 2  55  38  47   5  18   0    T    M    M  8.4 20 160   M    M   8 1      25 170
 3  52  46  49   6  16   0 0.06    M    M  7.5 15  40   M    M  10 1      20 340
 4  62  41  52   9  13   0 0.00    M    M  9.4 20  30   M    M   1        23  40
 5  54  38  46   2  19   0 0.00    M    M  7.3 15 360   M    M   2        19  20
 6  55  34  45   1  20   0 0.00    M    M 10.3 24 350   M    M   0        34 340
 7  60  30  45   0  20   0 0.00    M    M  6.9 18 190   M    M   0        23 170
 8  70  45  58  13   7   0 0.00    M    M 12.7 22 160   M    M   0        31 150
 9  73  49  61  15   4   0 0.01    M    M  9.0 24  20   M    M   5 3      33  20
10  53  33  43  -3  22   0    M    M    M 11.5 24 350   M    M  10 1      31 350
11  52  32  42  -5  23   0    M    M    M  5.5 14 260   M    M   5 1      17 300
12  56  37  47   0  18   0 0.15    M    M  7.4 14  80   M    M   6 1      19 150
13  54  45  50   2  15   0 0.00    M    M  8.0 16 110   M    M  10 1      22 110
14  64  47  56   8   9   0 0.29    M    M 11.8 22 140   M    M   6 1      27 130
15  72  53  63  14   2   0 0.92    M    M  7.0 31 330   M    M   9 13     37 330
16  65  47  56   7   9   0 0.00    M    M 12.6 23 270   M    M   1        37 270
17  59  43  51   1  14   0 0.00    M    M  6.2 16 340   M    M   2        19 330
18  65  47  56   6   9   0 0.15    M    M 14.1 30 180   M    M   9 1      38 170
19  51  44  48  -3  17   0 0.61    M    M 11.1 22  60   M    M   8 13     30  60
20  50  39  45  -6  20   0 0.12    M    M 10.9 21 340   M    M   8 13     28 320
21  63  33  48  -4  17   0 0.00    M    M  4.6 15  30   M    M   1        21 340
22  69  38  54   2  11   0 0.00    M    M  4.2 15 250   M    M   0        23 260
23  68  44  56   4   9   0 0.00    M    M  4.6 15 340   M    M   0 8      17  10
24  72  45  59   6   6   0 0.01    M    M 10.7 29 160   M    M   4        40 160
25  62  49  56   3   9   0 0.49    M    M  6.9 16 230   M    M   8 1      19 220
================================================================================
SM 1521 1030       343   0  2.81    M    211.2          M      114
================================================================================
AV 60.8 41.2                               8.4 FASTST   M    M   5    MAX(MPH)
                                 MISC ---->  # 31 330               # 40  160
================================================================================
NOTES:
# LAST OF SEVERAL OCCURRENCES

COLUMN 17 PEAK WIND IN M.P.H.

PRELIMINARY LOCAL CLIMATOLOGICAL DATA (WS FORM: F-6) , PAGE 2

                                          STATION:  ST PAUL MN
                                          MONTH:    APRIL
                                          YEAR:     2017
                                          LATITUDE:   44 55 N
                                          LONGITUDE:  93  4 W

[TEMPERATURE DATA]      [PRECIPITATION DATA]       SYMBOLS USED IN COLUMN 16

AVERAGE MONTHLY: 51.0   TOTAL FOR MONTH:   2.81    1 = FOG OR MIST
DPTR FM NORMAL:   3.3   DPTR FM NORMAL:    1.46    2 = FOG REDUCING VISIBILITY
HIGHEST:    73 ON  9    GRTST 24HR  1.15 ON 14-15      TO 1/4 MILE OR LESS
LOWEST:     30 ON  7                               3 = THUNDER
                        SNOW, ICE PELLETS, HAIL    4 = ICE PELLETS
                        TOTAL MONTH:    M          5 = HAIL
                        GRTST 24HR    M  ON   M    6 = FREEZING RAIN OR DRIZZLE
                        GRTST DEPTH:  M  ON   M    7 = DUSTSTORM OR SANDSTORM:
                                                       VSBY 1/2 MILE OR LESS
                                                   8 = SMOKE OR HAZE
[NO. OF DAYS WITH]      [WEATHER - DAYS WITH]      9 = BLOWING SNOW
                                                   X = TORNADO
MAX 32 OR BELOW:   0    0.01 INCH OR MORE:  10
MAX 90 OR ABOVE:   0    0.10 INCH OR MORE:   7
MIN 32 OR BELOW:   2    0.50 INCH OR MORE:   2
MIN  0 OR BELOW:   0    1.00 INCH OR MORE:   0

[HDD (BASE 65) ]
TOTAL THIS MO.   343    CLEAR  (SCALE 0-3)  11
DPTR FM NORMAL   -91    PTCLDY (SCALE 4-7)   7
TOTAL FM JUL 1  6109    CLOUDY (SCALE 8-10)  7
DPTR FM NORMAL  -904

[CDD (BASE 65) ]
TOTAL THIS MO.     0
DPTR FM NORMAL     0    [PRESSURE DATA]
TOTAL FM JAN 1     0    HIGHEST SLP M ON M
DPTR FM NORMAL     0    LOWEST  SLP 29.44 ON  8

[REMARKS]
