000
CXUS55 KFSD 011350
CF6SUX

PRELIMINARY LOCAL CLIMATOLOGICAL DATA (WS FORM: F-6)

                                          STATION:   SIOUX CITY IA
                                          MONTH:     JUNE
                                          YEAR:      2015
                                          LATITUDE:   42 24 N
                                          LONGITUDE:  96 23 W

  TEMPERATURE IN F:       :PCPN:    SNOW:  WIND      :SUNSHINE: SKY     :PK WND
================================================================================
1   2   3   4   5  6A  6B    7    8   9   10  11  12  13   14  15   16   17  18
                                     12Z  AVG MX 2MIN
DY MAX MIN AVG DEP HDD CDD  WTR  SNW DPTH SPD SPD DIR MIN PSBL S-S WX    SPD DR
================================================================================

 1  78  49  64  -2   1   0 0.00  0.0    0 11.2 21 180   M    M   1        26 180
 2  81  58  70   4   0   5 0.00  0.0    0 14.9 24 170   M    M   3        30 170
 3  82  63  73   6   0   8 0.27  0.0    0  6.0 24 270   M    M   2 13     32 260
 4  82  60  71   4   0   6 0.00  0.0    0  5.8 15  60   M    M   1 1      18 100
 5  86  60  73   6   0   8 0.00  0.0    0  5.7 15  80   M    M   4        19  80
 6  82  66  74   6   0   9 0.75  0.0    0 13.0 32 290   M    M   4 13     44 270
 7  78  61  70   2   0   5    T  0.0    0  7.1 17 290   M    M   3        22 310
 8  88  62  75   7   0  10 0.00  0.0    0  8.1 22 330   M    M   0        29 320
 9  99  61  80  11   0  15 0.00  0.0    0  6.0 18 250   M    M   0        23 280
10  90  64  77   8   0  12 0.54  0.0    0 11.2 23  80   M    M   1 3      29  70
11  67  63  65  -4   0   0 0.45  0.0    0 12.3 21  80   M    M  10 1      25  80
12  67  61  64  -6   1   0 0.00  0.0    0  5.7 15  10   M    M  10 1      21  30
13  79  63  71   1   0   6    T  0.0    0  5.5 13 160   M    M   6 1      16 130
14  85  63  74   4   0   9 0.00  0.0    0  4.7 10 190   M    M   1 1      15 180
15  78  59  69  -1   0   4 1.63  0.0    0  8.7 21  40   M    M   3 13     26  40
16  80  53  67  -4   0   2 0.00  0.0    0  6.9 17 130   M    M   2        22 130
17  79  65  72   1   0   7    T  0.0    0  9.6 21 330   M    M   1        26 320
18  79  57  68  -3   0   3 0.01  0.0    0  4.4 15 340   M    M   3 1      17 340
19  83  54  69  -3   0   4 0.00  0.0    0  8.8 21 160   M    M   0 12     27 160
20  89  65  77   5   0  12 0.00  0.0    0 10.2 24 330   M    M   1        29 320
21  90  60  75   3   0  10 0.01  0.0    0  6.2 15 150   M    M   1        20 150
22  87  60  74   2   0   9 0.04  0.0    0 12.4 38 340   M    M   1 3      50 340
23  82  56  69  -3   0   4    T  0.0    0  2.7  8 190   M    M   3        11 210
24  81  65  73   0   0   8 0.27  0.0    0  7.8 31 100   M    M   4 13     37 110
25  86  67  77   4   0  12 0.00  0.0    0  7.2 14  50   M    M   3        17  40
26  84  63  74   1   0   9 0.17  0.0    0  9.0 17  10   M    M   4 1      24  10
27  87  57  72  -1   0   7 0.00  0.0    0  3.9 15 200   M    M   1 12     17 200
28  87  66  77   4   0  12 0.00  0.0    0 12.8 26 340   M    M   2        33 330
29  86  62  74   0   0   9 0.00  0.0    0  5.9 15 330   M    M   0 18     18 320
30  74  63  69  -5   0   4 0.05  0.0    0  3.9  9  70   M    M   4 18     11 260
================================================================================
SM 2476 1826         2 209  4.19     0.0 237.6          M       79
================================================================================
AV 82.5 60.9                               7.9 FASTST   M    M   3    MAX(MPH)
                                 MISC ---->  # 38 340               # 50  340
================================================================================
NOTES:
# LAST OF SEVERAL OCCURRENCES
-COLUMN 17 PEAK WIND IN M.P.H.
-PRECIPITATION AMOUNTS IN COLUMNS 7, 8, AND 9 ARE THE OFFICIAL
 PRECIPITATION AMOUNTS FOR SIOUX CITY, IA.
-SNOW DEPTH IN COLUMN 9 IS RECORDED AT 6AM CST (12Z).

PRELIMINARY LOCAL CLIMATOLOGICAL DATA (WS FORM: F-6) , PAGE 2

                                          STATION:  SIOUX CITY IA
                                          MONTH:    JUNE
                                          YEAR:     2015
                                          LATITUDE:   42 24 N
                                          LONGITUDE:  96 23 W

[TEMPERATURE DATA]      [PRECIPITATION DATA]       SYMBOLS USED IN COLUMN 16

AVERAGE MONTHLY: 71.7   TOTAL FOR MONTH:   4.19    1 = FOG OR MIST
DPTR FM NORMAL:   1.4   DPTR FM NORMAL:    0.30    2 = FOG REDUCING VISIBILITY
HIGHEST:    99 ON  9    GRTST 24HR  1.63 ON 15-15      TO 1/4 MILE OR LESS
LOWEST:     49 ON  1                               3 = THUNDER
                        SNOW, ICE PELLETS, HAIL    4 = ICE PELLETS
                        TOTAL MONTH:   0.0 INCH    5 = HAIL
                        GRTST 24HR     0.0         6 = FREEZING RAIN OR DRIZZLE
                        GRTST DEPTH:   0           7 = DUSTSTORM OR SANDSTORM:
                                                       VSBY 1/2 MILE OR LESS
                                                   8 = SMOKE OR HAZE
[NO. OF DAYS WITH]      [WEATHER - DAYS WITH]      9 = BLOWING SNOW
                                                   X = TORNADO
MAX 32 OR BELOW:   0    0.01 INCH OR MORE:  11
MAX 90 OR ABOVE:   3    0.10 INCH OR MORE:   7
MIN 32 OR BELOW:   0    0.50 INCH OR MORE:   3
MIN  0 OR BELOW:   0    1.00 INCH OR MORE:   1

[HDD (BASE 65) ]
TOTAL THIS MO.     2    CLEAR  (SCALE 0-3)  19
DPTR FM NORMAL   -25    PTCLDY (SCALE 4-7)   9
TOTAL FM JUL 1  6409    CLOUDY (SCALE 8-10)  2
DPTR FM NORMAL  -452

[CDD (BASE 65) ]
TOTAL THIS MO.   209
DPTR FM NORMAL    21    [PRESSURE DATA]
TOTAL FM JAN 1   238    HIGHEST SLP 30.19 ON 16
DPTR FM NORMAL   -14    LOWEST  SLP 29.54 ON 22

[REMARKS]
#FINAL-06-15#
