000
CXUS54 KOUN 220700
CF6SWO
PRELIMINARY LOCAL CLIMATOLOGICAL DATA (WS FORM: F-6)

                                          STATION:   STILLWATER
                                          MONTH:     JANUARY
                                          YEAR:      2018
                                          LATITUDE:   36 10 N
                                          LONGITUDE:  97  5 W

  TEMPERATURE IN F:       :PCPN:    SNOW:  WIND      :SUNSHINE: SKY     :PK WND
================================================================================
1   2   3   4   5  6A  6B    7    8   9   10  11  12  13   14  15   16   17  18
                                     12Z  AVG MX 2MIN
DY MAX MIN AVG DEP HDD CDD  WTR  SNW DPTH SPD SPD DIR MIN PSBL S-S WX    SPD DR
================================================================================

 1  19   2  11 -25  54   0 0.00  0.0    0  7.4 15  20   M    M   0        19  30
 2  22  10  16 -20  49   0 0.00  0.0    0  3.9  9  70   M    M   3        11 280
 3  40  13  27  -9  38   0 0.00  0.0    0  6.7 17 320   M    M   0        26 320
 4  42  16  29  -7  36   0 0.00  0.0    0  5.2 10 170   M    M   0        15 140
 5  53  16  35  -1  30   0 0.00  0.0    0  4.6 12  60   M    M   0        16  60
 6  51  20  36   0  29   0 0.00  0.0    0  9.3 21 150   M    M   0        27 160
 7  50  38  44   8  21   0 0.21  0.0    0 11.7 28 160   M    M   7 1      36 160
 8  56  29  43   7  22   0 0.00  0.0    0  4.1 12  20   M    M   0        15 340
 9  57  28  43   7  22   0 0.00  0.0    0 10.4 21 150   M    M   0        25 140
10  62  41  52  16  13   0 0.02  0.0    0 17.7 31 170   M    M   3        38 170
11  52  18  35  -1  30   0    T  0.0    0 15.8 30 340   M    M   4 168    42 350
12  35  12  24 -13  41   0 0.00  0.0    0  9.5 14  20   M    M   1        18 330
13  34  18  26 -11  39   0 0.00  0.0    0  6.8 15 360   M    M   6        20 350
14  50  25  38   1  27   0 0.00  0.0    0  7.8 18 230   M    M   4        24 260
15  39  10  25 -12  40   0 0.00  0.0    0 13.4 25  40   M    M   6        31  40
16  21   2  12 -25  53   0 0.00  0.0    0  8.6 20 350   M    M   0        27 340
17  35   1  18 -19  47   0 0.00  0.0    0  5.8 14 160   M    M   0        18 160
18  53  17  35  -2  30   0 0.00  0.0    0 11.7 24 210   M    M   0        29 200
19  62  24  43   6  22   0 0.00  0.0    0 12.7 24 200   M    M   0        33 210
20  69  47  58  21   7   0 0.00  0.0    0 13.8 21 170   M    M   5        30 180
21  71  44  58  21   7   0 0.00  0.0    0 15.8 30 250   M    M   4        39 240
================================================================================
SM  973  431       657   0  0.23     0.0 202.7          M       43
================================================================================
AV 46.3 20.5                               9.7 FASTST   M    M   2    MAX(MPH)
                                 MISC ---->  # 31 170               # 42  350
================================================================================
NOTES:
# LAST OF SEVERAL OCCURRENCES

COLUMN 17 PEAK WIND IN M.P.H.

PRELIMINARY LOCAL CLIMATOLOGICAL DATA (WS FORM: F-6) , PAGE 2

                                          STATION:  STILLWATER
                                          MONTH:    JANUARY
                                          YEAR:     2018
                                          LATITUDE:   36 10 N
                                          LONGITUDE:  97  5 W

[TEMPERATURE DATA]      [PRECIPITATION DATA]       SYMBOLS USED IN COLUMN 16

AVERAGE MONTHLY: 33.4   TOTAL FOR MONTH:   0.23    1 = FOG OR MIST
DPTR FM NORMAL:  -3.0   DPTR FM NORMAL:   -0.57    2 = FOG REDUCING VISIBILITY
HIGHEST:    71 ON 21    GRTST 24HR  0.21 ON  7- 7      TO 1/4 MILE OR LESS
LOWEST:      1 ON 17                               3 = THUNDER
                        SNOW, ICE PELLETS, HAIL    4 = ICE PELLETS
                        TOTAL MONTH:   0.0 INCH    5 = HAIL
                        GRTST 24HR     0.0         6 = FREEZING RAIN OR DRIZZLE
                        GRTST DEPTH:   0           7 = DUSTSTORM OR SANDSTORM:
                                                       VSBY 1/2 MILE OR LESS
                                                   8 = SMOKE OR HAZE
[NO. OF DAYS WITH]      [WEATHER - DAYS WITH]      9 = BLOWING SNOW
                                                   X = TORNADO
MAX 32 OR BELOW:   3    0.01 INCH OR MORE:   2
MAX 90 OR ABOVE:   0    0.10 INCH OR MORE:   1
MIN 32 OR BELOW:  17    0.50 INCH OR MORE:   0
MIN  0 OR BELOW:   0    1.00 INCH OR MORE:   0

[HDD (BASE 65) ]
TOTAL THIS MO.   657    CLEAR  (SCALE 0-3)  13
DPTR FM NORMAL    59    PTCLDY (SCALE 4-7)   8
TOTAL FM JUL 1  1992    CLOUDY (SCALE 8-10)  0
DPTR FM NORMAL  -133

[CDD (BASE 65) ]
TOTAL THIS MO.     0
DPTR FM NORMAL     0    [PRESSURE DATA]
TOTAL FM JAN 1     0    HIGHEST SLP M ON M
DPTR FM NORMAL     0    LOWEST  SLP 29.53 ON M

[REMARKS]
