000
CXUS55 KPUB 291059
CF6TAD
PRELIMINARY LOCAL CLIMATOLOGICAL DATA (WS FORM: F-6)

                                          STATION:   TRINIDAD CO
                                          MONTH:     JULY
                                          YEAR:      2015
                                          LATITUDE:   37 16 N
                                          LONGITUDE: 104 20 W

  TEMPERATURE IN F:       :PCPN:    SNOW:  WIND      :SUNSHINE: SKY     :PK WND
================================================================================
1   2   3   4   5  6A  6B    7    8   9   10  11  12  13   14  15   16   17  18
                                     12Z  AVG MX 2MIN
DY MAX MIN AVG DEP HDD CDD  WTR  SNW DPTH SPD SPD DIR MIN PSBL S-S WX    SPD DR
================================================================================

 1  91  62  77   4   0  12 0.26  0.0    0  8.1 26 350   M    M   1 3      37  10
 2  79  60  70  -3   0   5 0.00  0.0    0  6.9 23  20   M    M   3        29  20
 3  88  59  74   1   0   9 0.17  0.0    0  9.1 30 220   M    M   3 3      38 220
 4  93  59  76   3   0  11    T  0.0    0 10.0 25  20   M    M   1        40  20
 5  90  59  75   2   0  10    T  0.0    0  8.4 21 250   M    M   1 3      25 260
 6  69  61  65  -8   0   0 0.09  0.0    0  6.2 15  30   M    M   9 1      20  30
 7  67  57  62 -12   3   0 0.05  0.0    0  5.1 12  60   M    M   9 1      16  50
 8  78  51  65  -9   0   0 0.12  0.0    0  6.0 20  10   M    M   1 138    27  10
 9  82  52  67  -7   0   2    T  0.0    0  6.3 20 200   M    M   4 123    23 200
10  89  56  73  -1   0   8    T  0.0    0 10.7 21 220   M    M   1        28 240
11  90  53  72  -2   0   7 0.00  0.0    0  8.0 16 260   M    M   0        25 140
12  93  56  75   1   0  10 0.04  0.0    0 10.4 36 220   M    M   0 3      42 230
13  93  62  78   4   0  13 0.03  0.0    0 11.2 39 290   M    M   2 3      47 290
14  92  58  75   1   0  10    T  0.0    0 10.0 20  10   M    M   2 3      27 310
15  86  59  73  -1   0   8 0.01  0.0    0  8.0 30 220   M    M   2 3      39 220
16  92  53  73  -1   0   8 0.00  0.0    0  7.1 16 150   M    M   0        21 150
17  93  65  79   5   0  14 0.00  0.0    0 11.1 20 240   M    M   0        27 250
18  90  60  75   1   0  10 0.00  0.0    0  7.4 18 170   M    M   1        22  10
19  90  60  75   1   0  10 0.27  0.0    0  8.3 22 330   M    M   4 13     26 320
20  79  59  69  -5   0   4    T  0.0    0  6.9 15 250   M    M   7        18 240
21  81  59  70  -4   0   5    T  0.0    0  9.8 21 120   M    M   2 3      26 130
22  91  52  72  -2   0   7 0.00  0.0    0  7.2 20 340   M    M   0        26 340
23  96  57  77   3   0  12 0.00  0.0    0  9.1 18 160   M    M   0        23 160
24  98  59  79   5   0  14    T  0.0    0  7.7 28 250   M    M   2 3      36 250
25  93  62  78   4   0  13    T  0.0    0  7.9 25 300   M    M   1 3      33 290
26  94  64  79   6   0  14    T  0.0    0 10.2 35 230   M    M   1 3      43 190
27  97  63  80   7   0  15 0.01  0.0    0 11.7 30 210   M    M   2 3      37 240
28  88  62  75   2   0  10 0.00  0.0    0  8.1 25 190   M    M   0 3      35 190
================================================================================
SM 2462 1639         3 241  1.05     0.0 236.9          M       59
================================================================================
AV 87.9 58.5                               8.5 FASTST   M    M   2    MAX(MPH)
                                 MISC ---->  # 39 290               # 47  290
================================================================================
NOTES:
# LAST OF SEVERAL OCCURRENCES

COLUMN 17 PEAK WIND IN M.P.H.

PRELIMINARY LOCAL CLIMATOLOGICAL DATA (WS FORM: F-6) , PAGE 2

                                          STATION:  TRINIDAD CO
                                          MONTH:    JULY
                                          YEAR:     2015
                                          LATITUDE:   37 16 N
                                          LONGITUDE: 104 20 W

[TEMPERATURE DATA]      [PRECIPITATION DATA]       SYMBOLS USED IN COLUMN 16

AVERAGE MONTHLY: 73.2   TOTAL FOR MONTH:   1.05    1 = FOG OR MIST
DPTR FM NORMAL:  -0.4   DPTR FM NORMAL:   -0.98    2 = FOG REDUCING VISIBILITY
HIGHEST:    98 ON 24    GRTST 24HR  0.27 ON 19-19      TO 1/4 MILE OR LESS
LOWEST:     51 ON  8                               3 = THUNDER
                        SNOW, ICE PELLETS, HAIL    4 = ICE PELLETS
                        TOTAL MONTH:   0.0 INCH    5 = HAIL
                        GRTST 24HR     0.0         6 = FREEZING RAIN OR DRIZZLE
                        GRTST DEPTH:   0           7 = DUSTSTORM OR SANDSTORM:
                                                       VSBY 1/2 MILE OR LESS
                                                   8 = SMOKE OR HAZE
[NO. OF DAYS WITH]      [WEATHER - DAYS WITH]      9 = BLOWING SNOW
                                                   X = TORNADO
MAX 32 OR BELOW:   0    0.01 INCH OR MORE:  10
MAX 90 OR ABOVE:  17    0.10 INCH OR MORE:   4
MIN 32 OR BELOW:   0    0.50 INCH OR MORE:   0
MIN  0 OR BELOW:   0    1.00 INCH OR MORE:   0

[HDD (BASE 65) ]
TOTAL THIS MO.     3    CLEAR  (SCALE 0-3)  23
DPTR FM NORMAL     3    PTCLDY (SCALE 4-7)   3
TOTAL FM JUL 1     3    CLOUDY (SCALE 8-10)  2
DPTR FM NORMAL     3

[CDD (BASE 65) ]
TOTAL THIS MO.   241
DPTR FM NORMAL    -2    [PRESSURE DATA]
TOTAL FM JAN 1   435    HIGHEST SLP M ON M
DPTR FM NORMAL    23    LOWEST  SLP 29.81 ON 27

[REMARKS]
