000
CXUS55 KPUB 191059
CF6TAD
PRELIMINARY LOCAL CLIMATOLOGICAL DATA (WS FORM: F-6)

                                          STATION:   TRINIDAD CO
                                          MONTH:     SEPTEMBER
                                          YEAR:      2017
                                          LATITUDE:   37 16 N
                                          LONGITUDE: 104 20 W

  TEMPERATURE IN F:       :PCPN:    SNOW:  WIND      :SUNSHINE: SKY     :PK WND
================================================================================
1   2   3   4   5  6A  6B    7    8   9   10  11  12  13   14  15   16   17  18
                                     12Z  AVG MX 2MIN
DY MAX MIN AVG DEP HDD CDD  WTR  SNW DPTH SPD SPD DIR MIN PSBL S-S WX    SPD DR
================================================================================

 1  85  59  72   3   0   7 0.32  0.0    0  9.7 29 240   M    M   2 3      38 140
 2  88  56  72   3   0   7 0.00  0.0    0  7.9 16 250   M    M   0        20 250
 3  93  57  75   6   0  10 0.00  0.0    0  8.5 17 250   M    M   0 8      21 250
 4  91  57  74   6   0   9 0.03  0.0    0 10.6 35  10   M    M   0 38     53  10
 5  77  52  65  -3   0   0 0.00  0.0    0  6.9 18  60   M    M   4 8      24  50
 6  79  48  64  -4   1   0 0.01  0.0    0  6.2 14 220   M    M   0 38     16  80
 7  88  55  72   4   0   7 0.03  0.0    0  9.6 35 270   M    M   2 38     46 260
 8  87  58  73   6   0   8 0.00  0.0    0  8.5 22 230   M    M   0 8      26 230
 9  87  54  71   4   0   6 0.00  0.0    0 11.2 24 240   M    M   0        31 250
10  88  58  73   7   0   8 0.00  0.0    0 10.0 28 240   M    M   0        34 240
11  89  57  73   7   0   8 0.13  0.0    0 11.0 25 200   M    M   2 38     36 210
12  85  55  70   4   0   5 0.00  0.0    0  8.3 16 240   M    M   1        20 240
13  88  55  72   7   0   7 0.24  0.0    0  9.1 26 300   M    M   0 3      38 300
14  88  49  69   4   0   4 0.00  0.0    0 10.1 26 260   M    M   0        33 260
15  84  55  70   5   0   5 0.00  0.0    0 14.2 25 270   M    M   0        32 270
16  78  50  64   0   1   0 0.00  0.0    0  8.7 18  70   M    M   0        23  80
17  67  50  59  -5   6   0 0.21  0.0    0  6.2 21  70   M    M   5 138    25 300
18  81  50  66   3   0   1 0.00  0.0    0  8.4 16 250   M    M   1        19 260
================================================================================
SM 1523  975         8  92  0.97     0.0 165.1          M       17
================================================================================
AV 84.6 54.2                               9.2 FASTST   M    M   1    MAX(MPH)
                                 MISC ---->  # 35  10               # 53   10
================================================================================
NOTES:
# LAST OF SEVERAL OCCURRENCES

COLUMN 17 PEAK WIND IN M.P.H.

PRELIMINARY LOCAL CLIMATOLOGICAL DATA (WS FORM: F-6) , PAGE 2

                                          STATION:  TRINIDAD CO
                                          MONTH:    SEPTEMBER
                                          YEAR:     2017
                                          LATITUDE:   37 16 N
                                          LONGITUDE: 104 20 W

[TEMPERATURE DATA]      [PRECIPITATION DATA]       SYMBOLS USED IN COLUMN 16

AVERAGE MONTHLY: 69.4   TOTAL FOR MONTH:   0.97    1 = FOG OR MIST
DPTR FM NORMAL:   2.9   DPTR FM NORMAL:    0.13    2 = FOG REDUCING VISIBILITY
HIGHEST:    93 ON  3    GRTST 24HR  0.32 ON  1- 1      TO 1/4 MILE OR LESS
LOWEST:     48 ON  6                               3 = THUNDER
                        SNOW, ICE PELLETS, HAIL    4 = ICE PELLETS
                        TOTAL MONTH:   0.0 INCH    5 = HAIL
                        GRTST 24HR     0.0         6 = FREEZING RAIN OR DRIZZLE
                        GRTST DEPTH:   0           7 = DUSTSTORM OR SANDSTORM:
                                                       VSBY 1/2 MILE OR LESS
                                                   8 = SMOKE OR HAZE
[NO. OF DAYS WITH]      [WEATHER - DAYS WITH]      9 = BLOWING SNOW
                                                   X = TORNADO
MAX 32 OR BELOW:   0    0.01 INCH OR MORE:   7
MAX 90 OR ABOVE:   2    0.10 INCH OR MORE:   4
MIN 32 OR BELOW:   0    0.50 INCH OR MORE:   0
MIN  0 OR BELOW:   0    1.00 INCH OR MORE:   0

[HDD (BASE 65) ]
TOTAL THIS MO.     8    CLEAR  (SCALE 0-3)  16
DPTR FM NORMAL   -27    PTCLDY (SCALE 4-7)   2
TOTAL FM JUL 1    11    CLOUDY (SCALE 8-10)  0
DPTR FM NORMAL   -34

[CDD (BASE 65) ]
TOTAL THIS MO.    92
DPTR FM NORMAL    30    [PRESSURE DATA]
TOTAL FM JAN 1   777    HIGHEST SLP M ON M
DPTR FM NORMAL    73    LOWEST  SLP 29.77 ON 14

[REMARKS]
