000
CXUS52 KTAE 260800
CF6TLH
PRELIMINARY LOCAL CLIMATOLOGICAL DATA (WS FORM: F-6)

                                          STATION:   TALLAHASSEE
                                          MONTH:     MARCH
                                          YEAR:      2017
                                          LATITUDE:   30 22 N
                                          LONGITUDE:  84 22 W

  TEMPERATURE IN F:       :PCPN:    SNOW:  WIND      :SUNSHINE: SKY     :PK WND
================================================================================
1   2   3   4   5  6A  6B    7    8   9   10  11  12  13   14  15   16   17  18
                                     12Z  AVG MX 2MIN
DY MAX MIN AVG DEP HDD CDD  WTR  SNW DPTH SPD SPD DIR MIN PSBL S-S WX    SPD DR
================================================================================

 1  82  67  75  17   0  10 0.00  0.0    0  9.7 21 200   M    M   8        27 190
 2  72  49  61   3   4   0 0.48  0.0    0 10.5 21 340   M    M   7 13     27  10
 3  69  42  56  -2   9   0 0.00  0.0    0  6.8 17 350   M    M   1        24 350
 4  70  39  55  -3  10   0 0.00  0.0    0  7.6 14  30   M    M   2        20  60
 5  74  49  62   4   3   0 0.00  0.0    0  7.8 22 100   M    M   4        26 110
 6  77  55  66   7   0   1 0.00  0.0    0  8.6 22 190   M    M   3        31 170
 7  77  51  64   5   1   0 0.00  0.0    0  8.6 21 190   M    M   4        27 220
 8  77  55  66   7   0   1 0.01  0.0    0  4.2 13  10   M    M   8        16 340
 9  82  47  65   6   0   0 0.00  0.0    0  2.7 13 190   M    M   2 1      16 210
10  82  53  68   9   0   3    T  0.0    0  6.4 20 310   M    M   5 12     24 330
11  77  44  61   1   4   0 0.00  0.0    0  3.0 13  60   M    M   5        17  10
12  70  52  61   1   4   0 0.00  0.0    0  8.9 20 360   M    M   6 18     25 360
13  52  49  51  -9  14   0 0.55  0.0    0  8.1 21 310   M    M   8 1      28 320
14  60  46  53  -7  12   0 0.01  0.0    0 11.8 22 310   M    M   7 8      30 310
15  55  33  44 -16  21   0 0.00  0.0    0 10.1 21 360   M    M   2        27 360
16  61  27  44 -16  21   0 0.00  0.0    0  3.5 14 290   M    M   0        18 360
17  73  33  53  -8  12   0 0.00  0.0    0  1.7 14 190   M    M   0        19 200
18  79  38  59  -2   6   0 0.00  0.0    0  6.6 17 260   M    M   2        21 270
19  78  45  62   1   3   0 0.00  0.0    0  8.8 20 310   M    M   0 1      26 320
20  79  42  61   0   4   0 0.00  0.0    0  3.5 15 140   M    M   2        31 100
21  84  50  67   6   0   2 0.00  0.0    0  5.5 16 230   M    M   5 12     22 240
22  89  62  76  14   0  11 0.00  0.0    0  7.5 18 330   M    M   5 1      23 350
23  75  61  68   6   0   3 0.00  0.0    0 12.2 20 100   M    M   7        26 100
24  82  55  69   7   0   4 0.00  0.0    0  9.5 18  90   M    M   3        25 150
25  81  58  70   8   0   5 0.00  0.0    0  7.3 20 150   M    M   5        25 150
================================================================================
SM 1857 1202       128  40  1.05     0.0 180.9          M      101
================================================================================
AV 74.3 48.1                               7.2 FASTST   M    M   4    MAX(MPH)
                                 MISC ---->  # 22 100               # 31  100
================================================================================
NOTES:
# LAST OF SEVERAL OCCURRENCES

COLUMN 17 PEAK WIND IN M.P.H.

PRELIMINARY LOCAL CLIMATOLOGICAL DATA (WS FORM: F-6) , PAGE 2

                                          STATION:  TALLAHASSEE
                                          MONTH:    MARCH
                                          YEAR:     2017
                                          LATITUDE:   30 22 N
                                          LONGITUDE:  84 22 W

[TEMPERATURE DATA]      [PRECIPITATION DATA]       SYMBOLS USED IN COLUMN 16

AVERAGE MONTHLY: 61.2   TOTAL FOR MONTH:   1.05    1 = FOG OR MIST
DPTR FM NORMAL:   1.3   DPTR FM NORMAL:   -3.89    2 = FOG REDUCING VISIBILITY
HIGHEST:    89 ON 22    GRTST 24HR  0.55 ON 13-13      TO 1/4 MILE OR LESS
LOWEST:     27 ON 16                               3 = THUNDER
                        SNOW, ICE PELLETS, HAIL    4 = ICE PELLETS
                        TOTAL MONTH:   0.0 INCH    5 = HAIL
                        GRTST 24HR     0.0         6 = FREEZING RAIN OR DRIZZLE
                        GRTST DEPTH:   0           7 = DUSTSTORM OR SANDSTORM:
                                                       VSBY 1/2 MILE OR LESS
                                                   8 = SMOKE OR HAZE
[NO. OF DAYS WITH]      [WEATHER - DAYS WITH]      9 = BLOWING SNOW
                                                   X = TORNADO
MAX 32 OR BELOW:   0    0.01 INCH OR MORE:   4
MAX 90 OR ABOVE:   0    0.10 INCH OR MORE:   2
MIN 32 OR BELOW:   1    0.50 INCH OR MORE:   1
MIN  0 OR BELOW:   0    1.00 INCH OR MORE:   0

[HDD (BASE 65) ]
TOTAL THIS MO.   128    CLEAR  (SCALE 0-3)   9
DPTR FM NORMAL   -28    PTCLDY (SCALE 4-7)  15
TOTAL FM JUL 1   776    CLOUDY (SCALE 8-10)  1
DPTR FM NORMAL  -723

[CDD (BASE 65) ]
TOTAL THIS MO.    40
DPTR FM NORMAL    14    [PRESSURE DATA]
TOTAL FM JAN 1   100    HIGHEST SLP M ON M
DPTR FM NORMAL    60    LOWEST  SLP 29.93 ON 13

[REMARKS]
