000
CXUS52 KTAE 170800
CF6TLH
PRELIMINARY LOCAL CLIMATOLOGICAL DATA (WS FORM: F-6)

                                          STATION:   TALLAHASSEE
                                          MONTH:     OCTOBER
                                          YEAR:      2017
                                          LATITUDE:   30 22 N
                                          LONGITUDE:  84 22 W

  TEMPERATURE IN F:       :PCPN:    SNOW:  WIND      :SUNSHINE: SKY     :PK WND
================================================================================
1   2   3   4   5  6A  6B    7    8   9   10  11  12  13   14  15   16   17  18
                                     12Z  AVG MX 2MIN
DY MAX MIN AVG DEP HDD CDD  WTR  SNW DPTH SPD SPD DIR MIN PSBL S-S WX    SPD DR
================================================================================

 1  77  69  73  -1   0   8 0.03  0.0    0 12.7 22  80   M    M   8 18     29  80
 2  85  69  77   3   0  12 0.00  0.0    0 10.1 20 100   M    M   7        23 100
 3  88  69  79   5   0  14 0.00  0.0    0 12.0 23  80   M    M   3        31  80
 4  88  69  79   6   0  14 0.00  0.0    0 11.1 21  90   M    M   5        27 100
 5  90  70  80   7   0  15 0.00  0.0    0 11.6 22  80   M    M   4        31  80
 6  89  72  81   8   0  16 0.02  0.0    0  7.2 17  90   M    M   5        21  80
 7  92  75  84  12   0  19 0.16  0.0    0 10.7 21 140   M    M   7 1      25 130
 8  87  77  82  10   0  17 0.52  0.0    0 11.5 25 210   M    M   9 138    31 220
 9  90  77  84  12   0  19 0.01  0.0    0  5.4 15 190   M    M   6 12     17 160
10  89  76  83  12   0  18 0.24  0.0    0  3.5 10 220   M    M   8 12     13 230
11  91  74  83  12   0  18 0.97  0.0    0  2.1 30 120   M    M   6 13     36 120
12  91  74  83  12   0  18 0.00  0.0    0  3.5 13  80   M    M   7 12     16  80
13  90  68  79   9   0  14 0.00  0.0    0  6.3 17  90   M    M   1        21  90
14  89  73  81  11   0  16 0.00  0.0    0  9.0 17  90   M    M   3        22  90
15  87  69  78   8   0  13 0.00  0.0    0  4.6 10  60   M    M   5        13  70
16  88  66  77   8   0  12 0.11  0.0    0  5.4 20 350   M    M   5 13     25 340
================================================================================
SM 1411 1147         0 243  2.06     0.0 126.7          M       89
================================================================================
AV 88.2 71.7                               7.9 FASTST   M    M   6    MAX(MPH)
                                 MISC ---->  # 30 120               # 36  120
================================================================================
NOTES:
# LAST OF SEVERAL OCCURRENCES

COLUMN 17 PEAK WIND IN M.P.H.

PRELIMINARY LOCAL CLIMATOLOGICAL DATA (WS FORM: F-6) , PAGE 2

                                          STATION:  TALLAHASSEE
                                          MONTH:    OCTOBER
                                          YEAR:     2017
                                          LATITUDE:   30 22 N
                                          LONGITUDE:  84 22 W

[TEMPERATURE DATA]      [PRECIPITATION DATA]       SYMBOLS USED IN COLUMN 16

AVERAGE MONTHLY: 79.9   TOTAL FOR MONTH:   2.06    1 = FOG OR MIST
DPTR FM NORMAL:   8.1   DPTR FM NORMAL:    0.28    2 = FOG REDUCING VISIBILITY
HIGHEST:    92 ON  7    GRTST 24HR  0.97 ON 11-11      TO 1/4 MILE OR LESS
LOWEST:     66 ON 16                               3 = THUNDER
                        SNOW, ICE PELLETS, HAIL    4 = ICE PELLETS
                        TOTAL MONTH:   0.0 INCH    5 = HAIL
                        GRTST 24HR     0.0         6 = FREEZING RAIN OR DRIZZLE
                        GRTST DEPTH:   0           7 = DUSTSTORM OR SANDSTORM:
                                                       VSBY 1/2 MILE OR LESS
                                                   8 = SMOKE OR HAZE
[NO. OF DAYS WITH]      [WEATHER - DAYS WITH]      9 = BLOWING SNOW
                                                   X = TORNADO
MAX 32 OR BELOW:   0    0.01 INCH OR MORE:   8
MAX 90 OR ABOVE:   6    0.10 INCH OR MORE:   5
MIN 32 OR BELOW:   0    0.50 INCH OR MORE:   2
MIN  0 OR BELOW:   0    1.00 INCH OR MORE:   0

[HDD (BASE 65) ]
TOTAL THIS MO.     0    CLEAR  (SCALE 0-3)   2
DPTR FM NORMAL   -12    PTCLDY (SCALE 4-7)  13
TOTAL FM JUL 1     1    CLOUDY (SCALE 8-10)  1
DPTR FM NORMAL   -12

[CDD (BASE 65) ]
TOTAL THIS MO.   243
DPTR FM NORMAL   122    [PRESSURE DATA]
TOTAL FM JAN 1  2838    HIGHEST SLP M ON M
DPTR FM NORMAL   365    LOWEST  SLP 29.73 ON  8

[REMARKS]
