000
CXUS51 KCLE 190800
CF6TOL
PRELIMINARY LOCAL CLIMATOLOGICAL DATA (WS FORM: F-6)

                                          STATION:   TOLEDO OH
                                          MONTH:     OCTOBER
                                          YEAR:      2017
                                          LATITUDE:   41 35 N
                                          LONGITUDE:  83 48 W

  TEMPERATURE IN F:       :PCPN:    SNOW:  WIND      :SUNSHINE: SKY     :PK WND
================================================================================
1   2   3   4   5  6A  6B    7    8   9   10  11  12  13   14  15   16   17  18
                                     12Z  AVG MX 2MIN
DY MAX MIN AVG DEP HDD CDD  WTR  SNW DPTH SPD SPD DIR MIN PSBL S-S WX    SPD DR
================================================================================

 1  71  38  55  -3  10   0 0.00  0.0    0  3.5 15  70   M    M   0        18  60
 2  79  41  60   3   5   0 0.00  0.0    0  2.7 10  70   M    M   0 1      13 120
 3  86  48  67  10   0   2 0.00  0.0    0  6.5 17 220   M    M   3        23 230
 4  78  64  71  15   0   6 0.07  0.0    0  8.6 20 250   M    M   8 1       M  M
 5  77  58  68  12   0   3 0.00  0.0    0  3.3 12 210   M    M   2 1      15 220
 6  71  61  66  10   0   1 1.26  0.0    0  2.8 10 230   M    M   9 12     12 230
 7  84  63  74  19   0   9 0.19  0.0    0 10.6 40 260   M    M   5 1      48 270
 8  73  59  66  11   0   1 0.11  0.0    0  7.4 21 250   M    M   4        26 220
 9  79  58  69  15   0   4 0.04  0.0    0  4.5 12  40   M    M   3 1      14  30
10  76  55  66  12   0   1    T  0.0    0  7.6 18  70   M    M   2        27  60
11  63  52  58   4   7   0 0.50  0.0    0 12.6 23  60   M    M   9 1      31  70
12  59  52  56   2   9   0 0.00  0.0    0  4.8 13  40   M    M  10 1      17  40
13  73  54  64  11   1   0 0.00  0.0    0  1.9 13 240   M    M   6 1      17 220
14  78  55  67  14   0   2 0.00  0.0    0  3.9 14  40   M    M   9 18     17 180
15  74  47  61   9   4   0 0.02    M    0 14.9 33 260   M    M   6 1      46 250
16  59  41  50  -2  15   0 0.01  0.0    0  3.5 13 280   M    M   4        16 250
17  69  42  56   4   9   0 0.00  0.0    0  9.8 24 240   M    M   0        32 240
18  71  39  55   3  10   0 0.00  0.0    0  6.9 18 200   M    M   0 1      24 200
================================================================================
SM 1320  927        70  29  2.20     0.0 115.8          M       80
================================================================================
AV 73.3 51.5                               6.4 FASTST   M    M   4    MAX(MPH)
                                 MISC ---->  # 40 260               # 48  270
================================================================================
NOTES:
# LAST OF SEVERAL OCCURRENCES

COLUMN 17 PEAK WIND IN M.P.H.

PRELIMINARY LOCAL CLIMATOLOGICAL DATA (WS FORM: F-6) , PAGE 2

                                          STATION:  TOLEDO OH
                                          MONTH:    OCTOBER
                                          YEAR:     2017
                                          LATITUDE:   41 35 N
                                          LONGITUDE:  83 48 W

[TEMPERATURE DATA]      [PRECIPITATION DATA]       SYMBOLS USED IN COLUMN 16

AVERAGE MONTHLY: 62.4   TOTAL FOR MONTH:   2.20    1 = FOG OR MIST
DPTR FM NORMAL:   8.0   DPTR FM NORMAL:    0.66    2 = FOG REDUCING VISIBILITY
HIGHEST:    86 ON  3    GRTST 24HR  1.26 ON  6- 6      TO 1/4 MILE OR LESS
LOWEST:     38 ON  1                               3 = THUNDER
                        SNOW, ICE PELLETS, HAIL    4 = ICE PELLETS
                        TOTAL MONTH:   0.0 INCH    5 = HAIL
                        GRTST 24HR     0.0         6 = FREEZING RAIN OR DRIZZLE
                        GRTST DEPTH:   0           7 = DUSTSTORM OR SANDSTORM:
                                                       VSBY 1/2 MILE OR LESS
                                                   8 = SMOKE OR HAZE
[NO. OF DAYS WITH]      [WEATHER - DAYS WITH]      9 = BLOWING SNOW
                                                   X = TORNADO
MAX 32 OR BELOW:   0    0.01 INCH OR MORE:   8
MAX 90 OR ABOVE:   0    0.10 INCH OR MORE:   4
MIN 32 OR BELOW:   0    0.50 INCH OR MORE:   2
MIN  0 OR BELOW:   0    1.00 INCH OR MORE:   1

[HDD (BASE 65) ]
TOTAL THIS MO.    70    CLEAR  (SCALE 0-3)   8
DPTR FM NORMAL  -129    PTCLDY (SCALE 4-7)   6
TOTAL FM JUL 1   163    CLOUDY (SCALE 8-10)  4
DPTR FM NORMAL  -160

[CDD (BASE 65) ]
TOTAL THIS MO.    29
DPTR FM NORMAL    21    [PRESSURE DATA]
TOTAL FM JAN 1   744    HIGHEST SLP M ON M
DPTR FM NORMAL   -48    LOWEST  SLP 29.67 ON  9

[REMARKS]
