000
CXUS51 KCLE 270800
CF6TOL
PRELIMINARY LOCAL CLIMATOLOGICAL DATA (WS FORM: F-6)

                                          STATION:   TOLEDO OH
                                          MONTH:     JUNE
                                          YEAR:      2017
                                          LATITUDE:   41 35 N
                                          LONGITUDE:  83 48 W

  TEMPERATURE IN F:       :PCPN:    SNOW:  WIND      :SUNSHINE: SKY     :PK WND
================================================================================
1   2   3   4   5  6A  6B    7    8   9   10  11  12  13   14  15   16   17  18
                                     12Z  AVG MX 2MIN
DY MAX MIN AVG DEP HDD CDD  WTR  SNW DPTH SPD SPD DIR MIN PSBL S-S WX    SPD DR
================================================================================

 1  77  47  62  -3   3   0 0.00  0.0    0  6.5 18 280   M    M   0        23 280
 2  81  49  65   0   0   0 0.00  0.0    0  5.1 17 270   M    M   0        23 340
 3  82  51  67   1   0   2    T  0.0    0  2.7 10  70   M    M   3        14  90
 4  86  65  76  10   0  11    T  0.0    0  9.6 23 260   M    M   5 3      30 240
 5  77  58  68   2   0   3 0.00  0.0    0  8.4 21 350   M    M   4 18     25 350
 6  75  52  64  -3   1   0 0.00  0.0    0 12.0 24  20   M    M   4        29  10
 7  72  50  61  -6   4   0 0.00  0.0    0  9.6 28  50   M    M   2        35  40
 8  75  47  61  -6   4   0 0.00  0.0    0  2.0 10  70   M    M   1        16 100
 9  84  52  68   0   0   3 0.03  0.0    0  8.2 21 240   M    M   4        26 220
10  88  63  76   8   0  11 0.00  0.0    0 11.8 23 250   M    M   1        29 240
11  91  67  79  11   0  14 0.00  0.0    0 12.5 24 250   M    M   0        32 250
12  92  68  80  11   0  15 0.00  0.0    0  8.7 22 240   M    M   2        27 220
13  96  68  82  13   0  17 0.32  0.0    0  7.4 20 190   M    M   3 13     29 180
14  83  65  74   5   0   9    T  0.0    0  3.1 13  90   M    M   2 1      16 100
15  84  67  76   6   0  11    T  0.0    0  6.6 14 250   M    M   3        17 230
16  88  62  75   5   0  10 0.03  0.0    0  4.9 16 210   M    M   3 13     20 210
17  90  66  78   8   0  13 0.08  0.0    0  8.7 24 240   M    M   1 1      29 250
18  85  68  77   7   0  12 0.01  0.0    0 13.5 25 240   M    M   4        35 250
19  80  58  69  -2   0   4 0.22  0.0    0 10.1 28 250   M    M   4 13     35 300
20  80  56  68  -3   0   3 0.01  0.0    0 10.1 21 330   M    M   4        30 300
21  79  56  68  -3   0   3 0.00  0.0    0  3.2  8  40   M    M   3 8      12  50
22  88  61  75   3   0  10 0.15  0.0    0  8.1 22 230   M    M   3 13     29 230
23  76  59  68  -4   0   3 0.69  0.0    0  8.7 30 260   M    M   6 13     37 250
24  79  58  69  -3   0   4 0.00  0.0    0 11.3 25 250   M    M   2        30 240
25  73  54  64  -8   1   0 0.00  0.0    0 10.4 24 260   M    M   3        29 250
26  72  53  63  -9   2   0 0.08  0.0    0 10.6 30 240   M    M   7 13     37 230
================================================================================
SM 2133 1520        15 158  1.62     0.0 213.8          M       74
================================================================================
AV 82.0 58.5                               8.2 FASTST   M    M   3    MAX(MPH)
                                 MISC ---->  # 30 260               # 37  250
================================================================================
NOTES:
# LAST OF SEVERAL OCCURRENCES

COLUMN 17 PEAK WIND IN M.P.H.

PRELIMINARY LOCAL CLIMATOLOGICAL DATA (WS FORM: F-6) , PAGE 2

                                          STATION:  TOLEDO OH
                                          MONTH:    JUNE
                                          YEAR:     2017
                                          LATITUDE:   41 35 N
                                          LONGITUDE:  83 48 W

[TEMPERATURE DATA]      [PRECIPITATION DATA]       SYMBOLS USED IN COLUMN 16

AVERAGE MONTHLY: 70.3   TOTAL FOR MONTH:   1.62    1 = FOG OR MIST
DPTR FM NORMAL:   1.3   DPTR FM NORMAL:   -1.52    2 = FOG REDUCING VISIBILITY
HIGHEST:    96 ON 13    GRTST 24HR  0.69 ON 23-23      TO 1/4 MILE OR LESS
LOWEST:     47 ON  8, 1                            3 = THUNDER
                        SNOW, ICE PELLETS, HAIL    4 = ICE PELLETS
                        TOTAL MONTH:   0.0 INCH    5 = HAIL
                        GRTST 24HR     0.0         6 = FREEZING RAIN OR DRIZZLE
                        GRTST DEPTH:   0           7 = DUSTSTORM OR SANDSTORM:
                                                       VSBY 1/2 MILE OR LESS
                                                   8 = SMOKE OR HAZE
[NO. OF DAYS WITH]      [WEATHER - DAYS WITH]      9 = BLOWING SNOW
                                                   X = TORNADO
MAX 32 OR BELOW:   0    0.01 INCH OR MORE:  10
MAX 90 OR ABOVE:   4    0.10 INCH OR MORE:   4
MIN 32 OR BELOW:   0    0.50 INCH OR MORE:   1
MIN  0 OR BELOW:   0    1.00 INCH OR MORE:   0

[HDD (BASE 65) ]
TOTAL THIS MO.    15    CLEAR  (SCALE 0-3)  16
DPTR FM NORMAL   -20    PTCLDY (SCALE 4-7)  10
TOTAL FM JUL 1  5309    CLOUDY (SCALE 8-10)  0
DPTR FM NORMAL  -836

[CDD (BASE 65) ]
TOTAL THIS MO.   158
DPTR FM NORMAL    20    [PRESSURE DATA]
TOTAL FM JAN 1   203    HIGHEST SLP M ON M
DPTR FM NORMAL    12    LOWEST  SLP 29.62 ON 23

[REMARKS]
