000
CXUS53 KTOP 270800
CF6TOP
PRELIMINARY LOCAL CLIMATOLOGICAL DATA (WS FORM: F-6)

                                          STATION:   Topeka KS
                                          MONTH:     JUNE
                                          YEAR:      2017
                                          LATITUDE:   39  4 N
                                          LONGITUDE:  95 38 W

  TEMPERATURE IN F:       :PCPN:    SNOW:  WIND      :SUNSHINE: SKY     :PK WND
================================================================================
1   2   3   4   5  6A  6B    7    8   9   10  11  12  13   14  15   16   17  18
                                     12Z  AVG MX 2MIN
DY MAX MIN AVG DEP HDD CDD  WTR  SNW DPTH SPD SPD DIR MIN PSBL S-S WX    SPD DR
================================================================================

 1  78  63  71   1   0   6 0.29  0.0    0  6.5 15 110   M    M   4 13     18 100
 2  86  62  74   4   0   9 0.00  0.0    0  5.2 15 160   M    M   1 1      20 130
 3  85  64  75   4   0  10 0.00  0.0    0  4.0 14 130   M    M   1        19 130
 4  84  67  76   5   0  11 0.02  0.0    0  2.6 16 110   M    M   3 13     20 100
 5  93  63  78   7   0  13 0.00  0.0    0  1.6 10 350   M    M   2 12     15 350
 6  83  63  73   1   0   8 0.00  0.0    0  5.0 12  80   M    M   0         M  M
 7  82  57  70  -2   0   5 0.00  0.0    0  2.9 14  40   M    M   0        17  40
 8  83  57  70  -2   0   5 0.00  0.0    0  2.9 13 200   M    M   0        18 180
 9  87  57  72   0   0   7 0.00  0.0    0  6.7 16 170   M    M   0        21 190
10  90  69  80   7   0  15 0.00  0.0    0 15.9 26 160   M    M   1        34 160
11  93  74  84  11   0  19 0.00  0.0    0 16.9 28 170   M    M   0        40 160
12  93  70  82   9   0  17 0.00  0.0    0 12.1 21 170   M    M   1        29 150
13  93  73  83   9   0  18 0.00  0.0    0 13.7 26 160   M    M   2        33 150
14  92  68  80   6   0  15 0.54  0.0    0 10.2 23 210   M    M   4 13     37 200
15  94  66  80   6   0  15 0.01  0.0    0 10.5 37 160   M    M   0 3      46 270
16  92  66  79   5   0  14 1.41  0.0    0  9.5 28 360   M    M   1 13     36  10
17  91  68  80   5   0  15 2.08    T    0 10.0 26 350   M    M   3 13     32 340
18  82  64  73  -2   0   8 0.08  0.0    0  8.0 21 310   M    M   1 1      29 270
19  87  62  75   0   0  10 0.02  0.0    0  4.5 15 270   M    M   3        20 270
20  92  69  81   5   0  16 0.00  0.0    M  7.3 14 210   M    M   1        19 190
21  93  74  84   8   0  19 0.00  0.0    0 10.7 25 200   M    M   0        33 200
22  89  68  79   3   0  14 0.00  0.0    M  9.3 20 140   M    M   0        25 160
23  81  62  72  -4   0   7    T  0.0    0  9.7 26 360   M    M   3        32 360
24  81  56  69  -7   0   4 0.00  0.0    0  3.4 16 270   M    M   1        20 210
25  77  56  67 -10   0   2    T  0.0    0  4.4 12 350   M    M   3        15 350
26  77  53  65 -12   0   0 0.14  0.0    0  5.8 16 110   M    M   4 13     21 110
================================================================================
SM 2258 1671         0 282  4.59    T    199.3          M       39
================================================================================
AV 86.9 64.3                               7.7 FASTST   M    M   2    MAX(MPH)
                                 MISC ---->  # 37 160               # 46  270
================================================================================
NOTES:
# LAST OF SEVERAL OCCURRENCES

COLUMN 17 PEAK WIND IN M.P.H.

PRELIMINARY LOCAL CLIMATOLOGICAL DATA (WS FORM: F-6) , PAGE 2

                                          STATION:  Topeka KS
                                          MONTH:    JUNE
                                          YEAR:     2017
                                          LATITUDE:   39  4 N
                                          LONGITUDE:  95 38 W

[TEMPERATURE DATA]      [PRECIPITATION DATA]       SYMBOLS USED IN COLUMN 16

AVERAGE MONTHLY: 75.6   TOTAL FOR MONTH:   4.59    1 = FOG OR MIST
DPTR FM NORMAL:   1.9   DPTR FM NORMAL:   -0.14    2 = FOG REDUCING VISIBILITY
HIGHEST:    94 ON 15    GRTST 24HR  2.08 ON 17-17      TO 1/4 MILE OR LESS
LOWEST:     53 ON 26                               3 = THUNDER
                        SNOW, ICE PELLETS, HAIL    4 = ICE PELLETS
                        TOTAL MONTH:    T          5 = HAIL
                        GRTST 24HR    T  ON 17-17  6 = FREEZING RAIN OR DRIZZLE
                        GRTST DEPTH:   0           7 = DUSTSTORM OR SANDSTORM:
                                                       VSBY 1/2 MILE OR LESS
                                                   8 = SMOKE OR HAZE
[NO. OF DAYS WITH]      [WEATHER - DAYS WITH]      9 = BLOWING SNOW
                                                   X = TORNADO
MAX 32 OR BELOW:   0    0.01 INCH OR MORE:   9
MAX 90 OR ABOVE:  11    0.10 INCH OR MORE:   5
MIN 32 OR BELOW:   0    0.50 INCH OR MORE:   3
MIN  0 OR BELOW:   0    1.00 INCH OR MORE:   2

[HDD (BASE 65) ]
TOTAL THIS MO.     0    CLEAR  (SCALE 0-3)  22
DPTR FM NORMAL    -6    PTCLDY (SCALE 4-7)   4
TOTAL FM JUL 1  4007    CLOUDY (SCALE 8-10)  0
DPTR FM NORMAL -1012

[CDD (BASE 65) ]
TOTAL THIS MO.   282
DPTR FM NORMAL    48    [PRESSURE DATA]
TOTAL FM JAN 1   411    HIGHEST SLP M ON M
DPTR FM NORMAL    51    LOWEST  SLP 29.54 ON M

[REMARKS]
