000
CXUS55 KCYS 261000
CF6TOR
PRELIMINARY LOCAL CLIMATOLOGICAL DATA (WS FORM: F-6)

                                          STATION:   TORRINGTON WY AIRPORT
                                          MONTH:     MAY
                                          YEAR:      2017
                                          LATITUDE:   42  3 N
                                          LONGITUDE: 104  9 W

  TEMPERATURE IN F:       :PCPN:    SNOW:  WIND      :SUNSHINE: SKY     :PK WND
================================================================================
1   2   3   4   5  6A  6B    7    8   9   10  11  12  13   14  15   16   17  18
                                     12Z  AVG MX 2MIN
DY MAX MIN AVG DEP HDD CDD  WTR  SNW DPTH SPD SPD DIR MIN PSBL S-S WX    SPD DR
================================================================================

 1  56  32  44  -8  21   0    T    M    M 13.9 28  10   M    M   6        35 340
 2  58  40  49  -3  16   0 0.20    M    M  6.9 17 330   M    M   8 13     21 330
 3  58  35  47  -6  18   0    T    M    M 11.8 28 350   M    M   6        36 350
 4  75  30  53   0  12   0 0.00    M    M  6.9 16 320   M    M   1        26 340
 5  80  39  60   7   5   0 0.00    M    M  4.1 12  90   M    M   0        14 190
 6  89  45  67  13   0   2 0.00    M    M  8.7 18 170   M    M   0        23 160
 7  85  47  66  12   0   1 0.06    M    M  8.3 38 210   M    M   2 3      51 210
 8  69  48  59   5   6   0 0.00    M    M  9.4 20 360   M    M   6        26 360
 9  65  49  57   3   8   0 0.08    M    M 12.6 22 300   M    M   9 13     27 310
10  56  42  49  -6  16   0 0.03    M    M  9.1 22 360   M    M   7 1      27 340
11  70  37  54  -1  11   0 0.00    M    M  6.5 18 180   M    M   4 12     25 180
12  83  43  63   8   2   0 0.00    M    M 15.1 28 160   M    M   0        32 160
13  89  48  69  13   0   4    T    M    M 14.2 30 320   M    M   1 3      40 320
14  75  50  63   7   2   0 0.00    M    M 12.1 23 120   M    M   1 3      31 140
15  79  50  65   9   0   0 0.74    M    M 11.9 32  40   M    M   2 13     44  50
16  71  48  60   3   5   0 0.18    M    M  8.5 23 270   M    M   4 3      28 280
17  65  42  54  -3  11   0 0.68    M    M 11.1 25  60   M    M   6 123    31  70
18  46  32  39 -18  26   0 0.87    M    M 13.5 29  50   M    M  10 1      35  50
19  42  36  39 -19  26   0 0.29    M    M 11.0 22  40   M    M  10 1      28  40
20  59  37  48 -10  17   0 0.02    M    M  8.8 22 340   M    M   7        30 320
21  64  35  50  -8  15   0 0.04    M    M  7.9 23 360   M    M   4 3      28 360
22  57  38  48 -10  17   0    T    M    M 12.0 33  10   M    M   4        42  10
23  64  39  52  -7  13   0 0.00    M    M 11.7 25 330   M    M   5        33 320
24  86  37  62   3   3   0 0.00    M    M  9.1 23 280   M    M   0        33 300
25  73  47  60   1   5   0    T    M    M  9.8 28 300   M    M   2        34 300
================================================================================
SM 1714 1026       255   7  3.19    M    254.9          M      105
================================================================================
AV 68.6 41.0                              10.2 FASTST   M    M   4    MAX(MPH)
                                 MISC ---->  # 38 210               # 51  210
================================================================================
NOTES:
# LAST OF SEVERAL OCCURRENCES

COLUMN 17 PEAK WIND IN M.P.H.

PRELIMINARY LOCAL CLIMATOLOGICAL DATA (WS FORM: F-6) , PAGE 2

                                          STATION:  TORRINGTON WY AIRPORT
                                          MONTH:    MAY
                                          YEAR:     2017
                                          LATITUDE:   42  3 N
                                          LONGITUDE: 104  9 W

[TEMPERATURE DATA]      [PRECIPITATION DATA]       SYMBOLS USED IN COLUMN 16

AVERAGE MONTHLY: 54.8   TOTAL FOR MONTH:   3.19    1 = FOG OR MIST
DPTR FM NORMAL:  -0.9   DPTR FM NORMAL:    1.41    2 = FOG REDUCING VISIBILITY
HIGHEST:    89 ON 13, 6 GRTST 24HR  0.87 ON 18-18      TO 1/4 MILE OR LESS
LOWEST:     30 ON  4                               3 = THUNDER
                        SNOW, ICE PELLETS, HAIL    4 = ICE PELLETS
                        TOTAL MONTH:    M          5 = HAIL
                        GRTST 24HR    M  ON   M    6 = FREEZING RAIN OR DRIZZLE
                        GRTST DEPTH:  M  ON   M    7 = DUSTSTORM OR SANDSTORM:
                                                       VSBY 1/2 MILE OR LESS
                                                   8 = SMOKE OR HAZE
[NO. OF DAYS WITH]      [WEATHER - DAYS WITH]      9 = BLOWING SNOW
                                                   X = TORNADO
MAX 32 OR BELOW:   0    0.01 INCH OR MORE:  11
MAX 90 OR ABOVE:   0    0.10 INCH OR MORE:   6
MIN 32 OR BELOW:   3    0.50 INCH OR MORE:   3
MIN  0 OR BELOW:   0    1.00 INCH OR MORE:   0

[HDD (BASE 65) ]
TOTAL THIS MO.   255    CLEAR  (SCALE 0-3)  10
DPTR FM NORMAL    11    PTCLDY (SCALE 4-7)  12
TOTAL FM JUL 1  5873    CLOUDY (SCALE 8-10)  3
DPTR FM NORMAL  -603

[CDD (BASE 65) ]
TOTAL THIS MO.     7
DPTR FM NORMAL     4    [PRESSURE DATA]
TOTAL FM JAN 1     7    HIGHEST SLP M ON M
DPTR FM NORMAL     3    LOWEST  SLP 29.33 ON 25

[REMARKS]
