000
CXUS55 KTBW 301304
CF6TPA
PRELIMINARY LOCAL CLIMATOLOGICAL DATA (WS FORM: F-6)

                                          STATION:   Tampa
                                          MONTH:     JUNE
                                          YEAR:      2015
                                          LATITUDE:   27 58 N
                                          LONGITUDE:  82 32 W

  TEMPERATURE IN F:       :PCPN:    SNOW:  WIND      :SUNSHINE: SKY     :PK WND
================================================================================
1   2   3   4   5  6A  6B    7    8   9   10  11  12  13   14  15   16   17  18
                                     12Z  AVG MX 2MIN
DY MAX MIN AVG DEP HDD CDD  WTR  SNW DPTH SPD SPD DIR MIN PSBL S-S WX    SPD DR
================================================================================

 1  87  72  80  -1   0  15 0.06  0.0    0  5.8 14 270   M    M   6 3      20  40
 2  79  71  75  -6   0  10 0.18  0.0    0  3.3 14 260   M    M   9 1      17 250
 3  88  70  79  -3   0  14 0.00  0.0    0  3.8  9 280   M    M   7        13 290
 4  89  71  80  -2   0  15 0.10  0.0    0  4.4 12 320   M    M   4 8      19 270
 5  88  76  82   0   0  17 0.00  0.0    0  4.6 15  10   M    M   7 3      20  40
 6  86  74  80  -2   0  15    T  0.0    0  3.5 16 320   M    M   7 3      20 320
 7  88  74  81  -1   0  16 0.30  0.0    0  3.3 13 280   M    M   6 18     17 160
 8  89  73  81  -1   0  16 0.00  0.0    0  4.9 10 290   M    M   3        16 280
 9  90  75  83   1   0  18 0.11  0.0    0  5.8 18 290   M    M   5 1      29 280
10  88  72  80  -2   0  15 2.45  0.0    0  5.8 16 120   M    M   7 13     24 110
11  88  74  81  -1   0  16 0.06  0.0    0  6.9 24 200   M    M   8 1      30 190
12  93  74  84   2   0  19 0.02  0.0    0  5.8 17 130   M    M   8        26 100
13  93  76  85   3   0  20 0.00  0.0    0  8.7 20 110   M    M   7         M  M
14  93  77  85   3   0  20 0.00  0.0    0 11.1 16 170   M    M   5        21 170
15  95  76  86   4   0  21 0.40  0.0    0  6.2 23 180   M    M   3 138    33 180
16  91  78  85   3   0  20 0.02  0.0    0  4.4 15 290   M    M   5 3      25 270
17  92  79  86   4   0  21    T  0.0    0  4.6 14 320   M    M   3 3      19 270
18  92  75  84   2   0  19 0.69  0.0    0  3.5 18 140   M    M   5 3      24 140
19  92  75  84   2   0  19 0.21  0.0    0  4.6 20 330   M    M   6 13     24 350
20  93  79  86   4   0  21 0.01  0.0    0  2.9 14 270   M    M   6 3      23 280
21  93  78  86   4   0  21 0.00  0.0    0  4.8 14 270   M    M   4        20 270
22  92  77  85   3   0  20 0.30  0.0    0  4.7 18 210   M    M   7 138    24 210
23  91  74  83   1   0  18 0.36  0.0    0  6.2 20  50   M    M   8 138    28  60
24  89  76  83   0   0  18 0.00  0.0    0  5.1 14 250   M    M   6 3      18 270
25  91  76  84   1   0  19    T  0.0    0  6.2 20 250   M    M   8 38     24 260
26  91  77  84   1   0  19    T  0.0    0  6.6 14 240   M    M   4        18 240
27  92  81  87   4   0  22 0.02  0.0    0  8.4 17 270   M    M   4 8      23 260
28  90  76  83   0   0  18 0.61  0.0    0  8.8 23 260   M    M   3 13     30 250
29  90  77  84   1   0  19 0.33  0.0    0 10.2 26 310   M    M   5 13     35 300
================================================================================
SM 2613 2183         0 521  6.23     0.0 164.9          M      166
================================================================================
AV 90.1 75.3                               5.7 FASTST   M    M   6    MAX(MPH)
                                 MISC ---->  # 26 310               # 35  300
================================================================================
NOTES:
# LAST OF SEVERAL OCCURRENCES

COLUMN 17 PEAK WIND IN M.P.H.

PRELIMINARY LOCAL CLIMATOLOGICAL DATA (WS FORM: F-6) , PAGE 2

                                          STATION:  Tampa
                                          MONTH:    JUNE
                                          YEAR:     2015
                                          LATITUDE:   27 58 N
                                          LONGITUDE:  82 32 W

[TEMPERATURE DATA]      [PRECIPITATION DATA]       SYMBOLS USED IN COLUMN 16

AVERAGE MONTHLY: 82.7   TOTAL FOR MONTH:   6.23    1 = FOG OR MIST
DPTR FM NORMAL:   0.6   DPTR FM NORMAL:   -0.16    2 = FOG REDUCING VISIBILITY
HIGHEST:    95 ON 15    GRTST 24HR  2.56 ON  9-10      TO 1/4 MILE OR LESS
LOWEST:     70 ON  3                               3 = THUNDER
                        SNOW, ICE PELLETS, HAIL    4 = ICE PELLETS
                        TOTAL MONTH:   0.0 INCH    5 = HAIL
                        GRTST 24HR     0.0         6 = FREEZING RAIN OR DRIZZLE
                        GRTST DEPTH:   0           7 = DUSTSTORM OR SANDSTORM:
                                                       VSBY 1/2 MILE OR LESS
                                                   8 = SMOKE OR HAZE
[NO. OF DAYS WITH]      [WEATHER - DAYS WITH]      9 = BLOWING SNOW
                                                   X = TORNADO
MAX 32 OR BELOW:   0    0.01 INCH OR MORE:  18
MAX 90 OR ABOVE:  18    0.10 INCH OR MORE:  12
MIN 32 OR BELOW:   0    0.50 INCH OR MORE:   3
MIN  0 OR BELOW:   0    1.00 INCH OR MORE:   1

[HDD (BASE 65) ]
TOTAL THIS MO.     0    CLEAR  (SCALE 0-3)   1
DPTR FM NORMAL     0    PTCLDY (SCALE 4-7)  27
TOTAL FM JUL 1   467    CLOUDY (SCALE 8-10)  1
DPTR FM NORMAL   -71

[CDD (BASE 65) ]
TOTAL THIS MO.   521
DPTR FM NORMAL    23    [PRESSURE DATA]
TOTAL FM JAN 1  1742    HIGHEST SLP M ON M
DPTR FM NORMAL   367    LOWEST  SLP 29.86 ON  3

[REMARKS]
