000
CXUS54 KMRX 281000
CF6TRI
PRELIMINARY LOCAL CLIMATOLOGICAL DATA (WS FORM: F-6)

                                          STATION:   TRI-CITIES      ASOS
                                          MONTH:     JULY
                                          YEAR:      2017
                                          LATITUDE:   36 28 N
                                          LONGITUDE:  82 24 W

  TEMPERATURE IN F:       :PCPN:    SNOW:  WIND      :SUNSHINE: SKY     :PK WND
================================================================================
1   2   3   4   5  6A  6B    7    8   9   10  11  12  13   14  15   16   17  18
                                     12Z  AVG MX 2MIN
DY MAX MIN AVG DEP HDD CDD  WTR  SNW DPTH SPD SPD DIR MIN PSBL S-S WX    SPD DR
================================================================================

 1  88  68  78   4   0  13 0.05  0.0    0  6.3 17 240   M    M   8 13     21 240
 2  85  66  76   2   0  11 0.00  0.0    0  3.4  9 260   M    M   7 1      11 240
 3  90  64  77   3   0  12 0.62  0.0    0  2.0 29 250   M    M   6 13     37 240
 4  83  67  75   1   0  10 0.08  0.0    0  2.3 21 220   M    M   9 12     24 220
 5  87  68  78   3   0  13 0.16  0.0    0  4.5 25 300   M    M   8 138    30 300
 6  87  65  76   1   0  11 0.01  0.0    0  6.2 23 220   M    M   8 13     28 210
 7  86  68  77   2   0  12 0.29  0.0    0  4.6 12 270   M    M   6 13     20 260
 8  85  66  76   1   0  11    T  0.0    0  6.7 15 270   M    M   6 3      20 270
 9  86  63  75   0   0  10 0.00  0.0    0  0.7 10 280   M    M   4 128    15 290
10  89  58  74  -1   0   9 0.00  0.0    0  1.4  9 190   M    M   2 1      16 290
11  90  58  74  -1   0   9 0.00  0.0    0  2.7 13 240   M    M   5        15 260
12  92  63  78   3   0  13 0.00  0.0    0  2.1 13 240   M    M   4 1      18 250
13  92  68  80   5   0  15 0.01  0.0    0  4.8 20 310   M    M   5 138    24 310
14  90  69  80   5   0  15 0.05  0.0    0  3.3 28 260   M    M   5 3      41 250
15  90  66  78   3   0  13    T  0.0    0  4.6 13 280   M    M   7 1      18 300
16  89  60  75   0   0  10 0.00  0.0    0  2.6 13 280   M    M   3 1      18 310
17  91  58  75   0   0  10 0.00  0.0    0  2.3 13 330   M    M   2        17 330
18  93  63  78   3   0  13 0.00  0.0    0  3.1 13 260   M    M   2 1      16 260
19  93  64  79   4   0  14 0.00  0.0    0  1.7 13 230   M    M   2 1      15 290
20  93  64  79   4   0  14 0.00  0.0    0  2.9 14 280   M    M   4 1      17 280
21  92  66  79   4   0  14 0.02  0.0    0  2.3 15 350   M    M   4 1      19 350
22  96  68  82   7   0  17 0.00  0.0    0  5.4 16 250   M    M   3 18     20 250
23  87  72  80   5   0  15 0.23  0.0    0  4.3 17 310   M    M   8 13     23 290
24  89  67  78   3   0  13 0.00  0.0    0  4.4 18 330   M    M   7 18     23 320
25  92  67  80   5   0  15 0.00  0.0    0  2.4 12 360   M    M   3 1      17 310
26  93  64  79   4   0  14 0.00  0.0    0  2.7 14 290   M    M   2        19 330
27  85  69  77   2   0  12 0.49  0.0    0  3.6 26 290   M    M   8 138    34 290
================================================================================
SM 2413 1759         0 338  2.01     0.0  93.3          M      138
================================================================================
AV 89.4 65.2                               3.5 FASTST   M    M   5    MAX(MPH)
                                 MISC ---->  # 29 250               # 41  250
================================================================================
NOTES:
# LAST OF SEVERAL OCCURRENCES

COLUMN 17 PEAK WIND IN M.P.H.

PRELIMINARY LOCAL CLIMATOLOGICAL DATA (WS FORM: F-6) , PAGE 2

                                          STATION:  TRI-CITIES      ASOS
                                          MONTH:    JULY
                                          YEAR:     2017
                                          LATITUDE:   36 28 N
                                          LONGITUDE:  82 24 W

[TEMPERATURE DATA]      [PRECIPITATION DATA]       SYMBOLS USED IN COLUMN 16

AVERAGE MONTHLY: 77.3   TOTAL FOR MONTH:   2.01    1 = FOG OR MIST
DPTR FM NORMAL:   2.4   DPTR FM NORMAL:   -2.08    2 = FOG REDUCING VISIBILITY
HIGHEST:    96 ON 22    GRTST 24HR  0.62 ON  3- 3      TO 1/4 MILE OR LESS
LOWEST:     58 ON 17,11                            3 = THUNDER
                        SNOW, ICE PELLETS, HAIL    4 = ICE PELLETS
                        TOTAL MONTH:   0.0 INCH    5 = HAIL
                        GRTST 24HR     0.0         6 = FREEZING RAIN OR DRIZZLE
                        GRTST DEPTH:   0           7 = DUSTSTORM OR SANDSTORM:
                                                       VSBY 1/2 MILE OR LESS
                                                   8 = SMOKE OR HAZE
[NO. OF DAYS WITH]      [WEATHER - DAYS WITH]      9 = BLOWING SNOW
                                                   X = TORNADO
MAX 32 OR BELOW:   0    0.01 INCH OR MORE:  11
MAX 90 OR ABOVE:  14    0.10 INCH OR MORE:   5
MIN 32 OR BELOW:   0    0.50 INCH OR MORE:   1
MIN  0 OR BELOW:   0    1.00 INCH OR MORE:   0

[HDD (BASE 65) ]
TOTAL THIS MO.     0    CLEAR  (SCALE 0-3)   7
DPTR FM NORMAL     0    PTCLDY (SCALE 4-7)  18
TOTAL FM JUL 1     0    CLOUDY (SCALE 8-10)  2
DPTR FM NORMAL     0

[CDD (BASE 65) ]
TOTAL THIS MO.   338
DPTR FM NORMAL    71    [PRESSURE DATA]
TOTAL FM JAN 1   650    HIGHEST SLP M ON M
DPTR FM NORMAL   104    LOWEST  SLP 29.84 ON 23

[REMARKS]
