000
CXUS54 KFWD 230730
CF6TRL
PRELIMINARY LOCAL CLIMATOLOGICAL DATA (WS FORM: F-6)

                                          STATION:   TERRELL
                                          MONTH:     MAY
                                          YEAR:      2017
                                          LATITUDE:   32 42 N
                                          LONGITUDE:  96 16 W

  TEMPERATURE IN F:       :PCPN:    SNOW:  WIND      :SUNSHINE: SKY     :PK WND
================================================================================
1   2   3   4   5  6A  6B    7    8   9   10  11  12  13   14  15   16   17  18
                                     12Z  AVG MX 2MIN
DY MAX MIN AVG DEP HDD CDD  WTR  SNW DPTH SPD SPD DIR MIN PSBL S-S WX    SPD DR
================================================================================

 1  80  42  61  -8   4   0 0.00  0.0    0  5.6 17 240   M    M   0        22 220
 2  84  59  72   3   0   7 0.00  0.0    0  9.9 21 190   M    M   0        27 190
 3  79  55  67  -3   0   2 0.11  0.0    0 13.3 29 330   M    M   6 13     39 330
 4  73  53  63  -7   2   0 0.00  0.0    0 13.6 25 350   M    M   1        34 350
 5  78  53  66  -4   0   1 0.00  0.0    0  8.2 20 320   M    M   0        26 310
 6  83  48  66  -4   0   1 0.00  0.0    0  3.0 12 190   M    M   0        15 220
 7  85  53  69  -2   0   4 0.00  0.0    0  5.7 16 170   M    M   0        23 170
 8  83  59  71   0   0   6 0.00  0.0    0  7.3 17 150   M    M   1        23 170
 9  82  62  72   1   0   7    T  0.0    0  6.9 14 160   M    M   3        18 180
10  82  69  76   4   0  11 0.00  0.0    0 10.6 18 150   M    M   6 3      24 140
11  83  68  76   4   0  11 0.04  0.0    0  9.5 21 180   M    M   3 13     24 180
12  77  59  68  -4   0   3 0.00  0.0    0 12.1 24 320   M    M   4        31 330
13  82  58  70  -2   0   5 0.00  0.0    0  5.1 12  60   M    M   1        16  50
14  85  55  70  -3   0   5 0.00  0.0    0  6.1 15 130   M    M   1        20 170
15  87  64  76   3   0  11 0.00  0.0    0  9.5 17 170   M    M   0        23 130
16  85  67  76   3   0  11 0.00  0.0    0 14.4 26 160   M    M   5        34 160
17  88  70  79   5   0  14 0.01  0.0    0 13.9 25 160   M    M   6 1      31 170
18  90  74  82   8   0  17 0.00  0.0    0 15.8 28 160   M    M   6 18     43 160
19  89  74  82   8   0  17 0.00  0.0    0 13.6 24 160   M    M   4        30 150
20  79  66  73  -1   0   8 0.80  0.0    0  6.8 26 260   M    M   5 13     33 250
21  78  62  70  -5   0   5 0.13  0.0    0  7.9 26 290   M    M   5 3      34 290
22  75  62  69  -6   0   4 0.36  0.0    0  6.9 15 100   M    M   5 1      20 100
================================================================================
SM 1807 1332         6 150  1.45     0.0 205.7          M       62
================================================================================
AV 82.1 60.6                               9.3 FASTST   M    M   3    MAX(MPH)
                                 MISC ---->  # 29 330               # 43  160
================================================================================
NOTES:
# LAST OF SEVERAL OCCURRENCES

COLUMN 17 PEAK WIND IN M.P.H.

PRELIMINARY LOCAL CLIMATOLOGICAL DATA (WS FORM: F-6) , PAGE 2

                                          STATION:  TERRELL
                                          MONTH:    MAY
                                          YEAR:     2017
                                          LATITUDE:   32 42 N
                                          LONGITUDE:  96 16 W

[TEMPERATURE DATA]      [PRECIPITATION DATA]       SYMBOLS USED IN COLUMN 16

AVERAGE MONTHLY: 71.3   TOTAL FOR MONTH:   1.45    1 = FOG OR MIST
DPTR FM NORMAL:  -0.7   DPTR FM NORMAL:   -1.94    2 = FOG REDUCING VISIBILITY
HIGHEST:    90 ON 18    GRTST 24HR  0.80 ON 20-20      TO 1/4 MILE OR LESS
LOWEST:     42 ON  1                               3 = THUNDER
                        SNOW, ICE PELLETS, HAIL    4 = ICE PELLETS
                        TOTAL MONTH:   0.0 INCH    5 = HAIL
                        GRTST 24HR     0.0         6 = FREEZING RAIN OR DRIZZLE
                        GRTST DEPTH:   0           7 = DUSTSTORM OR SANDSTORM:
                                                       VSBY 1/2 MILE OR LESS
                                                   8 = SMOKE OR HAZE
[NO. OF DAYS WITH]      [WEATHER - DAYS WITH]      9 = BLOWING SNOW
                                                   X = TORNADO
MAX 32 OR BELOW:   0    0.01 INCH OR MORE:   6
MAX 90 OR ABOVE:   1    0.10 INCH OR MORE:   4
MIN 32 OR BELOW:   0    0.50 INCH OR MORE:   1
MIN  0 OR BELOW:   0    1.00 INCH OR MORE:   0

[HDD (BASE 65) ]
TOTAL THIS MO.     6    CLEAR  (SCALE 0-3)  11
DPTR FM NORMAL     0    PTCLDY (SCALE 4-7)  11
TOTAL FM JUL 1  1497    CLOUDY (SCALE 8-10)  0
DPTR FM NORMAL  -856

[CDD (BASE 65) ]
TOTAL THIS MO.   150
DPTR FM NORMAL   -10    [PRESSURE DATA]
TOTAL FM JAN 1   388    HIGHEST SLP M ON M
DPTR FM NORMAL   113    LOWEST  SLP 29.56 ON 17

[REMARKS]
