000
CXUS56 KSGX 281445
CF6TRM
PRELIMINARY LOCAL CLIMATOLOGICAL DATA (WS FORM: F-6)

                                          STATION:   THERMAL AIRPORT CA
                                          MONTH:     MAY
                                          YEAR:      2017
                                          LATITUDE:   33 37 N
                                          LONGITUDE: 116 10 W

  TEMPERATURE IN F:       :PCPN:    SNOW:  WIND      :SUNSHINE: SKY     :PK WND
================================================================================
1   2   3   4   5  6A  6B    7    8   9   10  11  12  13   14  15   16   17  18
                                     12Z  AVG MX 2MIN
DY MAX MIN AVG DEP HDD CDD  WTR  SNW DPTH SPD SPD DIR MIN PSBL S-S WX    SPD DR
================================================================================

 1  99  55  77   2   0  12 0.00  0.0    0  5.1 13 150   M    M   0        18 150
 2 103  57  80   5   0  15 0.00  0.0    0  7.3 16 340   M    M   0        21 350
 3 106  65  86  11   0  21 0.00  0.0    0  6.3 15 330   M    M   0 8      21 340
 4 105  67  86  10   0  21 0.00  0.0    0  7.4 16 140   M    M   0        20 130
 5 107  75  91  15   0  26 0.00  0.0    0 11.0 23 330   M    M   0        30 320
 6  86  59  73  -3   0   8 0.00  0.0    0 15.8 28 330   M    M   0 8      38 320
 7  70  50  60 -16   5   0    T  0.0    0  7.5 23 300   M    M   3        29 300
 8  88  46  67 -10   0   2 0.00  0.0    0  6.9 16 120   M    M   0        24  90
 9  76  56  66 -11   0   1 0.00  0.0    0  8.1 25 120   M    M   6        34 120
10  82  57  70  -7   0   5 0.00  0.0    0  6.2 13 310   M    M   2        17 320
11  90  65  78   1   0  13 0.00  0.0    0  5.6 12 120   M    M   0        16 130
12 100  72  86   8   0  21 0.00  0.0    0 10.5 25 340   M    M   0 8      33 340
13  92  66  79   1   0  14 0.00  0.0    0 12.0 22 330   M    M   0        30 330
14  92  64  78   0   0  13 0.00  0.0    0 12.7 23 350   M    M   0        33 350
15  81  61  71  -7   0   6 0.00  0.0    0 17.0 25 340   M    M   0        33 350
16  83  61  72  -6   0   7 0.00  0.0    0 14.5 25 340   M    M   0        32 320
17  83  63  73  -6   0   8 0.00  0.0    0 13.8 29 340   M    M   0 8      36 340
18  91  61  76  -3   0  11 0.00  0.0    0  5.1 15 350   M    M   0        21 350
19  94  54  74  -5   0   9 0.00  0.0    0  5.2 12 130   M    M   0        17 290
20 101  55  78  -1   0  13 0.00  0.0    0  5.4 13 190   M    M   0        17 130
21 106  60  83   3   0  18 0.00  0.0    0  7.0 16 340   M    M   0        22 330
22 110  79  95  15   0  30 0.00  0.0    0  7.6 17 330   M    M   0        24 330
23 112  73  93  13   0  28 0.00  0.0    0  8.8 18 330   M    M   0        24 330
24 109  79  94  14   0  29 0.00  0.0    0 12.2 25 330   M    M   0        31 330
25  98  68  83   3   0  18 0.00  0.0    0 16.3 28 340   M    M   0 8      36 340
26  92  66  79  -2   0  14 0.00  0.0    0 11.8 23 330   M    M   0        30 330
27  96  66  81   0   0  16 0.00  0.0    0  8.0 17 330   M    M   0        24 320
================================================================================
SM 2552 1700         5 379    T      0.0 255.1          M       11
================================================================================
AV 94.5 63.0                               9.4 FASTST   M    M   0    MAX(MPH)
                                 MISC ---->  # 29 340               # 38  320
================================================================================
NOTES:
# LAST OF SEVERAL OCCURRENCES

COLUMN 17 PEAK WIND IN M.P.H.

PRELIMINARY LOCAL CLIMATOLOGICAL DATA (WS FORM: F-6) , PAGE 2

                                          STATION:  THERMAL AIRPORT CA
                                          MONTH:    MAY
                                          YEAR:     2017
                                          LATITUDE:   33 37 N
                                          LONGITUDE: 116 10 W

[TEMPERATURE DATA]      [PRECIPITATION DATA]       SYMBOLS USED IN COLUMN 16

AVERAGE MONTHLY: 78.7   TOTAL FOR MONTH:      T    1 = FOG OR MIST
DPTR FM NORMAL:   0.8   DPTR FM NORMAL:   -0.03    2 = FOG REDUCING VISIBILITY
HIGHEST:   112 ON 23    GRTST 24HR    T  ON  7- 7      TO 1/4 MILE OR LESS
LOWEST:     46 ON  8                               3 = THUNDER
                        SNOW, ICE PELLETS, HAIL    4 = ICE PELLETS
                        TOTAL MONTH:   0.0 INCH    5 = HAIL
                        GRTST 24HR     0.0         6 = FREEZING RAIN OR DRIZZLE
                        GRTST DEPTH:   0           7 = DUSTSTORM OR SANDSTORM:
                                                       VSBY 1/2 MILE OR LESS
                                                   8 = SMOKE OR HAZE
[NO. OF DAYS WITH]      [WEATHER - DAYS WITH]      9 = BLOWING SNOW
                                                   X = TORNADO
MAX 32 OR BELOW:   0    0.01 INCH OR MORE:   0
MAX 90 OR ABOVE:  19    0.10 INCH OR MORE:   0
MIN 32 OR BELOW:   0    0.50 INCH OR MORE:   0
MIN  0 OR BELOW:   0    1.00 INCH OR MORE:   0

[HDD (BASE 65) ]
TOTAL THIS MO.     5    CLEAR  (SCALE 0-3)  26
DPTR FM NORMAL     5    PTCLDY (SCALE 4-7)   1
TOTAL FM JUL 1   904    CLOUDY (SCALE 8-10)  0
DPTR FM NORMAL  -276

[CDD (BASE 65) ]
TOTAL THIS MO.   379
DPTR FM NORMAL    28    [PRESSURE DATA]
TOTAL FM JAN 1   894    HIGHEST SLP M ON M
DPTR FM NORMAL   287    LOWEST  SLP 29.77 ON 24

[REMARKS]
