000
CXUS56 KPQR 261330
CF6TTD
PRELIMINARY LOCAL CLIMATOLOGICAL DATA (WS FORM: F-6)

                                          STATION:   TROUTDALE OR
                                          MONTH:     FEBRUARY
                                          YEAR:      2015
                                          LATITUDE:   45 33 N
                                          LONGITUDE: 122 25 W

  TEMPERATURE IN F:       :PCPN:    SNOW:  WIND      :SUNSHINE: SKY     :PK WND
================================================================================
1   2   3   4   5  6A  6B    7    8   9   10  11  12  13   14  15   16   17  18
                                     12Z  AVG MX 2MIN
DY MAX MIN AVG DEP HDD CDD  WTR  SNW DPTH SPD SPD DIR MIN PSBL S-S WX    SPD DR
================================================================================

 1  45  40  43   2  22   0 0.08    M    0 13.1 29  90   M    M   8 18     37  90
 2  60  41  51  10  14   0 0.31    M    0  9.8 26 100   M    M   6 1      33  80
 3  52  41  47   5  18   0 0.10    M    0  3.8 17  90   M    M   7 1      22  90
 4  52  46  49   7  16   0 0.01    M    0 19.8 28  90   M    M   6        35  90
 5  51  46  49   7  16   0 0.30    M    0 20.5 31  90   M    M   9 1      40  90
 6  59  49  54  12  11   0 0.49    M    0  8.6 22  80   M    M   9 1      28  80
 7  59  51  55  13  10   0 0.58  0.0    0  8.1 25 210   M    M   9 1      35 200
 8  57  44  51   9  14   0 0.16    M    0 14.4 26  90   M    M   6 13     34  90
 9  55  50  53  11  12   0 0.33  0.0    0 15.2 28 210   M    M  10 1      39 230
10  57  48  53  11  12   0    T    M    0  5.1 17 210   M    M   6        23 210
11  56  45  51   9  14   0    T    M    0 14.2 25 100   M    M   1        31  90
12  64  41  53  11  12   0 0.00  0.0    0  4.3 15  90   M    M   0        20  90
13  61  38  50   8  15   0 0.00  0.0    0  3.6 16 110   M    M   0 1      20 120
14  60  41  51   9  14   0 0.00  0.0    0  1.6  9 230   M    M   7 1      11 220
15  61  34  48   6  17   0 0.00  0.0    0 10.9 25  90   M    M   3 12     33  90
16  61  48  55  12  10   0 0.00  0.0    0 19.2 25 100   M    M   0        34 100
17  59  47  53  10  12   0 0.00  0.0    0 20.9 29 100   M    M   0        35  90
18  57  38  48   5  17   0 0.00  0.0    0  5.5 23 100   M    M   8        31 100
19  58  45  52   9  13   0 0.01    M    0  0.6  7 230   M    M  10 1       8 240
20  57  44  51   8  14   0    T    M    0  2.0  8 270   M    M   6 1      12 290
21  61  35  48   5  17   0 0.00  0.0    0  5.0 21  60   M    M   3 1      29  60
22  56  38  47   3  18   0 0.00  0.0    0 10.0 23  60   M    M   0        28  60
23  56  38  47   3  18   0 0.00  0.0    0 15.1 24 110   M    M   0        30 100
24  60  30  45   1  20   0 0.00  0.0    0  3.2 12  90   M    M   0        15 330
25  52  42  47   3  18   0 0.03    M    0  1.1  7 230   M    M  10 18      9 230
================================================================================
SM 1426 1060       374   0  2.40     0.0 235.6          M      124
================================================================================
AV 57.0 42.4                               9.4 FASTST   M    M   5    MAX(MPH)
                                 MISC ---->  # 31  90               # 40   90
================================================================================
NOTES:
# LAST OF SEVERAL OCCURRENCES

COLUMN 17 PEAK WIND IN M.P.H.

PRELIMINARY LOCAL CLIMATOLOGICAL DATA (WS FORM: F-6) , PAGE 2

                                          STATION:  TROUTDALE OR
                                          MONTH:    FEBRUARY
                                          YEAR:     2015
                                          LATITUDE:   45 33 N
                                          LONGITUDE: 122 25 W

[TEMPERATURE DATA]      [PRECIPITATION DATA]       SYMBOLS USED IN COLUMN 16

AVERAGE MONTHLY: 49.7   TOTAL FOR MONTH:   2.40    1 = FOG OR MIST
DPTR FM NORMAL:   7.2   DPTR FM NORMAL:   -2.13    2 = FOG REDUCING VISIBILITY
HIGHEST:    64 ON 12    GRTST 24HR  0.71 ON  6- 7      TO 1/4 MILE OR LESS
LOWEST:     30 ON 24                               3 = THUNDER
                        SNOW, ICE PELLETS, HAIL    4 = ICE PELLETS
                        TOTAL MONTH:   0.0 INCH    5 = HAIL
                        GRTST 24HR     0.0         6 = FREEZING RAIN OR DRIZZLE
                        GRTST DEPTH:   0           7 = DUSTSTORM OR SANDSTORM:
                                                       VSBY 1/2 MILE OR LESS
                                                   8 = SMOKE OR HAZE
[NO. OF DAYS WITH]      [WEATHER - DAYS WITH]      9 = BLOWING SNOW
                                                   X = TORNADO
MAX 32 OR BELOW:   0    0.01 INCH OR MORE:  11
MAX 90 OR ABOVE:   0    0.10 INCH OR MORE:   7
MIN 32 OR BELOW:   1    0.50 INCH OR MORE:   1
MIN  0 OR BELOW:   0    1.00 INCH OR MORE:   0

[HDD (BASE 65) ]
TOTAL THIS MO.   374    CLEAR  (SCALE 0-3)   9
DPTR FM NORMAL  -189    PTCLDY (SCALE 4-7)   9
TOTAL FM JUL 1  2398    CLOUDY (SCALE 8-10)  7
DPTR FM NORMAL  -855

[CDD (BASE 65) ]
TOTAL THIS MO.     0
DPTR FM NORMAL     0    [PRESSURE DATA]
TOTAL FM JAN 1     0    HIGHEST SLP M ON M
DPTR FM NORMAL     0    LOWEST  SLP 29.40 ON  7

[REMARKS]
