000
CXUS51 KPHI 300800
CF6TTN
PRELIMINARY LOCAL CLIMATOLOGICAL DATA (WS FORM: F-6)

                                          STATION:   TRENTON NJ
                                          MONTH:     AUGUST
                                          YEAR:      2016
                                          LATITUDE:   40 16 N
                                          LONGITUDE:  74 49 W

  TEMPERATURE IN F:       :PCPN:    SNOW:  WIND      :SUNSHINE: SKY     :PK WND
================================================================================
1   2   3   4   5  6A  6B    7    8   9   10  11  12  13   14  15   16   17  18
                                     12Z  AVG MX 2MIN
DY MAX MIN AVG DEP HDD CDD  WTR  SNW DPTH SPD SPD DIR MIN PSBL S-S WX    SPD DR
================================================================================

 1  77  70  74  -2   0   9 0.01    M    M  6.0 10 120   M    M  10 1      14 100
 2  79  67  73  -3   0   8 0.00    M    M  6.6 14  70   M    M   8        18  70
 3  81  62  72  -3   0   7 0.00    M    M  4.7 13 110   M    M   2        16 100
 4  83  61  72  -3   0   7 0.00    M    M  4.5 14 160   M    M   2        16 140
 5  84  62  73  -2   0   8 0.00    M    M  5.5 14 210   M    M   5        17 230
 6  90  72  81   6   0  16 0.42    M    M  5.9 15 330   M    M   7 13     19 340
 7  87  66  77   2   0  12 0.00    M    M  5.4  9 350   0    0   0         M  M
 8  84  66  75   0   0  10 0.00    M    M  2.3  8  50   M    M   1        10  60
 9  87  62  75   0   0  10    T    M    M  5.2 14 170   M    M   3 128    18 190
10  90  75  83   8   0  18 0.00    M    M  7.6 17 220   M    M   7        24 240
11  94  77  86  11   0  21    T    M    M  6.4 18 360   M    M   3 3      25 350
12  96  75  86  11   0  21 0.19    M    M  5.2 17 300   M    M   2 3      26 290
13  96  77  87  13   0  22 0.00    M    M  5.6 17 220   M    M   3 13     22 200
14  94  74  84  10   0  19 0.17    M    M  6.4 22 340   M    M   2 13     33 280
15  91  74  83   9   0  18    T    M    M  5.2 10 180   M    M   2        14 360
16  91  74  83   9   0  18 0.03    M    M  7.8 18 220   M    M   4 13     25 200
17  87  74  81   7   0  16 0.07    M    M  6.7 15 320   M    M   4 13     22 320
18  87  71  79   5   0  14 0.07    M    M  4.2 12 360   M    M   7 1      14 350
19  89  71  80   6   0  15 0.00    M    M  5.1 12 350   M    M   3        15  10
20  90  68  79   5   0  14 0.00    M    M  5.5 16 140   M    M   2        20 140
21  88  70  79   6   0  14 0.23    M    M  5.8 17 160   M    M   5 1      23 180
22  81  59  70  -3   0   5 0.00    M    M  7.9 20 340   M    M   1        28 340
23  83  56  70  -3   0   5 0.00    M    M  3.2 12 300   M    M   0        15 350
24  86  59  73   0   0   8 0.00    M    M  4.0 14 220   M    M   0        18 190
25  88  63  76   3   0  11 0.00    M    M  6.7 17 210   M    M   2        22 200
26  93  72  83  10   0  18 0.00    M    M  6.4 15 350   M    M   2        19 320
27  89  67  78   6   0  13 0.00    M    M  5.4 13  60   M    M   0        17  60
28  89  63  76   4   0  11 0.00    M    M  5.6 14 150   M    M   1 128    17 180
29  93  69  81   9   0  16 0.00    M    M  5.7 15 360   M    M   1        18 350
================================================================================
SM 2547 1976         0 384  1.19    M    162.5            0     89
================================================================================
AV 87.8 68.1                               5.6 FASTST    0   0   3    MAX(MPH)
                                 MISC ---->  # 22 340               # 33  280
================================================================================
NOTES:
# LAST OF SEVERAL OCCURRENCES

COLUMN 17 PEAK WIND IN M.P.H.

PRELIMINARY LOCAL CLIMATOLOGICAL DATA (WS FORM: F-6) , PAGE 2

                                          STATION:  TRENTON NJ
                                          MONTH:    AUGUST
                                          YEAR:     2016
                                          LATITUDE:   40 16 N
                                          LONGITUDE:  74 49 W

[TEMPERATURE DATA]      [PRECIPITATION DATA]       SYMBOLS USED IN COLUMN 16

AVERAGE MONTHLY: 78.0   TOTAL FOR MONTH:   1.19    1 = FOG OR MIST
DPTR FM NORMAL:   3.9   DPTR FM NORMAL:   -2.68    2 = FOG REDUCING VISIBILITY
HIGHEST:    96 ON 13,12 GRTST 24HR  0.42 ON  5- 6      TO 1/4 MILE OR LESS
LOWEST:     56 ON 23                               3 = THUNDER
                        SNOW, ICE PELLETS, HAIL    4 = ICE PELLETS
                        TOTAL MONTH:    M          5 = HAIL
                        GRTST 24HR    M  ON   M    6 = FREEZING RAIN OR DRIZZLE
                        GRTST DEPTH:  M  ON   M    7 = DUSTSTORM OR SANDSTORM:
                                                       VSBY 1/2 MILE OR LESS
                                                   8 = SMOKE OR HAZE
[NO. OF DAYS WITH]      [WEATHER - DAYS WITH]      9 = BLOWING SNOW
                                                   X = TORNADO
MAX 32 OR BELOW:   0    0.01 INCH OR MORE:   8
MAX 90 OR ABOVE:  11    0.10 INCH OR MORE:   4
MIN 32 OR BELOW:   0    0.50 INCH OR MORE:   0
MIN  0 OR BELOW:   0    1.00 INCH OR MORE:   0

[HDD (BASE 65) ]
TOTAL THIS MO.     0    CLEAR  (SCALE 0-3)  19
DPTR FM NORMAL     0    PTCLDY (SCALE 4-7)   9
TOTAL FM JUL 1     0    CLOUDY (SCALE 8-10)  1
DPTR FM NORMAL     0

[CDD (BASE 65) ]
TOTAL THIS MO.   384
DPTR FM NORMAL   119    [PRESSURE DATA]
TOTAL FM JAN 1  1124    HIGHEST SLP  0.00 ON  7
DPTR FM NORMAL   282    LOWEST  SLP  0.00 ON M

[REMARKS]
