000
CXUS51 KPHI 310800
CF6TTN
PRELIMINARY LOCAL CLIMATOLOGICAL DATA (WS FORM: F-6)

                                          STATION:   TRENTON NJ
                                          MONTH:     JULY
                                          YEAR:      2014
                                          LATITUDE:   40 16 N
                                          LONGITUDE:  74 49 W

  TEMPERATURE IN F:       :PCPN:    SNOW:  WIND      :SUNSHINE: SKY     :PK WND
================================================================================
1   2   3   4   5  6A  6B    7    8   9   10  11  12  13   14  15   16   17  18
                                     12Z  AVG MX 2MIN
DY MAX MIN AVG DEP HDD CDD  WTR  SNW DPTH SPD SPD DIR MIN PSBL S-S WX    SPD DR
================================================================================

 1  90  69  80   6   0  15 0.00    M    M 10.4 18 210   M    M   2 18     25 210
 2  93  73  83   8   0  18 0.40    M    M  7.8 20 220   M    M   3 13     26 170
 3  90  71  81   6   0  16 1.97    M    M  6.2 36 220   M    M   3 138    59 200
 4  75  65  70  -5   0   5 0.01    M    M 11.8 24 360   M    M   5 1      35 320
 5  81  60  71  -4   0   6 0.00    M    M  8.1 15 340   M    M   0        21 330
 6  84  57  71  -4   0   6 0.00    M    M  7.3 18 220   M    M   0        25 280
 7  90  71  81   6   0  16 0.00    M    M 10.1 21 210   M    M   4        29 230
 8  93  69  81   5   0  16 0.10    M    M  8.8 36 220   M    M   2 38     49 220
 9  89  68  79   3   0  14 0.00    M    M  5.5 16 220   M    M   2        21 220
10  83  69  76   0   0  11 0.00    M    M  5.8 13  60   M    M   4        16  60
11  86  66  76   0   0  11 0.00    M    M  5.6 12 140   M    M   2        16  40
12  88  65  77   1   0  12 0.00    M    M  6.2 17 170   M    M   2        22 180
13  89  70  80   4   0  15 0.06    M    M 10.0 18 220   M    M   6 13     37 210
14  87  70  79   3   0  14 1.06    M    M  4.8 13  30   M    M   6 13     28 210
15  90  71  81   5   0  16 1.21    M    M  5.6 29 150   M    M   8 138    51 150
16  84  64  74  -2   0   9 0.01    M    M  6.6 12 270   M    M   2 1      20 270
17  82  62  72  -4   0   7 0.00    M    M  5.4 14 300   M    M   1        20 320
18  81  60  71  -5   0   6 0.00    M    M  4.0 10 340   M    M   0 8      17 140
19  77  64  71  -5   0   6    T    M    M  4.7 13 130   M    M   0        17 120
20  79  66  73  -3   0   8    T    M    M  6.9 15  60   M    M   4        20  70
21  84  61  73  -3   0   8 0.00    M    M  4.3 14 180   M    M   2        17 180
22  87  64  76   0   0  11 0.00    M    M  5.2 13 220   M    M   1 8      20 250
23  90  67  79   3   0  14 0.13    M    M  7.2 17 300   M    M   3 13     23 270
24  81  67  74  -2   0   9 0.01    M    M  7.3 15 350   M    M   3 1      20 350
25  82  60  71  -5   0   6 0.00    M    M  5.7 12 180   M    M   1        17  10
26  79  62  71  -5   0   6 0.02    M    M  5.9 15 180   M    M   2        19 180
27  89  69  79   3   0  14 0.31    M    M  7.6 14 210   M    M   4 13     18 220
28  82  66  74  -2   0   9 0.14    M    M 10.4 17 260   M    M   4 13     28 250
29  76  60  68  -8   0   3 0.00    M    M  5.9 13 330   M    M   6        18 330
30  81  58  70  -6   0   5 0.00    M    M  3.5 12 280   M    M   2        15 270
================================================================================
SM 2542 1964         0 312  5.43    M    204.6          M       84
================================================================================
AV 84.7 65.5                               6.8 FASTST   M    M   3    MAX(MPH)
                                 MISC ---->  # 36 220               # 59  200
================================================================================
NOTES:
# LAST OF SEVERAL OCCURRENCES

COLUMN 17 PEAK WIND IN M.P.H.

PRELIMINARY LOCAL CLIMATOLOGICAL DATA (WS FORM: F-6) , PAGE 2

                                          STATION:  TRENTON NJ
                                          MONTH:    JULY
                                          YEAR:     2014
                                          LATITUDE:   40 16 N
                                          LONGITUDE:  74 49 W

[TEMPERATURE DATA]      [PRECIPITATION DATA]       SYMBOLS USED IN COLUMN 16

AVERAGE MONTHLY: 75.1   TOTAL FOR MONTH:   5.43    1 = FOG OR MIST
DPTR FM NORMAL:  -0.6   DPTR FM NORMAL:    0.64    2 = FOG REDUCING VISIBILITY
HIGHEST:    93 ON  8, 2 GRTST 24HR  2.26 ON  2- 3      TO 1/4 MILE OR LESS
LOWEST:     57 ON  6                               3 = THUNDER
                        SNOW, ICE PELLETS, HAIL    4 = ICE PELLETS
                        TOTAL MONTH:    M          5 = HAIL
                        GRTST 24HR    M  ON   M    6 = FREEZING RAIN OR DRIZZLE
                        GRTST DEPTH:  M  ON   M    7 = DUSTSTORM OR SANDSTORM:
                                                       VSBY 1/2 MILE OR LESS
                                                   8 = SMOKE OR HAZE
[NO. OF DAYS WITH]      [WEATHER - DAYS WITH]      9 = BLOWING SNOW
                                                   X = TORNADO
MAX 32 OR BELOW:   0    0.01 INCH OR MORE:  13
MAX 90 OR ABOVE:   7    0.10 INCH OR MORE:   8
MIN 32 OR BELOW:   0    0.50 INCH OR MORE:   3
MIN  0 OR BELOW:   0    1.00 INCH OR MORE:   3

[HDD (BASE 65) ]
TOTAL THIS MO.     0    CLEAR  (SCALE 0-3)  19
DPTR FM NORMAL     0    PTCLDY (SCALE 4-7)  11
TOTAL FM JUL 1     0    CLOUDY (SCALE 8-10)  0
DPTR FM NORMAL     0

[CDD (BASE 65) ]
TOTAL THIS MO.   312
DPTR FM NORMAL    -9    [PRESSURE DATA]
TOTAL FM JAN 1   557    HIGHEST SLP M ON M
DPTR FM NORMAL   -11    LOWEST  SLP 29.56 ON 28

[REMARKS]
