000
CXUS51 KPHI 290800
CF6TTN
PRELIMINARY LOCAL CLIMATOLOGICAL DATA (WS FORM: F-6)

                                          STATION:   TRENTON NJ
                                          MONTH:     MAY
                                          YEAR:      2016
                                          LATITUDE:   40 16 N
                                          LONGITUDE:  74 49 W

  TEMPERATURE IN F:       :PCPN:    SNOW:  WIND      :SUNSHINE: SKY     :PK WND
================================================================================
1   2   3   4   5  6A  6B    7    8   9   10  11  12  13   14  15   16   17  18
                                     12Z  AVG MX 2MIN
DY MAX MIN AVG DEP HDD CDD  WTR  SNW DPTH SPD SPD DIR MIN PSBL S-S WX    SPD DR
================================================================================

 1  51  46  49  -7  16   0 0.36    M    M  5.9 13 100   M    M   9 1      17 120
 2  62  46  54  -3  11   0 0.49    M    M  4.5 10 120   M    M   8 1238   15 250
 3  56  50  53  -4  12   0 0.36    M    M  7.4 15  70   M    M  10 1      18  70
 4  52  49  51  -6  14   0 0.05    M    M  8.6 16  90   M    M  10 18     21  70
 5  58  47  53  -5  12   0 0.00    M    M  8.0 16  50   M    M  10 1      20  50
 6  54  49  52  -6  13   0 0.55    M    M 11.1 28  70   M    M  10 1      35  60
 7  60  48  54  -4  11   0    T    M    M  5.4 12  70   M    M   8 1      15  70
 8  68  48  58  -1   7   0 0.07    M    M  7.6 22 340   M    M   5 1      31 320
 9  71  42  57  -2   8   0 0.00    M    M  8.0 25 260   M    M   1        36 280
10  59  49  54  -5  11   0    T    M    M  4.9 13 260   M    M   6        16 270
11  69  47  58  -2   7   0 0.00    M    M  1.6  8 240   M    M   7        11 220
12  79  51  65   5   0   0 0.00    M    M  5.9 16 140   M    M   1 18     22 130
13  67  56  62   2   3   0 0.15    M    M  4.4 12 210   M    M   8 128    16 210
14  75  51  63   3   2   0 0.03    M    M  7.5 23 290   M    M   4 12     34 310
15  57  42  50 -11  15   0 0.01    M    M 11.7 28 310   M    M   5        38 290
16  66  40  53  -8  12   0 0.00    M    M 10.2 22 300   M    M   1        34 290
17  65  51  58  -4   7   0 0.09    M    M  4.6 15 220   M    M   6 1      21 230
18  68  50  59  -3   6   0    T    M    M  5.7 14 140   M    M   9 1      19 110
19  73  51  62   0   3   0    T    M    M  3.1 12 250   M    M   6        16 260
20  77  47  62   0   3   0 0.00    M    M  5.6 16 170   M    M   0        21 190
21  63  52  58  -5   7   0 0.54    M    M  6.5 16 100   M    M   7 1      21 140
22  66  51  59  -4   6   0 0.09    M    M  4.6 10  70   M    M  10 1      15  10
23  78  49  64   1   1   0 0.06    M    M  4.9 25  40   M    M   5 123    32  30
24  80  56  68   4   0   3 0.02    M    M  5.7 14  90   M    M   7 1      18 220
25  87  54  71   7   0   6 0.00    M    M  5.5 13 300   M    M   0        19 280
26  90  60  75  11   0  10 0.00    M    M  4.9 14 200   M    M   0        18 220
27  89  66  78  13   0  13 0.00    M    M  7.3 17 220   M    M   1        22 220
28  90  67  79  14   0  14 0.00    M    M  8.2 18 220   M    M   0        25 210
================================================================================
SM 1930 1415       187  46  2.87    M    179.3          M      154
================================================================================
AV 68.9 50.5                               6.4 FASTST   M    M   6    MAX(MPH)
                                 MISC ---->  # 28  70               # 38  290
================================================================================
NOTES:
# LAST OF SEVERAL OCCURRENCES

COLUMN 17 PEAK WIND IN M.P.H.

PRELIMINARY LOCAL CLIMATOLOGICAL DATA (WS FORM: F-6) , PAGE 2

                                          STATION:  TRENTON NJ
                                          MONTH:    MAY
                                          YEAR:     2016
                                          LATITUDE:   40 16 N
                                          LONGITUDE:  74 49 W

[TEMPERATURE DATA]      [PRECIPITATION DATA]       SYMBOLS USED IN COLUMN 16

AVERAGE MONTHLY: 59.7   TOTAL FOR MONTH:   2.87    1 = FOG OR MIST
DPTR FM NORMAL:  -0.9   DPTR FM NORMAL:   -0.95    2 = FOG REDUCING VISIBILITY
HIGHEST:    90 ON 28,26 GRTST 24HR  0.84 ON  2- 3      TO 1/4 MILE OR LESS
LOWEST:     40 ON 16                               3 = THUNDER
                        SNOW, ICE PELLETS, HAIL    4 = ICE PELLETS
                        TOTAL MONTH:    M          5 = HAIL
                        GRTST 24HR    M  ON   M    6 = FREEZING RAIN OR DRIZZLE
                        GRTST DEPTH:  M  ON   M    7 = DUSTSTORM OR SANDSTORM:
                                                       VSBY 1/2 MILE OR LESS
                                                   8 = SMOKE OR HAZE
[NO. OF DAYS WITH]      [WEATHER - DAYS WITH]      9 = BLOWING SNOW
                                                   X = TORNADO
MAX 32 OR BELOW:   0    0.01 INCH OR MORE:  14
MAX 90 OR ABOVE:   2    0.10 INCH OR MORE:   6
MIN 32 OR BELOW:   0    0.50 INCH OR MORE:   2
MIN  0 OR BELOW:   0    1.00 INCH OR MORE:   0

[HDD (BASE 65) ]
TOTAL THIS MO.   187    CLEAR  (SCALE 0-3)   8
DPTR FM NORMAL    27    PTCLDY (SCALE 4-7)  11
TOTAL FM JUL 1  4205    CLOUDY (SCALE 8-10)  9
DPTR FM NORMAL  -923

[CDD (BASE 65) ]
TOTAL THIS MO.    46
DPTR FM NORMAL     5    [PRESSURE DATA]
TOTAL FM JAN 1    58    HIGHEST SLP  0.00 ON 20
DPTR FM NORMAL     9    LOWEST  SLP 29.57 ON  6

[REMARKS]
