252
CXUS54 KTSA 210840
CF6TUL
PRELIMINARY LOCAL CLIMATOLOGICAL DATA (WS FORM: F-6)

                                          STATION:   TULSA OKLAHOMA
                                          MONTH:     OCTOBER
                                          YEAR:      2017
                                          LATITUDE:   36 12 N
                                          LONGITUDE:  95 54 W

  TEMPERATURE IN F:       :PCPN:    SNOW:  WIND      :SUNSHINE: SKY     :PK WND
================================================================================
1   2   3   4   5  6A  6B    7    8   9   10  11  12  13   14  15   16   17  18
                                     12Z  AVG MX 2MIN
DY MAX MIN AVG DEP HDD CDD  WTR  SNW DPTH SPD SPD DIR MIN PSBL S-S WX    SPD DR
================================================================================

 1  82  63  73   6   0   8 0.00  0.0    0  9.0 18 170   M    M   6        23 170
 2  87  64  76  10   0  11 0.00  0.0    0 14.8 25 170   M    M   2        33 130
 3  77  73  75   9   0  10 0.14  0.0    0 10.5 22 160   M    M   9 1      28 160
 4  74  69  72   6   0   7 4.07  0.0    0  8.3 20 140   M    M  10 13     24 140
 5  82  70  76  11   0  11    T  0.0    0  7.4 14 170   M    M  10        18 170
 6  86  71  79  14   0  14 0.00  0.0    0 15.8 29 170   M    M   8 3      36 170
 7  80  60  70   6   0   5 0.28  0.0    0  7.8 23 180   M    M   4 13     31 270
 8  83  52  68   4   0   3 0.00  0.0    0  4.5 13 190   M    M   0        15 140
 9  89  57  73   9   0   8 0.17  0.0    0 10.6 20 140   M    M   3 13     26 140
10  67  46  57  -7   8   0    T  0.0    0 12.3 25 320   M    M   9 1      31 320
11  69  44  57  -6   8   0 0.00  0.0    0  4.6 10 350   M    M   4        13 340
12  82  49  66   3   0   1 0.00  0.0    0 10.0 20 170   M    M   1        25 170
13  88  66  77  14   0  12 0.00  0.0    0 11.9 21 170   M    M   1        26 170
14  90  62  76  14   0  11 0.31  0.0    0 15.7 30 350   M    M   5 13     40 340
15  69  49  59  -3   6   0 0.54  0.0    0 10.6 26 340   M    M   2 138    35 340
16  70  43  57  -5   8   0 0.00  0.0    0  1.9 10 140   M    M   0 18     13 150
17  72  46  59  -3   6   0 0.00  0.0    0  8.5 17 180   M    M   1        21 180
18  79  51  65   4   0   0 0.00  0.0    0 11.6 23 190   M    M   3        30 190
19  79  50  65   4   0   0 0.00  0.0    0  8.4 17 170   M    M   8        23 190
20  79  58  69   8   0   4 0.00  0.0    0 15.1 29 180   M    M   7        39 150
================================================================================
SM 1584 1143        36 105  5.51     0.0 199.3          M       93
================================================================================
AV 79.2 57.2                              10.0 FASTST   M    M   5    MAX(MPH)
                                 MISC ---->  # 30 350               # 40  340
================================================================================
NOTES:
# LAST OF SEVERAL OCCURRENCES

COLUMN 17 PEAK WIND IN M.P.H.

PRELIMINARY LOCAL CLIMATOLOGICAL DATA (WS FORM: F-6) , PAGE 2

                                          STATION:  TULSA OKLAHOMA
                                          MONTH:    OCTOBER
                                          YEAR:     2017
                                          LATITUDE:   36 12 N
                                          LONGITUDE:  95 54 W

[TEMPERATURE DATA]      [PRECIPITATION DATA]       SYMBOLS USED IN COLUMN 16

AVERAGE MONTHLY: 68.2   TOTAL FOR MONTH:   5.51    1 = FOG OR MIST
DPTR FM NORMAL:   4.6   DPTR FM NORMAL:    2.98    2 = FOG REDUCING VISIBILITY
HIGHEST:    90 ON 14    GRTST 24HR  4.07 ON  4- 4      TO 1/4 MILE OR LESS
LOWEST:     43 ON 16                               3 = THUNDER
                        SNOW, ICE PELLETS, HAIL    4 = ICE PELLETS
                        TOTAL MONTH:   0.0 INCH    5 = HAIL
                        GRTST 24HR     0.0         6 = FREEZING RAIN OR DRIZZLE
                        GRTST DEPTH:   0           7 = DUSTSTORM OR SANDSTORM:
                                                       VSBY 1/2 MILE OR LESS
                                                   8 = SMOKE OR HAZE
[NO. OF DAYS WITH]      [WEATHER - DAYS WITH]      9 = BLOWING SNOW
                                                   X = TORNADO
MAX 32 OR BELOW:   0    0.01 INCH OR MORE:   6
MAX 90 OR ABOVE:   1    0.10 INCH OR MORE:   6
MIN 32 OR BELOW:   0    0.50 INCH OR MORE:   2
MIN  0 OR BELOW:   0    1.00 INCH OR MORE:   1

[HDD (BASE 65) ]
TOTAL THIS MO.    36    CLEAR  (SCALE 0-3)   8
DPTR FM NORMAL   -45    PTCLDY (SCALE 4-7)   8
TOTAL FM JUL 1    36    CLOUDY (SCALE 8-10)  4
DPTR FM NORMAL   -69

[CDD (BASE 65) ]
TOTAL THIS MO.   105
DPTR FM NORMAL    54    [PRESSURE DATA]
TOTAL FM JAN 1  2115    HIGHEST SLP M ON M
DPTR FM NORMAL    99    LOWEST  SLP 29.59 ON M

[REMARKS]
