000
CXUS55 KTWC 220855
CF6TUS
PRELIMINARY LOCAL CLIMATOLOGICAL DATA (WS FORM: F-6)

                                          STATION:   TUCSON AZ
                                          MONTH:     FEBRUARY
                                          YEAR:      2018
                                          LATITUDE:   32  7 N
                                          LONGITUDE: 110 56 W

  TEMPERATURE IN F:       :PCPN:    SNOW:  WIND      :SUNSHINE: SKY     :PK WND
================================================================================
1   2   3   4   5  6A  6B    7    8   9   10  11  12  13   14  15   16   17  18
                                     12Z  AVG MX 2MIN
DY MAX MIN AVG DEP HDD CDD  WTR  SNW DPTH SPD SPD DIR MIN PSBL S-S WX    SPD DR
================================================================================

 1  82  45  64  10   1   0 0.00  0.0    0  7.0 18 140   M    M   M        25 160
 2  80  47  64  10   1   0 0.00  0.0    0  7.0 15 150   M    M   M        18 150
 3  77  51  64  10   1   0 0.00  0.0    0  6.4 15 270   M    M   M        20 280
 4  79  46  63   9   2   0 0.00  0.0    0  6.0 14 150   M    M   M        19 290
 5  80  47  64  10   1   0 0.00  0.0    M  6.9 14 350   M    M   M        19 360
 6  79  45  62   8   3   0 0.00  0.0    M  6.6 20 290   M    M   M        28 300
 7  78  44  61   7   4   0 0.00  0.0    M  4.5 12 100   M    M   M        15  40
 8  84  44  64  10   1   0 0.00  0.0    M  7.5 25 140   M    M   M        30 130
 9  82  47  65  10   0   0 0.00  0.0    M  6.9 14 340   M    M   M        20 320
10  80  47  64   9   1   0 0.00  0.0    M 10.1 22 250   M    M   M        33 250
11  75  51  63   8   2   0 0.00  0.0    M  4.8 15 230   M    M   M        22 200
12  70  50  60   5   5   0 0.00  0.0    M  9.7 28 200   M    M   M        38 180
13  73  49  61   6   4   0 0.00  0.0    M  5.1 14 200   M    M   M        26 200
14  65  52  59   4   6   0 0.44  0.0    M  3.1 12 130   M    M   M 1      16 280
15  58  51  55   0  10   0 1.01  0.0    M  3.5  9 320   M    M   M 1      16  50
16  59  54  57   2   8   0 0.25  0.0    M  1.4  9 340   M    M   M 1      14 250
17  70  53  62   6   3   0 0.00  0.0    M  3.6 15 150   M    M   M 2      19 160
18  69  50  60   4   5   0 0.00  0.0    M  7.0 16 270   M    M   M        23 280
19  67  46  57   1   8   0 0.05    M    M 14.2 31 200   M    M   M        44 220
20  55  40  48  -8  17   0 0.01  0.0    0  5.9 14 300   M    M   M        20 290
21  61  37  49  -7  16   0 0.00  0.0    M  6.1 16 310   M    M   M        23 310
================================================================================
SM 1523  996        99   0  1.76     0.0 133.3          M        M
================================================================================
AV 72.5 47.4                               6.3 FASTST   M    M -nan   MAX(MPH)
                                 MISC ---->  # 31 200               # 44  220
================================================================================
NOTES:
# LAST OF SEVERAL OCCURRENCES

COLUMN 17 PEAK WIND IN M.P.H.

PRELIMINARY LOCAL CLIMATOLOGICAL DATA (WS FORM: F-6) , PAGE 2

                                          STATION:  TUCSON AZ
                                          MONTH:    FEBRUARY
                                          YEAR:     2018
                                          LATITUDE:   32  7 N
                                          LONGITUDE: 110 56 W

[TEMPERATURE DATA]      [PRECIPITATION DATA]       SYMBOLS USED IN COLUMN 16

AVERAGE MONTHLY: 60.0   TOTAL FOR MONTH:   1.76    1 = FOG OR MIST
DPTR FM NORMAL:   5.1   DPTR FM NORMAL:    1.10    2 = FOG REDUCING VISIBILITY
HIGHEST:    84 ON  8    GRTST 24HR  1.01 ON 15-15      TO 1/4 MILE OR LESS
LOWEST:     37 ON 21                               3 = THUNDER
                        SNOW, ICE PELLETS, HAIL    4 = ICE PELLETS
                        TOTAL MONTH:   0.0 INCH    5 = HAIL
                        GRTST 24HR     0.0         6 = FREEZING RAIN OR DRIZZLE
                        GRTST DEPTH:   0           7 = DUSTSTORM OR SANDSTORM:
                                                       VSBY 1/2 MILE OR LESS
                                                   8 = SMOKE OR HAZE
[NO. OF DAYS WITH]      [WEATHER - DAYS WITH]      9 = BLOWING SNOW
                                                   X = TORNADO
MAX 32 OR BELOW:   0    0.01 INCH OR MORE:   5
MAX 90 OR ABOVE:   0    0.10 INCH OR MORE:   3
MIN 32 OR BELOW:   0    0.50 INCH OR MORE:   1
MIN  0 OR BELOW:   0    1.00 INCH OR MORE:   1

[HDD (BASE 65) ]
TOTAL THIS MO.    99    CLEAR  (SCALE 0-3)   0
DPTR FM NORMAL  -115    PTCLDY (SCALE 4-7)   0
TOTAL FM JUL 1   525    CLOUDY (SCALE 8-10)  0
DPTR FM NORMAL  -683

[CDD (BASE 65) ]
TOTAL THIS MO.     0
DPTR FM NORMAL     0    [PRESSURE DATA]
TOTAL FM JAN 1     4    HIGHEST SLP M ON M
DPTR FM NORMAL     3    LOWEST  SLP 29.65 ON 19

[REMARKS]
