000
CXUS55 KREV 160840
CF6TVL
PRELIMINARY LOCAL CLIMATOLOGICAL DATA (WS FORM: F-6)

                                          STATION:   SOUTH LAKE TAHOE CA
                                          MONTH:     JANUARY
                                          YEAR:      2017
                                          LATITUDE:   38 53 N
                                          LONGITUDE: 119 60 W

  TEMPERATURE IN F:       :PCPN:    SNOW:  WIND      :SUNSHINE: SKY     :PK WND
================================================================================
1   2   3   4   5  6A  6B    7    8   9   10  11  12  13   14  15   16   17  18
                                     12Z  AVG MX 2MIN
DY MAX MIN AVG DEP HDD CDD  WTR  SNW DPTH SPD SPD DIR MIN PSBL S-S WX    SPD DR
================================================================================

 1  41  17  29   0  36   0    T    T    T 11.2 23 200   M    M   M        48 180
 2  27  22  25  -4  40   0 0.10  2.4    0 14.6 25 190   M    M   M 12     43 190
 3  36  26  31   2  34   0 0.40  5.9    3 13.0 25 190   M    M   M 1      33 200
 4  39  33  36   7  29   0 2.32 13.2    8 10.9 30 190   M    M   M 12     41 200
 5  35  10  23  -6  42   0 0.14  2.4   18  7.2 16 190   M    M   M 18     31 180
 6  34   1  18 -12  47   0 0.00  0.0   16  1.6  7 170   M    M   M         8 170
 7  42  25  34   4  31   0 0.73  0.0   16  9.2 25 190   M    M   M 1      38 190
 8  47  36  42  12  23   0 3.79  0.0   14 14.5 23 200   M    M   M 1      62 190
 9  41  29  35   5  30   0 0.78    M    6 13.9 25 200   M    M   M        46 210
10  36  32  34   4  31   0 1.13    M    M 16.4 26 190   M    M   M        48 180
11  35  23  29  -1  36   0 0.19    M    M 13.8 24 200   M    M   M 128    46 190
12  32  22  27  -3  38   0 0.18    M    M  1.7  8 150   M    M   M 1      12 180
13  33  14  24  -6  41   0 0.00  0.0    M  2.9  8  70   M    M   M 1      13  80
14  34  14  24  -6  41   0    T    M    M  2.9  8 190   M    M   9 1       9 190
15  34  19  27  -3  38   0 0.00  0.0    M  2.6  7 170   M    M   8 12      M  M
================================================================================
SM  546  323       537   0  9.76    23.9 136.4          M       17
================================================================================
AV 36.4 21.5                               9.1 FASTST   M    M   9    MAX(MPH)
                                 MISC ---->  # 30 190                 62    M
================================================================================
NOTES:
# LAST OF SEVERAL OCCURRENCES

COLUMN 17 PEAK WIND IN M.P.H.

PRELIMINARY LOCAL CLIMATOLOGICAL DATA (WS FORM: F-6) , PAGE 2

                                          STATION:  SOUTH LAKE TAHOE CA
                                          MONTH:    JANUARY
                                          YEAR:     2017
                                          LATITUDE:   38 53 N
                                          LONGITUDE: 119 60 W

[TEMPERATURE DATA]      [PRECIPITATION DATA]       SYMBOLS USED IN COLUMN 16

AVERAGE MONTHLY: 29.0   TOTAL FOR MONTH:   9.76    1 = FOG OR MIST
DPTR FM NORMAL:  -0.7   DPTR FM NORMAL:    8.02    2 = FOG REDUCING VISIBILITY
HIGHEST:    47 ON  8    GRTST 24HR  3.79 ON  8- 8      TO 1/4 MILE OR LESS
LOWEST:      1 ON  6                               3 = THUNDER
                        SNOW, ICE PELLETS, HAIL    4 = ICE PELLETS
                        TOTAL MONTH:  23.9 INCHES  5 = HAIL
                        GRTST 24HR  13.2 ON   M    6 = FREEZING RAIN OR DRIZZLE
                        GRTST DEPTH:  18 ON  5     7 = DUSTSTORM OR SANDSTORM:
                                                       VSBY 1/2 MILE OR LESS
                                                   8 = SMOKE OR HAZE
[NO. OF DAYS WITH]      [WEATHER - DAYS WITH]      9 = BLOWING SNOW
                                                   X = TORNADO
MAX 32 OR BELOW:   2    0.01 INCH OR MORE:  10
MAX 90 OR ABOVE:   0    0.10 INCH OR MORE:  10
MIN 32 OR BELOW:  13    0.50 INCH OR MORE:   5
MIN  0 OR BELOW:   0    1.00 INCH OR MORE:   3

[HDD (BASE 65) ]
TOTAL THIS MO.   537    CLEAR  (SCALE 0-3)   0
DPTR FM NORMAL     5    PTCLDY (SCALE 4-7)   0
TOTAL FM JUL 1  3440    CLOUDY (SCALE 8-10)  2
DPTR FM NORMAL  -275

[CDD (BASE 65) ]
TOTAL THIS MO.     0
DPTR FM NORMAL     0    [PRESSURE DATA]
TOTAL FM JAN 1     0    HIGHEST SLP M ON M
DPTR FM NORMAL     0    LOWEST  SLP 29.50 ON M

[REMARKS]
