000
CXUS54 KJAN 241200
CF6TVR
PRELIMINARY LOCAL CLIMATOLOGICAL DATA (WS FORM: F-6)

                                          STATION:   VICKSBURG
                                          MONTH:     FEBRUARY
                                          YEAR:      2018
                                          LATITUDE:   32 20 N
                                          LONGITUDE:  91  2 W

  TEMPERATURE IN F:       :PCPN:    SNOW:  WIND      :SUNSHINE: SKY     :PK WND
================================================================================
1   2   3   4   5  6A  6B    7    8   9   10  11  12  13   14  15   16   17  18
                                     12Z  AVG MX 2MIN
DY MAX MIN AVG DEP HDD CDD  WTR  SNW DPTH SPD SPD DIR MIN PSBL S-S WX    SPD DR
================================================================================

 1  72  43  58  11   7   0 0.04  0.0    0  9.7 25  10   M    M   8 1      33 360
 2  48  31  40  -7  25   0 0.00  0.0    0 12.0 22  10   M    M   1        28  10
 3  53  28  41  -6  24   0 0.94  0.0    0  7.9 16 130   M    M   6 1      19 160
 4  60  45  53   6  12   0 0.44  0.0    0  5.0 14  30   M    M   5 1      19  30
 5  54  35  45  -3  20   0 0.00  0.0    0  6.2 17  10   M    M   6 1      20  20
 6  66  50  58  10   7   0 0.17  0.0    0  5.1 24 310   M    M  10 13     34 310
 7  50  35  43  -5  22   0 1.89  0.0    0 12.8 23  10   M    M   8 13     34 320
 8  61  31  46  -2  19   0 0.00  0.0    0  5.6 13  20   M    M   0 1      14  20
 9  57  37  47  -1  18   0    T  0.0    0  3.3  9 140   M    M   6        11 140
10  66  56  61  12   4   0 2.41  0.0    0  5.1 16 140   M    M  10 1      19 140
11  64  39  52   3  13   0 0.28  0.0    0  8.8 18  10   M    M  10 13     22  10
12  41  35  38 -11  27   0 0.00  0.0    0 11.9 22  10   M    M  10        26  30
13  66  39  53   4  12   0    T  0.0    0  4.3  9  50   M    M   8 1      11  60
14  75  50  63  13   2   0 0.01  0.0    0  5.2 15 160   M    M   8 1      20 190
15  81  63  72  22   0   7 0.00  0.0    0  8.3 17 230   M    M   5 18     30 250
16  74  52  63  13   2   0    T  0.0    0  8.5 25 360   M    M   9        32 360
17  73  50  62  12   3   0 0.04  0.0    0  6.3 16 310   M    M  10 1      22 300
18  66  49  58   7   7   0    T  0.0    0  7.0 13 120   M    M   8 1      17  30
19  83  56  70  19   0   5 0.00  0.0    0 11.5 21 180   M    M   2 12     28 170
20  86  66  76  25   0  11 0.00  0.0    0 11.6 24 170   M    M   3        30 170
21  83  59  71  20   0   6 1.16  0.0    0  8.3 28 360   M    M   6 13     35  10
22  82  58  70  18   0   5 0.02  0.0    0  6.7 17 170   M    M   5 18     24 270
23  80  65  73  21   0   8 0.08  0.0    0  8.8 21 150   M    M   6 1      25 140
================================================================================
SM 1541 1072       224  42  7.48     0.0 179.9          M      150
================================================================================
AV 67.0 46.6                               7.8 FASTST   M    M   7    MAX(MPH)
                                 MISC ---->  # 28 360               # 35   10
================================================================================
NOTES:
# LAST OF SEVERAL OCCURRENCES

COLUMN 17 PEAK WIND IN M.P.H.

PRELIMINARY LOCAL CLIMATOLOGICAL DATA (WS FORM: F-6) , PAGE 2

                                          STATION:  VICKSBURG
                                          MONTH:    FEBRUARY
                                          YEAR:     2018
                                          LATITUDE:   32 20 N
                                          LONGITUDE:  91  2 W

[TEMPERATURE DATA]      [PRECIPITATION DATA]       SYMBOLS USED IN COLUMN 16

AVERAGE MONTHLY: 56.8   TOTAL FOR MONTH:   7.48    1 = FOG OR MIST
DPTR FM NORMAL:   7.6   DPTR FM NORMAL:    3.12    2 = FOG REDUCING VISIBILITY
HIGHEST:    86 ON 20    GRTST 24HR  2.41 ON 10-10      TO 1/4 MILE OR LESS
LOWEST:     28 ON  3                               3 = THUNDER
                        SNOW, ICE PELLETS, HAIL    4 = ICE PELLETS
                        TOTAL MONTH:   0.0 INCH    5 = HAIL
                        GRTST 24HR     0.0         6 = FREEZING RAIN OR DRIZZLE
                        GRTST DEPTH:   0           7 = DUSTSTORM OR SANDSTORM:
                                                       VSBY 1/2 MILE OR LESS
                                                   8 = SMOKE OR HAZE
[NO. OF DAYS WITH]      [WEATHER - DAYS WITH]      9 = BLOWING SNOW
                                                   X = TORNADO
MAX 32 OR BELOW:   0    0.01 INCH OR MORE:  12
MAX 90 OR ABOVE:   0    0.10 INCH OR MORE:   7
MIN 32 OR BELOW:   3    0.50 INCH OR MORE:   4
MIN  0 OR BELOW:   0    1.00 INCH OR MORE:   3

[HDD (BASE 65) ]
TOTAL THIS MO.   224    CLEAR  (SCALE 0-3)   3
DPTR FM NORMAL  -144    PTCLDY (SCALE 4-7)  12
TOTAL FM JUL 1  1871    CLOUDY (SCALE 8-10)  8
DPTR FM NORMAL   -41

[CDD (BASE 65) ]
TOTAL THIS MO.    42
DPTR FM NORMAL    42    [PRESSURE DATA]
TOTAL FM JAN 1    42    HIGHEST SLP M ON M
DPTR FM NORMAL    39    LOWEST  SLP 29.81 ON  4

[REMARKS]
