000
CXUS55 KBOI 211002
CF6TWF
PRELIMINARY LOCAL CLIMATOLOGICAL DATA (WS FORM: F-6)

                                          STATION:   TWIN FALLS ID
                                          MONTH:     OCTOBER
                                          YEAR:      2017
                                          LATITUDE:   42 28 N
                                          LONGITUDE: 114 29 W

  TEMPERATURE IN F:       :PCPN:    SNOW:  WIND      :SUNSHINE: SKY     :PK WND
================================================================================
1   2   3   4   5  6A  6B    7    8   9   10  11  12  13   14  15   16   17  18
                                     12Z  AVG MX 2MIN
DY MAX MIN AVG DEP HDD CDD  WTR  SNW DPTH SPD SPD DIR MIN PSBL S-S WX    SPD DR
================================================================================

 1  55  35  45 -11  20   0 0.00    M    M 17.1 30 270   M    M   3        38 270
 2  52  30  41 -15  24   0 0.02    M    M  8.1 16 260   M    M   5 1      20 240
 3  57  22  40 -15  25   0    T    M    M 11.1 24  60   M    M   1        32  70
 4  51  35  43 -12  22   0 0.31    M    M  9.9 18 230   M    M   8 1      22 220
 5  59  27  43 -11  22   0 0.00    M    M  6.9 14 190   M    M   0        18  50
 6  67  36  52  -2  13   0 0.00    M    M 11.9 20 270   M    M   0 8      26 270
 7  67  45  56   2   9   0 0.00    M    M 13.1 22 240   M    M   0        30 240
 8  52  34  43 -10  22   0 0.00    M    M 18.1 30 280   M    M   3        36 260
 9  54  31  43 -10  22   0 0.00    M    M  6.8 15 200   M    M   0        18 210
10  67  31  49  -3  16   0 0.00    M    M  9.0 18 170   M    M   0 8      24 240
11  59  38  49  -3  16   0 0.00    M    M 13.1 20 180   M    M   1        25 170
12  51  27  39 -13  26   0 0.00    M    M 10.1 20 260   M    M   0        25 240
13  54  29  42  -9  23   0 0.07    M    M 13.2 30 270   M    M   3 1      40 280
14  46  24  35 -16  30   0    T    M    M 11.8 29 240   M    M   1        36 240
15  59  19  39 -12  26   0 0.00    M    M  7.1 15  50   M    M   0        19  40
16  65  27  46  -4  19   0 0.00    M    M  5.1 15 160   M    M   0        16 150
17  70  30  50   0  15   0 0.00    M    M  6.3 14 190   M    M   0 8      16 180
18  73  43  58   8   7   0 0.00    M    M 10.0 16 180   M    M   0        20 180
19  79  40  60  11   5   0 0.00    M    M  9.6 17 350   M    M   0 8      21 190
20  57  34  46  -3  19   0 0.20    M    M 16.1 36 270   M    M   6 18     47 270
================================================================================
SM 1194  637       381   0  0.60    M    214.4          M       31
================================================================================
AV 59.7 31.9                              10.7 FASTST   M    M   2    MAX(MPH)
                                 MISC ---->  # 36 270               # 47  270
================================================================================
NOTES:
# LAST OF SEVERAL OCCURRENCES

COLUMN 17 PEAK WIND IN M.P.H.

PRELIMINARY LOCAL CLIMATOLOGICAL DATA (WS FORM: F-6) , PAGE 2

                                          STATION:  TWIN FALLS ID
                                          MONTH:    OCTOBER
                                          YEAR:     2017
                                          LATITUDE:   42 28 N
                                          LONGITUDE: 114 29 W

[TEMPERATURE DATA]      [PRECIPITATION DATA]       SYMBOLS USED IN COLUMN 16

AVERAGE MONTHLY: 45.8   TOTAL FOR MONTH:   0.60    1 = FOG OR MIST
DPTR FM NORMAL:  -6.6   DPTR FM NORMAL:    0.10    2 = FOG REDUCING VISIBILITY
HIGHEST:    79 ON 19    GRTST 24HR  0.31 ON  4- 4      TO 1/4 MILE OR LESS
LOWEST:     19 ON 15                               3 = THUNDER
                        SNOW, ICE PELLETS, HAIL    4 = ICE PELLETS
                        TOTAL MONTH:    M          5 = HAIL
                        GRTST 24HR    M  ON   M    6 = FREEZING RAIN OR DRIZZLE
                        GRTST DEPTH:  M  ON   M    7 = DUSTSTORM OR SANDSTORM:
                                                       VSBY 1/2 MILE OR LESS
                                                   8 = SMOKE OR HAZE
[NO. OF DAYS WITH]      [WEATHER - DAYS WITH]      9 = BLOWING SNOW
                                                   X = TORNADO
MAX 32 OR BELOW:   0    0.01 INCH OR MORE:   4
MAX 90 OR ABOVE:   0    0.10 INCH OR MORE:   2
MIN 32 OR BELOW:  11    0.50 INCH OR MORE:   0
MIN  0 OR BELOW:   0    1.00 INCH OR MORE:   0

[HDD (BASE 65) ]
TOTAL THIS MO.   381    CLEAR  (SCALE 0-3)  16
DPTR FM NORMAL   127    PTCLDY (SCALE 4-7)   4
TOTAL FM JUL 1   613    CLOUDY (SCALE 8-10)  0
DPTR FM NORMAL   198

[CDD (BASE 65) ]
TOTAL THIS MO.     0
DPTR FM NORMAL     0    [PRESSURE DATA]
TOTAL FM JAN 1   871    HIGHEST SLP M ON M
DPTR FM NORMAL   193    LOWEST  SLP 29.39 ON 20

[REMARKS]
