000
CXUS55 KBOI 271002
CF6TWF
PRELIMINARY LOCAL CLIMATOLOGICAL DATA (WS FORM: F-6)

                                          STATION:   TWIN FALLS ID
                                          MONTH:     FEBRUARY
                                          YEAR:      2015
                                          LATITUDE:   42 28 N
                                          LONGITUDE: 114 29 W

  TEMPERATURE IN F:       :PCPN:    SNOW:  WIND      :SUNSHINE: SKY     :PK WND
================================================================================
1   2   3   4   5  6A  6B    7    8   9   10  11  12  13   14  15   16   17  18
                                     12Z  AVG MX 2MIN
DY MAX MIN AVG DEP HDD CDD  WTR  SNW DPTH SPD SPD DIR MIN PSBL S-S WX    SPD DR
================================================================================

 1  44  25  35   5  30   0    T    M    M  7.5 16 200   M    M   4        20 200
 2  50  40  45  15  20   0 0.10    M    M  7.5 17 300   M    M   9 1      31 310
 3  54  40  47  17  18   0 0.24    M    M  9.6 22 260   M    M   8 1      29 260
 4  55  38  47  16  18   0 0.11    M    M  6.3 15 230   M    M   3 1      20 240
 5  60  37  49  18  16   0 0.00    M    M 10.8 25 170   M    M   0        34 180
 6  64  51  58  27   7   0 0.00    M    M 16.8 28 160   M    M   2        35 160
 7  64  45  55  24  10   0    T    M    M 15.7 47 210   M    M   4        60 210
 8  65  39  52  21  13   0    T    M    M 11.1 28 150   M    M   3        33 150
 9  60  40  50  19  15   0    T    M    M 16.4 33 250   M    M   5        40 240
10  50  34  42  10  23   0 0.00    M    M 11.7 20 230   M    M   6        26 230
11  56  29  43  11  22   0 0.00    M    M  8.1 16  50   M    M   0        18  60
12  62  32  47  15  18   0 0.00    M    M  4.6 13 120   M    M   0        18 130
13  61  31  46  14  19   0 0.00    M    M  6.9 16  60   M    M   0        19  50
14  57  34  46  14  19   0 0.00    M    M 10.4 22 210   M    M   0        26 210
15  52  34  43  10  22   0 0.00    M    M 15.9 25 260   M    M   0        32 270
16  49  24  37   4  28   0 0.00    M    M  8.8 20 220   M    M   0        24 220
17  51  20  36   3  29   0 0.00    M    M  5.1 12 190   M    M   0        15 190
18  58  27  43   9  22   0 0.00    M    M  7.0 14 180   M    M   0        16 200
19  60  37  49  15  16   0 0.00    M    M 11.3 16 190   M    M   0        20 200
20  51  34  43   9  22   0 0.00    M    M 21.3 36 260   M    M   2        43 260
21  47  28  38   4  27   0    T    M    M 15.4 28  50   M    M   3 8      34  60
22  39  15  27  -8  38   0 0.00    M    M 15.6 28  60   M    M   1        34  60
23  41  15  28  -7  37   0 0.00    M    M 10.2 17  10   M    M   0        20  10
24  54  23  39   4  26   0 0.00    M    M 13.9 24 270   M    M   0        32 260
25  52  37  45   9  20   0 0.00    M    M 21.1 37 250   M    M   1        45 240
26  40  32  36   0  29   0 0.02    M    M 10.2 24 270   M    M   8 18     31 280
================================================================================
SM 1396  841       564   0  0.47    M    299.2          M       59
================================================================================
AV 53.7 32.3                              11.5 FASTST   M    M   2    MAX(MPH)
                                 MISC ---->  # 47 210               # 60  210
================================================================================
NOTES:
# LAST OF SEVERAL OCCURRENCES

COLUMN 17 PEAK WIND IN M.P.H.

PRELIMINARY LOCAL CLIMATOLOGICAL DATA (WS FORM: F-6) , PAGE 2

                                          STATION:  TWIN FALLS ID
                                          MONTH:    FEBRUARY
                                          YEAR:     2015
                                          LATITUDE:   42 28 N
                                          LONGITUDE: 114 29 W

[TEMPERATURE DATA]      [PRECIPITATION DATA]       SYMBOLS USED IN COLUMN 16

AVERAGE MONTHLY: 43.0   TOTAL FOR MONTH:   0.47    1 = FOG OR MIST
DPTR FM NORMAL:  10.4   DPTR FM NORMAL:   -0.29    2 = FOG REDUCING VISIBILITY
HIGHEST:    65 ON  8    GRTST 24HR  0.35 ON  3- 4      TO 1/4 MILE OR LESS
LOWEST:     15 ON 23,22                            3 = THUNDER
                        SNOW, ICE PELLETS, HAIL    4 = ICE PELLETS
                        TOTAL MONTH:    M          5 = HAIL
                        GRTST 24HR    M  ON   M    6 = FREEZING RAIN OR DRIZZLE
                        GRTST DEPTH:  M  ON   M    7 = DUSTSTORM OR SANDSTORM:
                                                       VSBY 1/2 MILE OR LESS
                                                   8 = SMOKE OR HAZE
[NO. OF DAYS WITH]      [WEATHER - DAYS WITH]      9 = BLOWING SNOW
                                                   X = TORNADO
MAX 32 OR BELOW:   0    0.01 INCH OR MORE:   4
MAX 90 OR ABOVE:   0    0.10 INCH OR MORE:   3
MIN 32 OR BELOW:  12    0.50 INCH OR MORE:   0
MIN  0 OR BELOW:   0    1.00 INCH OR MORE:   0

[HDD (BASE 65) ]
TOTAL THIS MO.   564    CLEAR  (SCALE 0-3)  18
DPTR FM NORMAL  -278    PTCLDY (SCALE 4-7)   7
TOTAL FM JUL 1  3639    CLOUDY (SCALE 8-10)  1
DPTR FM NORMAL  -871

[CDD (BASE 65) ]
TOTAL THIS MO.     0
DPTR FM NORMAL     0    [PRESSURE DATA]
TOTAL FM JAN 1     0    HIGHEST SLP M ON M
DPTR FM NORMAL     0    LOWEST  SLP 29.64 ON  6

[REMARKS]
