840
CXUS54 KSHV 281300
CF6TXK
PRELIMINARY LOCAL CLIMATOLOGICAL DATA (WS FORM: F-6)

                                          STATION:   TEXARKANA
                                          MONTH:     AUGUST
                                          YEAR:      2016
                                          LATITUDE:   33 27 N
                                          LONGITUDE:  94  0 W

  TEMPERATURE IN F:       :PCPN:    SNOW:  WIND      :SUNSHINE: SKY     :PK WND
================================================================================
1   2   3   4   5  6A  6B    7    8   9   10  11  12  13   14  15   16   17  18
                                     12Z  AVG MX 2MIN
DY MAX MIN AVG DEP HDD CDD  WTR  SNW DPTH SPD SPD DIR MIN PSBL S-S WX    SPD DR
================================================================================

 1  97  77  87   4   0  22 0.00  0.0    0  7.7 14 220   M    M   0        19 240
 2  97  75  86   3   0  21 0.00  0.0    0  6.2 13 220   M    M   0        16 260
 3  99  78  89   6   0  24 0.00  0.0    0  5.7 13 250   M    M   1        16 260
 4 100  80  90   7   0  25 0.00  0.0    0  6.7 13 200   M    M   0        17 210
 5  97  79  88   5   0  23 0.00  0.0    0  7.1 13 320   M    M   1        17 230
 6 100  73  87   4   0  22 1.06  0.0    0  6.3 24 190   M    M   0 13     32 190
 7  93  72  83   0   0  18    T  0.0    0  5.1 20  10   M    M   2 3      26  60
 8  86  72  79  -4   0  14 0.10  0.0    0  4.4 12 150   M    M   2 3      14 140
 9  94  74  84   1   0  19 0.06  0.0    0  3.2 15  50   M    M   1        20  60
10  97  74  86   3   0  21    T  0.0    0  2.4  8 160   M    M   1        12 280
11  96  76  86   3   0  21 0.00  0.0    0  3.3 12 250   M    M   1 3      15 250
12  99  76  88   5   0  23 0.04  0.0    0  3.0 13 220   M    M   1 3      17  80
13  86  74  80  -3   0  15 0.60  0.0    0  6.9 24 340   M    M   6 3      31 350
14  85  73  79  -4   0  14 0.30  0.0    0  4.3 10 320   M    M   9        13 330
15  79  72  76  -6   0  11 0.86  0.0    0  6.6 16 210   M    M   9 1      23 210
16  80  72  76  -6   0  11 0.84  0.0    0  4.2 10 150   M    M  10        14 160
17  80  72  76  -6   0  11 0.13  0.0    0  2.3  8 150   M    M   8        10 160
18  80  72  76  -6   0  11 1.17  0.0    0  4.5 10 160   M    M   7 13     15 170
19  88  72  80  -2   0  15 0.13  0.0    0  6.1 15 180   M    M   7 1      18 170
20  81  73  77  -5   0  12 0.13  0.0    0  7.1 18 250   M    M   5 1      23 250
21  81  72  77  -5   0  12 0.01  0.0    0  3.6 13  40   M    M   7 1      17  60
22  81  71  76  -6   0  11 0.02  0.0    0  4.3  9 180   M    M   7 1      11 100
23  90  70  80  -2   0  15 0.00  0.0    0  7.2 15 200   M    M   3 1      19 200
24  92  76  84   3   0  19 0.00  0.0    0  7.0 13 190   M    M   1 1      17 190
25  92  73  83   2   0  18 0.40  0.0    0  4.7 18  50   M    M   3 13     30  40
26  89  72  81   0   0  16 0.00  0.0    0  2.5  7  20   M    M   3 1      10  50
27  91  72  82   1   0  17 0.00  0.0    0  3.1 10  50   M    M   1 1      14  60
================================================================================
SM 2430 1992         0 461  5.85     0.0 135.5          M       96
================================================================================
AV 90.0 73.8                               5.0 FASTST   M    M   4    MAX(MPH)
                                 MISC ---->  # 24 190               # 32  190
================================================================================
NOTES:
# LAST OF SEVERAL OCCURRENCES

COLUMN 17 PEAK WIND IN M.P.H.

PRELIMINARY LOCAL CLIMATOLOGICAL DATA (WS FORM: F-6) , PAGE 2

                                          STATION:  TEXARKANA
                                          MONTH:    AUGUST
                                          YEAR:     2016
                                          LATITUDE:   33 27 N
                                          LONGITUDE:  94  0 W

[TEMPERATURE DATA]      [PRECIPITATION DATA]       SYMBOLS USED IN COLUMN 16

AVERAGE MONTHLY: 81.9   TOTAL FOR MONTH:   5.85    1 = FOG OR MIST
DPTR FM NORMAL:  -0.5   DPTR FM NORMAL:    3.37    2 = FOG REDUCING VISIBILITY
HIGHEST:   100 ON  6, 4 GRTST 24HR  1.17 ON 18-19      TO 1/4 MILE OR LESS
LOWEST:     70 ON 23                               3 = THUNDER
                        SNOW, ICE PELLETS, HAIL    4 = ICE PELLETS
                        TOTAL MONTH:   0.0 INCH    5 = HAIL
                        GRTST 24HR     0.0         6 = FREEZING RAIN OR DRIZZLE
                        GRTST DEPTH:   0           7 = DUSTSTORM OR SANDSTORM:
                                                       VSBY 1/2 MILE OR LESS
                                                   8 = SMOKE OR HAZE
[NO. OF DAYS WITH]      [WEATHER - DAYS WITH]      9 = BLOWING SNOW
                                                   X = TORNADO
MAX 32 OR BELOW:   0    0.01 INCH OR MORE:  15
MAX 90 OR ABOVE:  15    0.10 INCH OR MORE:  11
MIN 32 OR BELOW:   0    0.50 INCH OR MORE:   5
MIN  0 OR BELOW:   0    1.00 INCH OR MORE:   2

[HDD (BASE 65) ]
TOTAL THIS MO.     0    CLEAR  (SCALE 0-3)  14
DPTR FM NORMAL     0    PTCLDY (SCALE 4-7)   9
TOTAL FM JUL 1     0    CLOUDY (SCALE 8-10)  4
DPTR FM NORMAL     0

[CDD (BASE 65) ]
TOTAL THIS MO.   461
DPTR FM NORMAL    -8    [PRESSURE DATA]
TOTAL FM JAN 1  1868    HIGHEST SLP M ON M
DPTR FM NORMAL   139    LOWEST  SLP 29.71 ON 12

[REMARKS]
