000
CXUS54 KSHV 241300
CF6TYR
PRELIMINARY LOCAL CLIMATOLOGICAL DATA (WS FORM: F-6)

                                          STATION:   TYLER
                                          MONTH:     DECEMBER
                                          YEAR:      2014
                                          LATITUDE:   32 22 N
                                          LONGITUDE:  95 24 W

  TEMPERATURE IN F:       :PCPN:    SNOW:  WIND      :SUNSHINE: SKY     :PK WND
================================================================================
1   2   3   4   5  6A  6B    7    8   9   10  11  12  13   14  15   16   17  18
                                     12Z  AVG MX 2MIN
DY MAX MIN AVG DEP HDD CDD  WTR  SNW DPTH SPD SPD DIR MIN PSBL S-S WX    SPD DR
================================================================================

 1  66  39  53   2  12   0 0.02  0.0    0 11.1 23 310   M    M  10 18     28 320
 2  57  37  47  -3  18   0 0.00  0.0    0  4.8 13 350   M    M   6        16 350
 3  63  49  56   6   9   0 0.00  0.0    0  7.4 15 150   M    M  10 1      19 150
 4  69  57  63  13   2   0 0.00  0.0    0  6.8 14 150   M    M   9 1      16 150
 5  72  63  68  18   0   3 0.07  0.0    0 10.5 20 210   M    M   9 1      28 210
 6  69  51  60  10   5   0 0.00  0.0    0  9.1 17  40   M    M   3        21  40
 7  57  45  51   2  14   0 0.00  0.0    0  6.9 15  80   M    M   4        20  80
 8  65  39  52   3  13   0 0.00  0.0    0  2.7  9 310   M    M   0 18     14 360
 9  67  37  52   3  13   0 0.00  0.0    0  1.2  6  20   M    M   4 12      7  20
10  60  43  52   3  13   0 0.00  0.0    0  5.9 14  90   M    M   4        16 100
11  57  51  54   5  11   0 0.11  0.0    0  6.0 10 160   M    M  10 18     13 150
12  68  54  61  13   4   0 0.11  0.0    0  7.6 16 180   M    M   8 1      21 180
13  71  51  61  13   4   0 0.00  0.0    0  7.0 13 160   M    M   4 1      19 190
14  70  56  63  15   2   0 0.04  0.0    0 13.9 26 180   M    M   9        35 170
15  68  51  60  12   5   0 0.16  0.0    0 11.4 23 260   M    M   2 1      33 290
16  54  39  47  -1  18   0 0.00  0.0    0  7.6 22 320   M    M   0        27 350
17  49  37  43  -5  22   0 0.12  0.0    0  6.5 17 110   M    M   8 1      20 100
18  51  44  48   0  17   0 0.01  0.0    0  6.4 12  40   M    M  10 1      15  40
19  51  47  49   1  16   0 0.18  0.0    0  8.5 16  80   M    M  10 1      20  90
20  55  42  49   1  16   0 0.00  0.0    0  4.1  9  30   M    M   8 1      13  30
21  53  42  48   1  17   0 0.00  0.0    0  6.3 15 170   M    M  10 1      21 170
22  71  50  61  14   4   0 0.00  0.0    0 11.2 23 210   M    M   5        29 190
23  55  45  50   3  15   0 0.06    M    0 10.6 24 350   M    M   6        34 360
================================================================================
SM 1418 1069       250   3  0.88     0.0 173.5          M      149
================================================================================
AV 61.7 46.5                               7.5 FASTST   M    M   6    MAX(MPH)
                                 MISC ---->  # 26 180               # 35  170
================================================================================
NOTES:
# LAST OF SEVERAL OCCURRENCES

COLUMN 17 PEAK WIND IN M.P.H.

PRELIMINARY LOCAL CLIMATOLOGICAL DATA (WS FORM: F-6) , PAGE 2

                                          STATION:  TYLER
                                          MONTH:    DECEMBER
                                          YEAR:     2014
                                          LATITUDE:   32 22 N
                                          LONGITUDE:  95 24 W

[TEMPERATURE DATA]      [PRECIPITATION DATA]       SYMBOLS USED IN COLUMN 16

AVERAGE MONTHLY: 54.1   TOTAL FOR MONTH:   0.88    1 = FOG OR MIST
DPTR FM NORMAL:   5.4   DPTR FM NORMAL:   -2.27    2 = FOG REDUCING VISIBILITY
HIGHEST:    72 ON  5    GRTST 24HR  0.22 ON 11-12      TO 1/4 MILE OR LESS
LOWEST:     37 ON 17, 9                            3 = THUNDER
                        SNOW, ICE PELLETS, HAIL    4 = ICE PELLETS
                        TOTAL MONTH:   0.0 INCH    5 = HAIL
                        GRTST 24HR     0.0         6 = FREEZING RAIN OR DRIZZLE
                        GRTST DEPTH:   0           7 = DUSTSTORM OR SANDSTORM:
                                                       VSBY 1/2 MILE OR LESS
                                                   8 = SMOKE OR HAZE
[NO. OF DAYS WITH]      [WEATHER - DAYS WITH]      9 = BLOWING SNOW
                                                   X = TORNADO
MAX 32 OR BELOW:   0    0.01 INCH OR MORE:  10
MAX 90 OR ABOVE:   0    0.10 INCH OR MORE:   5
MIN 32 OR BELOW:   0    0.50 INCH OR MORE:   0
MIN  0 OR BELOW:   0    1.00 INCH OR MORE:   0

[HDD (BASE 65) ]
TOTAL THIS MO.   250    CLEAR  (SCALE 0-3)   4
DPTR FM NORMAL  -132    PTCLDY (SCALE 4-7)   7
TOTAL FM JUL 1   631    CLOUDY (SCALE 8-10) 12
DPTR FM NORMAL  -125

[CDD (BASE 65) ]
TOTAL THIS MO.     3
DPTR FM NORMAL     3    [PRESSURE DATA]
TOTAL FM JAN 1  2608    HIGHEST SLP M ON M
DPTR FM NORMAL   197    LOWEST  SLP 29.53 ON 22

[REMARKS]
