000
CXUS54 KSHV 221300
CF6TYR
PRELIMINARY LOCAL CLIMATOLOGICAL DATA (WS FORM: F-6)

                                          STATION:   TYLER
                                          MONTH:     AUGUST
                                          YEAR:      2014
                                          LATITUDE:   32 22 N
                                          LONGITUDE:  95 24 W

  TEMPERATURE IN F:       :PCPN:    SNOW:  WIND      :SUNSHINE: SKY     :PK WND
================================================================================
1   2   3   4   5  6A  6B    7    8   9   10  11  12  13   14  15   16   17  18
                                     12Z  AVG MX 2MIN
DY MAX MIN AVG DEP HDD CDD  WTR  SNW DPTH SPD SPD DIR MIN PSBL S-S WX    SPD DR
================================================================================

 1  76  68  72 -12   0   7    T  0.0    0  6.2 13 350   M    M   9 1      18  20
 2  86  69  78  -6   0  13 0.03  0.0    0  6.5 14  20   M    M   7 1      18  60
 3  88  71  80  -4   0  15    T  0.0    0  6.0 18  40   M    M   4 1      24  50
 4  91  72  82  -2   0  17 0.00  0.0    0  5.4 14  60   M    M   2 1      17  30
 5  93  73  83  -1   0  18    T  0.0    0  2.6 10 110   M    M   2 1      13  90
 6  93  75  84   0   0  19 0.00  0.0    0  6.9 14 200   M    M   1        17 190
 7  94  77  86   2   0  21 0.00  0.0    0  9.0 16 210   M    M   1        20 160
 8  95  79  87   3   0  22 0.00  0.0    0 10.0 17 210   M    M   0        29 260
 9  95  78  87   3   0  22 0.00  0.0    0  7.6 15 210   M    M   0        24 200
10  96  77  87   3   0  22 0.00  0.0    0  6.4 13 210   M    M   1        17 220
11  96  76  86   2   0  21 0.00  0.0    0  4.1 15 310   M    M   1        18 310
12  93  72  83  -1   0  18 0.00  0.0    0  5.1 15 360   M    M   1        21 350
13  90  65  78  -6   0  13 0.00  0.0    0  2.7 10  70   M    M   0        14  20
14  91  66  79  -5   0  14 0.00  0.0    0  4.6 13 110   M    M   0 8      16 100
15  92  69  81  -3   0  16 0.00  0.0    0  6.2 12 180   M    M   1        20 220
16  97  76  87   3   0  22 0.00  0.0    0  9.1 20 200   M    M   0        22 200
17  88  79  84   0   0  19 0.00  0.0    0  7.0 17 200   M    M   3        22 250
18  91  79  85   2   0  20 0.01  0.0    0  6.8 14 220   M    M   2        18 230
19  96  75  86   3   0  21    T  0.0    0  8.9 35 160   M    M   0        41 150
20  97  75  86   3   0  21 0.00  0.0    0 10.0 22 160   M    M   3        25 160
21  98  76  87   4   0  22 0.00  0.0    0 11.1 20 200   M    M   3        26 190
================================================================================
SM 1936 1547         0 383  0.04     0.0 142.2          M       41
================================================================================
AV 92.2 73.7                               6.8 FASTST   M    M   2    MAX(MPH)
                                 MISC ---->  # 35 160               # 41  150
================================================================================
NOTES:
# LAST OF SEVERAL OCCURRENCES

COLUMN 17 PEAK WIND IN M.P.H.

PRELIMINARY LOCAL CLIMATOLOGICAL DATA (WS FORM: F-6) , PAGE 2

                                          STATION:  TYLER
                                          MONTH:    AUGUST
                                          YEAR:     2014
                                          LATITUDE:   32 22 N
                                          LONGITUDE:  95 24 W

[TEMPERATURE DATA]      [PRECIPITATION DATA]       SYMBOLS USED IN COLUMN 16

AVERAGE MONTHLY: 82.9   TOTAL FOR MONTH:   0.04    1 = FOG OR MIST
DPTR FM NORMAL:  -0.9   DPTR FM NORMAL:   -1.76    2 = FOG REDUCING VISIBILITY
HIGHEST:    98 ON 21    GRTST 24HR  2.87 ON 31- 1      TO 1/4 MILE OR LESS
LOWEST:     65 ON 13                               3 = THUNDER
                        SNOW, ICE PELLETS, HAIL    4 = ICE PELLETS
                        TOTAL MONTH:   0.0 INCH    5 = HAIL
                        GRTST 24HR     0.0         6 = FREEZING RAIN OR DRIZZLE
                        GRTST DEPTH:   0           7 = DUSTSTORM OR SANDSTORM:
                                                       VSBY 1/2 MILE OR LESS
                                                   8 = SMOKE OR HAZE
[NO. OF DAYS WITH]      [WEATHER - DAYS WITH]      9 = BLOWING SNOW
                                                   X = TORNADO
MAX 32 OR BELOW:   0    0.01 INCH OR MORE:   2
MAX 90 OR ABOVE:  17    0.10 INCH OR MORE:   0
MIN 32 OR BELOW:   0    0.50 INCH OR MORE:   0
MIN  0 OR BELOW:   0    1.00 INCH OR MORE:   0

[HDD (BASE 65) ]
TOTAL THIS MO.     0    CLEAR  (SCALE 0-3)  18
DPTR FM NORMAL     0    PTCLDY (SCALE 4-7)   2
TOTAL FM JUL 1     0    CLOUDY (SCALE 8-10)  1
DPTR FM NORMAL     0

[CDD (BASE 65) ]
TOTAL THIS MO.   383
DPTR FM NORMAL   -12    [PRESSURE DATA]
TOTAL FM JAN 1  1763    HIGHEST SLP M ON M
DPTR FM NORMAL    10    LOWEST  SLP 29.83 ON  7

[REMARKS]
