000
CXUS56 KPQR 281200
CF6UAO
PRELIMINARY LOCAL CLIMATOLOGICAL DATA (WS FORM: F-6)

                                          STATION:   AURORA STATE OR
                                          MONTH:     MARCH
                                          YEAR:      2017
                                          LATITUDE:   45 15 N
                                          LONGITUDE: 122 46 W

  TEMPERATURE IN F:       :PCPN:    SNOW:  WIND      :SUNSHINE: SKY     :PK WND
================================================================================
1   2   3   4   5  6A  6B    7    8   9   10  11  12  13   14  15   16   17  18
                                     12Z  AVG MX 2MIN
DY MAX MIN AVG DEP HDD CDD  WTR  SNW DPTH SPD SPD DIR MIN PSBL S-S WX    SPD DR
================================================================================

 1  51  38  45  -1  20   0 0.01    M    0  7.7 18 180   M    M   8        24 190
 2  50  35  43  -3  22   0 0.02    M    0  6.8 17 180   M    M   9        22 180
 3  51  42  47   1  18   0 0.21    M    0 12.8 23 180   M    M  10 1      31 180
 4  48  36  42  -4  23   0 0.09    M    0  6.4 17 200   M    M   9 1      26 180
 5  45  35  40  -6  25   0 0.12    M    0 14.4 29 180   M    M   8 1      40 190
 6  45  33  39  -7  26   0 0.23    M    M 10.4 18 190   M    M  10 1      24 180
 7  49  41  45  -2  20   0 0.61    M    M 12.2 23 190   M    M  10 1      34 190
 8  50  44  47   0  18   0 0.25    M    0  2.7 12 180   M    M  10 1      13 180
 9  58  45  52   5  13   0 0.42    M    0  9.3 24 190   M    M   9 1      35 190
10  61  47  54   7  11   0    T    M    0  7.4 20 190   M    M   6        28 200
11  56  43  50   3  15   0 0.59    M    0  5.4 21 190   M    M   7 1      30 180
12  65  43  54   7  11   0 0.00  0.0    0  2.7 13 180   M    M   7 1      16 170
13  56  50  53   5  12   0 0.68  0.0    0  3.3 13 190   M    M  10 1      19 220
14  60  52  56   8   9   0 0.70  0.0    0  7.3 18 190   M    M   9 18     24 180
15  57  45  51   3  14   0 0.72    M    0  9.5 24 180   M    M  10 1      32 190
16  55  37  46  -2  19   0 0.00  0.0    0  1.7  8 170   M    M   4 1      10 170
17  49  37  43  -5  22   0 0.26    M    0  2.5 10 140   M    M   7 1      12 140
18  57  39  48   0  17   0 0.49    M    0  6.4 24 190   M    M  10 1      34 190
19  57  34  46  -2  19   0 0.00  0.0    0  9.2 15  10   M    M   3 1      21  30
20  56  38  47  -1  18   0 0.15    M    0  5.2 14  30   M    M   8 1      20  40
21  64  46  55   7  10   0 0.19    M    0  3.3 16 240   M    M   7 1      22 250
22  53  41  47  -2  18   0 0.10    M    0  9.0 23 180   M    M   8 18     32 180
23  57  37  47  -2  18   0 0.30    M    0  3.1 12 200   M    M   8 1      16 230
24  56  45  51   2  14   0 0.80    M    0  8.4 25 180   M    M  10 1      32 180
25  53  44  49   0  16   0    T    M    0  3.5 13 250   M    M   8        23 220
26  53  44  49   0  16   0 0.56    M    0  5.9 20 180   M    M  10 18     25 190
27  53  43  48  -1  17   0 0.10    M    0  8.6 16 180   M    M   8        21 170
================================================================================
SM 1465 1114       461   0  7.60     0.0 185.1          M      223
================================================================================
AV 54.3 41.3                               6.9 FASTST   M    M   8    MAX(MPH)
                                 MISC ---->  # 29 180               # 40  190
================================================================================
NOTES:
# LAST OF SEVERAL OCCURRENCES

COLUMN 17 PEAK WIND IN M.P.H.

PRELIMINARY LOCAL CLIMATOLOGICAL DATA (WS FORM: F-6) , PAGE 2

                                          STATION:  AURORA STATE OR
                                          MONTH:    MARCH
                                          YEAR:     2017
                                          LATITUDE:   45 15 N
                                          LONGITUDE: 122 46 W

[TEMPERATURE DATA]      [PRECIPITATION DATA]       SYMBOLS USED IN COLUMN 16

AVERAGE MONTHLY: 47.8   TOTAL FOR MONTH:   7.60    1 = FOG OR MIST
DPTR FM NORMAL:   0.2   DPTR FM NORMAL:    4.07    2 = FOG REDUCING VISIBILITY
HIGHEST:    65 ON 12    GRTST 24HR  0.80 ON 24-24      TO 1/4 MILE OR LESS
LOWEST:     33 ON  6                               3 = THUNDER
                        SNOW, ICE PELLETS, HAIL    4 = ICE PELLETS
                        TOTAL MONTH:   0.0 INCH    5 = HAIL
                        GRTST 24HR     0.0         6 = FREEZING RAIN OR DRIZZLE
                        GRTST DEPTH:   0           7 = DUSTSTORM OR SANDSTORM:
                                                       VSBY 1/2 MILE OR LESS
                                                   8 = SMOKE OR HAZE
[NO. OF DAYS WITH]      [WEATHER - DAYS WITH]      9 = BLOWING SNOW
                                                   X = TORNADO
MAX 32 OR BELOW:   0    0.01 INCH OR MORE:  22
MAX 90 OR ABOVE:   0    0.10 INCH OR MORE:  19
MIN 32 OR BELOW:   0    0.50 INCH OR MORE:   7
MIN  0 OR BELOW:   0    1.00 INCH OR MORE:   0

[HDD (BASE 65) ]
TOTAL THIS MO.   461    CLEAR  (SCALE 0-3)   1
DPTR FM NORMAL   -10    PTCLDY (SCALE 4-7)   9
TOTAL FM JUL 1  3695    CLOUDY (SCALE 8-10) 17
DPTR FM NORMAL    69

[CDD (BASE 65) ]
TOTAL THIS MO.     0
DPTR FM NORMAL     0    [PRESSURE DATA]
TOTAL FM JAN 1     0    HIGHEST SLP M ON M
DPTR FM NORMAL     0    LOWEST  SLP 29.55 ON  4

[REMARKS]
