000
CXUS56 KPQR 301200
CF6UAO
PRELIMINARY LOCAL CLIMATOLOGICAL DATA (WS FORM: F-6)

                                          STATION:   AURORA STATE OR
                                          MONTH:     APRIL
                                          YEAR:      2016
                                          LATITUDE:   45 15 N
                                          LONGITUDE: 122 46 W

  TEMPERATURE IN F:       :PCPN:    SNOW:  WIND      :SUNSHINE: SKY     :PK WND
================================================================================
1   2   3   4   5  6A  6B    7    8   9   10  11  12  13   14  15   16   17  18
                                     12Z  AVG MX 2MIN
DY MAX MIN AVG DEP HDD CDD  WTR  SNW DPTH SPD SPD DIR MIN PSBL S-S WX    SPD DR
================================================================================

 1  75  43  59   9   6   0 0.00  0.0    0  1.2  7 160   M    M   1         9 240
 2  69  44  57   7   8   0 0.00  0.0    0  1.7 17 220   M    M   2 1      17 210
 3  71  42  57   7   8   0 0.37    M    0  5.2 17 250   M    M   3 1      22 260
 4  58  43  51   1  14   0 0.15    M    0  6.4 18 240   M    M   6 1      26 240
 5  61  42  52   2  13   0 0.00  0.0    0  2.1  8 360   M    M   5        12  40
 6  74  41  58   8   7   0 0.00  0.0    0  7.0 13  10   M    M   2        16  10
 7  86  44  65  15   0   0 0.00  0.0    0  4.8 14  10   M    M   0        17  20
 8  79  51  65  15   0   0 0.00  0.0    0  4.6 16 120   M    M   1        25 140
 9  63  47  55   4  10   0 0.00  0.0    0  2.4  7 190   M    M   5 1      10 170
10  60  47  54   3  11   0 0.00  0.0    0  3.2  8  50   M    M   9        11  80
11  61  49  55   4  10   0 0.00  0.0    0  1.6  9 190   M    M   9        10 170
12  60  46  53   2  12   0 0.20    M    0  8.4 20 170   M    M   9 1      25 250
13  60  43  52   1  13   0 0.21    M    0  6.8 17 190   M    M   6 1      23 190
14  51  42  47  -4  18   0 0.44    M    0  9.6 28 170   M    M   9 1      57 330
15  60  38  49  -2  16   0 0.00  0.0    0  1.3 13 260   M    M   4 1      16 280
16  71  39  55   3  10   0 0.00  0.0    0  3.1  9  10   M    M   0 1      11  50
17  84  44  64  12   1   0 0.00  0.0    0  8.4 17  10   M    M   1        23  10
18  89  49  69  17   0   4 0.00  0.0    0  4.2 12  40   M    M   1        16  40
19  83  51  67  15   0   2 0.00  0.0    0  1.0  8 170   M    M   1         9 180
20  76  51  64  12   1   0    T  0.0    0  3.2 15 250   M    M   2 1      21 240
21  73  47  60   8   5   0 0.22    M    0  2.9 18 250   M    M   4 1      27 230
22  65  50  58   5   7   0 0.48  0.0    0  5.1 18 220   M    M   8 1      27 220
23  61  48  55   2  10   0 0.10    M    0  8.1 18 180   M    M   9 1      23 180
24  56  42  49  -4  16   0 0.25    M    0  5.3 15 250   M    M   7 1      19 220
25  59  40  50  -3  15   0 0.01    M    0  3.6 10 260   M    M   7        15 240
26  58  36  47  -7  18   0    T    M    0  2.3 10 250   M    M   5 8      13 250
27  58  45  52  -2  13   0 0.02    M    0  1.7  7 310   M    M   9        10 300
28  61  43  52  -2  13   0 0.00  0.0    0  2.1  8 330   M    M   9        10 190
29  60  50  55   1  10   0 0.24  0.0    0  2.2 15  40   M    M   9 138    18  30
================================================================================
SM 1942 1297       265   6  2.69     0.0 119.5          M      143
================================================================================
AV 67.0 44.7                               4.1 FASTST   M    M   5    MAX(MPH)
                                 MISC ---->  # 28 170               # 57  330
================================================================================
NOTES:
# LAST OF SEVERAL OCCURRENCES

COLUMN 17 PEAK WIND IN M.P.H.

PRELIMINARY LOCAL CLIMATOLOGICAL DATA (WS FORM: F-6) , PAGE 2

                                          STATION:  AURORA STATE OR
                                          MONTH:    APRIL
                                          YEAR:     2016
                                          LATITUDE:   45 15 N
                                          LONGITUDE: 122 46 W

[TEMPERATURE DATA]      [PRECIPITATION DATA]       SYMBOLS USED IN COLUMN 16

AVERAGE MONTHLY: 55.8   TOTAL FOR MONTH:   2.69    1 = FOG OR MIST
DPTR FM NORMAL:   4.2   DPTR FM NORMAL:   -0.36    2 = FOG REDUCING VISIBILITY
HIGHEST:    89 ON 18    GRTST 24HR  0.70 ON 21-22      TO 1/4 MILE OR LESS
LOWEST:     36 ON 26                               3 = THUNDER
                        SNOW, ICE PELLETS, HAIL    4 = ICE PELLETS
                        TOTAL MONTH:   0.0 INCH    5 = HAIL
                        GRTST 24HR     0.0         6 = FREEZING RAIN OR DRIZZLE
                        GRTST DEPTH:   0           7 = DUSTSTORM OR SANDSTORM:
                                                       VSBY 1/2 MILE OR LESS
                                                   8 = SMOKE OR HAZE
[NO. OF DAYS WITH]      [WEATHER - DAYS WITH]      9 = BLOWING SNOW
                                                   X = TORNADO
MAX 32 OR BELOW:   0    0.01 INCH OR MORE:  12
MAX 90 OR ABOVE:   0    0.10 INCH OR MORE:  10
MIN 32 OR BELOW:   0    0.50 INCH OR MORE:   0
MIN  0 OR BELOW:   0    1.00 INCH OR MORE:   0

[HDD (BASE 65) ]
TOTAL THIS MO.   265    CLEAR  (SCALE 0-3)  11
DPTR FM NORMAL  -124    PTCLDY (SCALE 4-7)   9
TOTAL FM JUL 1  3562    CLOUDY (SCALE 8-10)  9
DPTR FM NORMAL  -515

[CDD (BASE 65) ]
TOTAL THIS MO.     6
DPTR FM NORMAL     6    [PRESSURE DATA]
TOTAL FM JAN 1     6    HIGHEST SLP M ON M
DPTR FM NORMAL     6    LOWEST  SLP 29.58 ON 22

[REMARKS]
