000
CXUS56 KPQR 261200
CF6UAO
PRELIMINARY LOCAL CLIMATOLOGICAL DATA (WS FORM: F-6)

                                          STATION:   AURORA STATE OR
                                          MONTH:     MAY
                                          YEAR:      2015
                                          LATITUDE:   45 15 N
                                          LONGITUDE: 122 46 W

  TEMPERATURE IN F:       :PCPN:    SNOW:  WIND      :SUNSHINE: SKY     :PK WND
================================================================================
1   2   3   4   5  6A  6B    7    8   9   10  11  12  13   14  15   16   17  18
                                     12Z  AVG MX 2MIN
DY MAX MIN AVG DEP HDD CDD  WTR  SNW DPTH SPD SPD DIR MIN PSBL S-S WX    SPD DR
================================================================================

 1  73  46  60   5   5   0 0.00  0.0    0  5.7 16 350   M    M   0        23 350
 2  70  45  58   3   7   0 0.00  0.0    0  6.6 14  30   M    M   3        18  30
 3  74  40  57   2   8   0 0.00  0.0    0  1.5  9 250   M    M   0        11 250
 4  64  43  54  -1  11   0 0.00  0.0    0  5.8 17 190   M    M   4        21 180
 5  62  42  52  -3  13   0    T    M    0  5.3 14 180   M    M   5        21 180
 6  63  41  52  -4  13   0 0.06    M    0  4.4 16 350   M    M   6 1      21 350
 7  71  39  55  -1  10   0 0.00  0.0    0  5.6 16  10   M    M   1        21 360
 8  79  42  61   5   4   0 0.00  0.0    0  5.8 13 350   M    M   0 8      17 350
 9  82  46  64   8   1   0 0.00  0.0    0  2.4  9 340   M    M   0        13 350
10  69  49  59   3   6   0    T    M    0  3.1 13 340   M    M   2        16 350
11  59  48  54  -3  11   0 0.44    M    0  3.7 10 340   M    M   9 1      13 340
12  55  47  51  -6  14   0 0.19    M    0  8.1 16 180   M    M   9 1      22 180
13  65  47  56  -1   9   0 0.08    M    0  6.3 14 190   M    M   9 1      18 180
14  70  47  59   2   6   0    T    M    0  5.2 12 330   M    M   6        17 340
15  61  50  56  -2   9   0 0.00  0.0    0  2.9  9 210   M    M   9        13 230
16  59  51  55  -3  10   0 0.05  0.0    0  2.1  8  20   M    M  10 1      10  30
17  69  51  60   2   5   0 0.00  0.0    0  3.2  9 350   M    M   6        13 310
18  75  50  63   5   2   0 0.02  0.0    0  2.7  9 350   M    M   4 3      13 340
19  64  53  59   1   6   0 0.00  0.0    0  0.6  6 360   M    M  10 18      7 360
20  70  55  63   5   2   0 0.00  0.0    0  3.8  8 180   M    M   6        13  20
21  72  55  64   6   1   0 0.21  0.0    0  3.6 10 150   M    M   8 13     14 200
22  58  53  56  -3   9   0 0.13  0.0    0  3.2  8 220   M    M   9 13     10 210
23  62  52  57  -2   8   0 0.03  0.0    0  2.6  8 340   M    M  10 1      12 130
24  66  52  59   0   6   0 0.00  0.0    0  3.8  9 350   M    M   9        13  10
25  69  51  60   1   5   0 0.00  0.0    0  3.5 13  20   M    M   8        16  20
================================================================================
SM 1681 1195       181   0  1.21     0.0 101.5          M      143
================================================================================
AV 67.2 47.8                               4.1 FASTST   M    M   6    MAX(MPH)
                                 MISC ---->  # 17 190               # 23  350
================================================================================
NOTES:
# LAST OF SEVERAL OCCURRENCES

COLUMN 17 PEAK WIND IN M.P.H.

PRELIMINARY LOCAL CLIMATOLOGICAL DATA (WS FORM: F-6) , PAGE 2

                                          STATION:  AURORA STATE OR
                                          MONTH:    MAY
                                          YEAR:     2015
                                          LATITUDE:   45 15 N
                                          LONGITUDE: 122 46 W

[TEMPERATURE DATA]      [PRECIPITATION DATA]       SYMBOLS USED IN COLUMN 16

AVERAGE MONTHLY: 57.5   TOTAL FOR MONTH:   1.21    1 = FOG OR MIST
DPTR FM NORMAL:   0.5   DPTR FM NORMAL:   -0.70    2 = FOG REDUCING VISIBILITY
HIGHEST:    82 ON  9    GRTST 24HR  0.60 ON 11-12      TO 1/4 MILE OR LESS
LOWEST:     39 ON  7                               3 = THUNDER
                        SNOW, ICE PELLETS, HAIL    4 = ICE PELLETS
                        TOTAL MONTH:   0.0 INCH    5 = HAIL
                        GRTST 24HR     0.0         6 = FREEZING RAIN OR DRIZZLE
                        GRTST DEPTH:   0           7 = DUSTSTORM OR SANDSTORM:
                                                       VSBY 1/2 MILE OR LESS
                                                   8 = SMOKE OR HAZE
[NO. OF DAYS WITH]      [WEATHER - DAYS WITH]      9 = BLOWING SNOW
                                                   X = TORNADO
MAX 32 OR BELOW:   0    0.01 INCH OR MORE:   9
MAX 90 OR ABOVE:   0    0.10 INCH OR MORE:   4
MIN 32 OR BELOW:   0    0.50 INCH OR MORE:   0
MIN  0 OR BELOW:   0    1.00 INCH OR MORE:   0

[HDD (BASE 65) ]
TOTAL THIS MO.   181    CLEAR  (SCALE 0-3)   6
DPTR FM NORMAL   -29    PTCLDY (SCALE 4-7)  10
TOTAL FM JUL 1  3579    CLOUDY (SCALE 8-10)  9
DPTR FM NORMAL  -719

[CDD (BASE 65) ]
TOTAL THIS MO.     0
DPTR FM NORMAL    -9    [PRESSURE DATA]
TOTAL FM JAN 1     0    HIGHEST SLP M ON M
DPTR FM NORMAL   -10    LOWEST  SLP 29.77 ON 14

[REMARKS]
