000
CXUS53 KSGF 250800
CF6UNO
PRELIMINARY LOCAL CLIMATOLOGICAL DATA (WS FORM: F-6)

                                          STATION:   WEST PLAINS MO
                                          MONTH:     JULY
                                          YEAR:      2017
                                          LATITUDE:   36 52 N
                                          LONGITUDE:  91 55 W

  TEMPERATURE IN F:       :PCPN:    SNOW:  WIND      :SUNSHINE: SKY     :PK WND
================================================================================
1   2   3   4   5  6A  6B    7    8   9   10  11  12  13   14  15   16   17  18
                                     12Z  AVG MX 2MIN
DY MAX MIN AVG DEP HDD CDD  WTR  SNW DPTH SPD SPD DIR MIN PSBL S-S WX    SPD DR
================================================================================

 1  87  63  75  -2   0  10 0.01    M    M  4.1 13 320   M    M   3 3      17 330
 2  88  61  75  -2   0  10 0.09    M    M  3.5 15 220   M    M   1 13     21 230
 3  83  66  75  -2   0  10 0.15  0.0    0  3.1 12  60   M    M   4 13     17 190
 4  75  63  69  -8   0   4 0.85  0.0    0  3.5 14 100   M    M   4 1      20 110
 5  84  71  78   0   0  13 0.45  0.0    0  5.6 14 190   M    M   7 1      18 200
 6  88  68  78   0   0  13 0.07  0.0    M  5.1 12 350   M    M   5 1      15 320
 7  91  66  79   1   0  14 0.14  0.0    0  4.7 38  20   M    M   1 13     57  20
 8  89  68  79   1   0  14 0.00  0.0    0  2.9 10  50   M    M   0        16  50
 9  89  66  78   0   0  13 0.00  0.0    0  6.3 15 210   M    M   0        20 230
10  89  70  80   2   0  15 0.00    M    M  8.1 15 200   M    M   0        21 200
11  91  70  81   3   0  16 0.00    M    M  7.1 15 160   M    M   0        22 190
12  92  73  83   5   0  18 0.00    M    M  6.9 13 190   M    M   0        16 190
13  93  74  84   6   0  19 0.00    M    M  5.5 12 210   M    M   2        17 220
14  92  70  81   3   0  16 0.37    M    M  5.7 17 310   M    M   3 13     23 320
15  90  68  79   1   0  14 0.00    M    M  4.7 12  20   M    M   1        15  40
16  92  63  78   0   0  13 0.00    M    M  2.3 10 360   M    M   0        17  60
17  93  64  79   1   0  14 0.00    M    M  3.6  9 200   M    M   2        14 220
18  92  71  82   4   0  17 0.00    M    M  3.3 10 150   M    M   0        14 250
19  94  69  82   4   0  17 0.00    M    M  4.1 13 160   M    M   1 1      16 170
20  96  72  84   6   0  19 0.00    M    M  6.2 12 240   M    M   1        18 260
21  95  74  85   7   0  20 0.00    M    M  5.9 14 220   M    M   0 18     20 230
22  96  74  85   7   0  20 0.00    M    M  7.8 14 210   M    M   0 1      21 240
23  97  70  84   6   0  19 0.00    M    M  4.2 14  10   M    M   2        19 360
24  95  67  81   3   0  16 0.02    M    M  2.4 13 160   M    M   3        23 170
================================================================================
SM 2171 1641         0 354  2.15     0.0 116.6          M       40
================================================================================
AV 90.5 68.4                               4.9 FASTST   M    M   2    MAX(MPH)
                                 MISC ---->  # 38  20               # 57   20
================================================================================
NOTES:
# LAST OF SEVERAL OCCURRENCES

COLUMN 17 PEAK WIND IN M.P.H.

PRELIMINARY LOCAL CLIMATOLOGICAL DATA (WS FORM: F-6) , PAGE 2

                                          STATION:  WEST PLAINS MO
                                          MONTH:    JULY
                                          YEAR:     2017
                                          LATITUDE:   36 52 N
                                          LONGITUDE:  91 55 W

[TEMPERATURE DATA]      [PRECIPITATION DATA]       SYMBOLS USED IN COLUMN 16

AVERAGE MONTHLY: 79.4   TOTAL FOR MONTH:   2.15    1 = FOG OR MIST
DPTR FM NORMAL:   1.6   DPTR FM NORMAL:   -0.73    2 = FOG REDUCING VISIBILITY
HIGHEST:    97 ON 23    GRTST 24HR  0.85 ON  4- 4      TO 1/4 MILE OR LESS
LOWEST:     61 ON  2                               3 = THUNDER
                        SNOW, ICE PELLETS, HAIL    4 = ICE PELLETS
                        TOTAL MONTH:   0.0 INCH    5 = HAIL
                        GRTST 24HR     0.0         6 = FREEZING RAIN OR DRIZZLE
                        GRTST DEPTH:   0           7 = DUSTSTORM OR SANDSTORM:
                                                       VSBY 1/2 MILE OR LESS
                                                   8 = SMOKE OR HAZE
[NO. OF DAYS WITH]      [WEATHER - DAYS WITH]      9 = BLOWING SNOW
                                                   X = TORNADO
MAX 32 OR BELOW:   0    0.01 INCH OR MORE:   9
MAX 90 OR ABOVE:  15    0.10 INCH OR MORE:   5
MIN 32 OR BELOW:   0    0.50 INCH OR MORE:   1
MIN  0 OR BELOW:   0    1.00 INCH OR MORE:   0

[HDD (BASE 65) ]
TOTAL THIS MO.     0    CLEAR  (SCALE 0-3)  20
DPTR FM NORMAL     0    PTCLDY (SCALE 4-7)   4
TOTAL FM JUL 1     0    CLOUDY (SCALE 8-10)  0
DPTR FM NORMAL     0

[CDD (BASE 65) ]
TOTAL THIS MO.   354
DPTR FM NORMAL    46    [PRESSURE DATA]
TOTAL FM JAN 1   730    HIGHEST SLP M ON M
DPTR FM NORMAL    34    LOWEST  SLP 29.79 ON 22

[REMARKS]
