000
CXUS54 KHGX 311415
CF6UTS
PRELIMINARY LOCAL CLIMATOLOGICAL DATA (WS FORM: F-6)

                                          STATION:   HUNTSVILLE_(ASOS)
                                          MONTH:     JANUARY
                                          YEAR:      2015
                                          LATITUDE:   30 45 N
                                          LONGITUDE:  95 35 W

  TEMPERATURE IN F:       :PCPN:    SNOW:  WIND      :SUNSHINE: SKY     :PK WND
================================================================================
1   2   3   4   5  6A  6B    7    8   9   10  11  12  13   14  15   16   17  18
                                     12Z  AVG MX 2MIN
DY MAX MIN AVG DEP HDD CDD  WTR  SNW DPTH SPD SPD DIR MIN PSBL S-S WX    SPD DR
================================================================================

 1  44  37  41  -9  24   0 1.25    M    0  4.5 10 110   M    M   9 1      17 120
 2  48  42  45  -5  20   0 0.77  0.0    0  3.7  8  50   M    M  10 123    13  40
 3  49  39  44  -6  21   0 0.39  0.0    0  5.1 16 290   M    M   6 13     24 310
 4  50  30  40 -10  25   0 0.00  0.0    0  7.5 17 330   M    M   0        26 330
 5  52  26  39 -11  26   0 0.00  0.0    0  3.5  9  50   M    M   0        13  10
 6  66  32  49  -1  16   0 0.00  0.0    0  4.7 10 260   M    M   0 8      14 220
 7  56  33  45  -5  20   0 0.00  0.0    0  6.8 18 340   M    M   3        27 330
 8  43  22  33 -17  32   0    T  0.0    0  5.2 12 360   M    M   1        17  10
 9  38  34  36 -14  29   0 0.33  0.0    0  3.0  9  50   M    M  10 1      14  50
10  40  36  38 -12  27   0 0.07    M    0  3.2  9  70   M    M   9 1      13  90
11  44  36  40 -10  25   0 0.38    M    0  2.6 12  60   M    M  10 13     16  70
12  46  42  44  -6  21   0 0.00  0.0    0  5.9 13 340   M    M  10 1      19  10
13  44  39  42  -8  23   0 0.00  0.0    0  6.2 13 320   M    M  10 1      18 330
14  43  37  40 -10  25   0 0.00  0.0    0  4.0  9  50   M    M  10        14  50
15  54  36  45  -6  20   0    T  0.0    0  4.6 13 330   M    M   3        19 330
16  60  31  46  -5  19   0 0.00  0.0    0  2.0 10 180   M    M   0 18     14 170
17  67  40  54   3  11   0 0.00  0.0    0  6.0 17 230   M    M   1        25 200
18  69  38  54   3  11   0 0.00  0.0    0  2.8  9 190   M    M   0 8      12 190
19  71  36  54   3  11   0 0.00  0.0    0  6.9 14 190   M    M   0 8      19 180
20  73  48  61  10   4   0 0.00  0.0    0  4.1 12 180   M    M   4 1      16 200
21  60  48  54   3  11   0 0.07    M    0  6.2 13 110   M    M   8 12     20 110
22  53  41  47  -4  18   0 1.25    M    0  8.2 22  90   M    M  10 1      31  80
23  43  36  40 -11  25   0 0.20    M    0  6.0 14 340   M    M   8 1      20 360
24  59  35  47  -4  18   0 0.00  0.0    0  6.2 12 280   M    M   0        15 230
25  70  43  57   6   8   0 0.00  0.0    0  9.0 18 310   M    M   0        27 300
26  66  39  53   1  12   0 0.00  0.0    0  4.6 12 270   M    M   0        17 310
27  78  50  64  12   1   0 0.00  0.0    0  3.5  9 310   M    M   0        13 240
28  79  51  65  13   0   0 0.00  0.0    0  7.4 16 170   M    M   0        21 160
29  75  55  65  13   0   0 0.00  0.0    0  7.2 15 190   M    M   4        20 220
30  60  44  52   0  13   0 0.00  0.0    0  5.4 12  70   M    M   0 8      18  10
================================================================================
SM 1700 1156       516   0  4.71     0.0 156.0          M      126
================================================================================
AV 56.7 38.5                               5.2 FASTST   M    M   4    MAX(MPH)
                                 MISC ---->  # 22  90               # 31   80
================================================================================
NOTES:
# LAST OF SEVERAL OCCURRENCES

COLUMN 17 PEAK WIND IN M.P.H.

PRELIMINARY LOCAL CLIMATOLOGICAL DATA (WS FORM: F-6) , PAGE 2

                                          STATION:  HUNTSVILLE_(ASOS)
                                          MONTH:    JANUARY
                                          YEAR:     2015
                                          LATITUDE:   30 45 N
                                          LONGITUDE:  95 35 W

[TEMPERATURE DATA]      [PRECIPITATION DATA]       SYMBOLS USED IN COLUMN 16

AVERAGE MONTHLY: 47.6   TOTAL FOR MONTH:   4.71    1 = FOG OR MIST
DPTR FM NORMAL:  -3.1   DPTR FM NORMAL:    1.02    2 = FOG REDUCING VISIBILITY
HIGHEST:    79 ON 28    GRTST 24HR  1.32 ON 21-22      TO 1/4 MILE OR LESS
LOWEST:     22 ON  8                               3 = THUNDER
                        SNOW, ICE PELLETS, HAIL    4 = ICE PELLETS
                        TOTAL MONTH:   0.0 INCH    5 = HAIL
                        GRTST 24HR     0.0         6 = FREEZING RAIN OR DRIZZLE
                        GRTST DEPTH:   0           7 = DUSTSTORM OR SANDSTORM:
                                                       VSBY 1/2 MILE OR LESS
                                                   8 = SMOKE OR HAZE
[NO. OF DAYS WITH]      [WEATHER - DAYS WITH]      9 = BLOWING SNOW
                                                   X = TORNADO
MAX 32 OR BELOW:   0    0.01 INCH OR MORE:   9
MAX 90 OR ABOVE:   0    0.10 INCH OR MORE:   7
MIN 32 OR BELOW:   5    0.50 INCH OR MORE:   3
MIN  0 OR BELOW:   0    1.00 INCH OR MORE:   2

[HDD (BASE 65) ]
TOTAL THIS MO.   516    CLEAR  (SCALE 0-3)  15
DPTR FM NORMAL    81    PTCLDY (SCALE 4-7)   6
TOTAL FM JUL 1  1163    CLOUDY (SCALE 8-10)  9
DPTR FM NORMAL    36

[CDD (BASE 65) ]
TOTAL THIS MO.     0
DPTR FM NORMAL     0    [PRESSURE DATA]
TOTAL FM JAN 1     0    HIGHEST SLP M ON M
DPTR FM NORMAL     0    LOWEST  SLP 29.88 ON  3

[REMARKS]
