000
CXUS54 KHGX 012107
CF6UTS
PRELIMINARY LOCAL CLIMATOLOGICAL DATA (WS FORM: F-6)

                                          STATION:   HUNTSVILLE_(ASOS)
                                          MONTH:     FEBRUARY
                                          YEAR:      2015
                                          LATITUDE:   30 45 N
                                          LONGITUDE:  95 35 W

  TEMPERATURE IN F:       :PCPN:    SNOW:  WIND      :SUNSHINE: SKY     :PK WND
================================================================================
1   2   3   4   5  6A  6B    7    8   9   10  11  12  13   14  15   16   17  18
                                     12Z  AVG MX 2MIN
DY MAX MIN AVG DEP HDD CDD  WTR  SNW DPTH SPD SPD DIR MIN PSBL S-S WX    SPD DR
================================================================================

 1  73  43  58   6   7   0 0.03    M    0 11.7 21 330   M    M   7 1      34 340
 2  45  31  38 -14  27   0 0.00  0.0    0  6.2 16 340   M    M   0        29 340
 3  46  36  41 -11  24   0 0.09    M    0  2.5  9 190   M    M   5 1      11 130
 4  55  40  48  -5  17   0 0.05  0.0    0  1.9  9 190   M    M  10 1      12 200
 5  50  37  44  -9  21   0 0.04  0.0    0  7.2 16 320   M    M  10 1      22 330
 6  55  37  46  -7  19   0 0.00  0.0    0  3.1  9 190   M    M   7 18     13 220
 7  68  41  55   2  10   0 0.00  0.0    0 10.0 23 180   M    M   1 12     30 170
 8  75  55  65  12   0   0 0.00  0.0    0  9.6 21 190   M    M   5        30 220
 9  80  46  63  10   2   0 0.00  0.0    0  3.4 21 330   M    M   0 12     26 330
10  76  44  60   6   5   0 0.00  0.0    0  4.1 12 190   M    M   0        15 160
11  74  53  64  10   1   0 0.00  0.0    0  4.4 10 180   M    M   4 12     14 190
12  62  43  53  -1  12   0 0.00  0.0    0  4.9 14 340   M    M   1 8      22 330
13  65  36  51  -3  14   0 0.00  0.0    0  3.5 10 190   M    M   1 18     14 190
14  78  50  64  10   1   0 0.00  0.0    0  5.3 12 290   M    M   0 1      17 280
15  67  54  61   7   4   0 0.07  0.0    0  6.3 17 180   M    M   5 1      24 170
16  65  36  51  -4  14   0 0.14  0.0    0 11.6 15 320   M    M  10        30 340
17  48  32  40 -15  25   0    T  0.0    0  5.1  9 350   M    M   2        17 330
18  62  31  47  -8  18   0 0.00  0.0    0  2.9 12 270   M    M   1        15 290
19  63  35  49  -6  16   0 0.00  0.0    0  6.5 14 150   M    M   1 8      23 170
20  67  51  59   4   6   0 0.03  0.0    0 10.3 22 180   M    M  10 1      33 190
21  74  56  65   9   0   0 0.02  0.0    0 12.5 25 200   M    M   9        37 180
22  57  41  49  -7  16   0 0.13    M    0  6.0 13  10   M    M  10 1      20 360
23  41  31  36 -20  29   0 0.01    T    0  6.4 13  10   M    M  10 1      20  60
24  39  31  35 -21  30   0    T    M    0  4.4  9 310   M    M  10 1      13 320
25  44  32  38 -18  27   0 0.13  0.0    0  4.4 15 310   M    M   8 1      19 310
26  43  27  35 -22  30   0 0.00  0.0    0  4.1 14 340   M    M   6 1      18 340
27  44  31  38 -19  27   0 0.00  0.0    0  6.7 16  70   M    M   9        24  70
28  52  35  44 -13  21   0 0.01  0.0    0  4.8 10  70   M    M  10 1      15  60
================================================================================
SM 1668 1115       423   0  0.75    T    169.8          M      152
================================================================================
AV 59.6 39.8                               6.1 FASTST   M    M   5    MAX(MPH)
                                 MISC ---->  # 25 200               # 37  180
================================================================================
NOTES:
# LAST OF SEVERAL OCCURRENCES

COLUMN 17 PEAK WIND IN M.P.H.

PRELIMINARY LOCAL CLIMATOLOGICAL DATA (WS FORM: F-6) , PAGE 2

                                          STATION:  HUNTSVILLE_(ASOS)
                                          MONTH:    FEBRUARY
                                          YEAR:     2015
                                          LATITUDE:   30 45 N
                                          LONGITUDE:  95 35 W

[TEMPERATURE DATA]      [PRECIPITATION DATA]       SYMBOLS USED IN COLUMN 16

AVERAGE MONTHLY: 49.7   TOTAL FOR MONTH:   0.75    1 = FOG OR MIST
DPTR FM NORMAL:  -4.7   DPTR FM NORMAL:   -2.31    2 = FOG REDUCING VISIBILITY
HIGHEST:    80 ON  9    GRTST 24HR  0.14 ON 16-16      TO 1/4 MILE OR LESS
LOWEST:     27 ON 26                               3 = THUNDER
                        SNOW, ICE PELLETS, HAIL    4 = ICE PELLETS
                        TOTAL MONTH:    T          5 = HAIL
                        GRTST 24HR    T  ON 23-23  6 = FREEZING RAIN OR DRIZZLE
                        GRTST DEPTH:   0           7 = DUSTSTORM OR SANDSTORM:
                                                       VSBY 1/2 MILE OR LESS
                                                   8 = SMOKE OR HAZE
[NO. OF DAYS WITH]      [WEATHER - DAYS WITH]      9 = BLOWING SNOW
                                                   X = TORNADO
MAX 32 OR BELOW:   0    0.01 INCH OR MORE:  12
MAX 90 OR ABOVE:   0    0.10 INCH OR MORE:   3
MIN 32 OR BELOW:   8    0.50 INCH OR MORE:   0
MIN  0 OR BELOW:   0    1.00 INCH OR MORE:   0

[HDD (BASE 65) ]
TOTAL THIS MO.   423    CLEAR  (SCALE 0-3)  10
DPTR FM NORMAL   109    PTCLDY (SCALE 4-7)   8
TOTAL FM JUL 1  1598    CLOUDY (SCALE 8-10) 10
DPTR FM NORMAL   143

[CDD (BASE 65) ]
TOTAL THIS MO.     0
DPTR FM NORMAL   -18    [PRESSURE DATA]
TOTAL FM JAN 1     0    HIGHEST SLP 30.45 ON 23
DPTR FM NORMAL   -27    LOWEST  SLP 29.81 ON 21

[REMARKS]
#FINAL-02-15#
