000
CXUS54 KEWX 250910
CF6UVA
PRELIMINARY LOCAL CLIMATOLOGICAL DATA (WS FORM: F-6)

                                          STATION:   UVALDE
                                          MONTH:     JULY
                                          YEAR:      2016
                                          LATITUDE:   29 12 N
                                          LONGITUDE:  99 44 W

  TEMPERATURE IN F:       :PCPN:    SNOW:  WIND      :SUNSHINE: SKY     :PK WND
================================================================================
1   2   3   4   5  6A  6B    7    8   9   10  11  12  13   14  15   16   17  18
                                     12Z  AVG MX 2MIN
DY MAX MIN AVG DEP HDD CDD  WTR  SNW DPTH SPD SPD DIR MIN PSBL S-S WX    SPD DR
================================================================================

 1  95  72  84   M   0  19 0.00  0.0    0  6.5 12 100   M    M   0        16 100
 2  98  73  86   M   0  21 0.00  0.0    0  7.5 13 130   M    M   1 1      20 160
 3  99  75  87   M   0  22 0.00  0.0    0  7.7 14 130   M    M   3        20 130
 4 102  75  89   M   0  24 0.00  0.0    0  7.6 12 110   M    M   0        21 140
 5 101  74  88   M   0  23 0.00  0.0    0  9.3 16 130   M    M   0        22 130
 6 101  75  88   M   0  23 0.00  0.0    0 10.0 16 140   M    M   2        24 150
 7 100  74  87   M   0  22 0.00  0.0    0 10.6 20 120   M    M   2 1      27 120
 8  99  76  88   M   0  23 0.00  0.0    0 11.0 18 130   M    M   4        24 120
 9  99  76  88   M   0  23 0.00    M    0  8.6 15 100   M    M   4        22 100
10  97  78  88   M   0  23 0.00  0.0    0  8.3 13 110   M    M   5        17 120
11 101  74  88   M   0  23 0.00  0.0    0 10.1 21 120   M    M   0        27 120
12  99  72  86   M   0  21 0.00    M    0  9.4 16 120   M    M   3        23 120
13 101  75  88   M   0  23 0.00    M    0  8.9 17 140   M    M   1        23 180
14 102  73  88   M   0  23 0.00  0.0    0  8.3 17 110   M    M   1        25 110
15 102  76  89   M   0  24 0.00  0.0    0  6.3 14 130   M    M   3        23 130
16  98  70  84   M   0  19 0.00  0.0    0  8.8 14 120   M    M   1 1      18 110
17  98  71  85   M   0  20 0.00  0.0    0  8.1 14 130   M    M   2 8      21  90
18  97  73  85   M   0  20 0.00  0.0    0  8.3 13 120   M    M   3        21 120
19  96  71  84   M   0  19 0.00  0.0    0  6.9 12 130   M    M   3        18 130
20  98  73  86   M   0  21 0.00  0.0    0  6.8 13 110   M    M   2        22 110
21  98  69  84   M   0  19 0.00  0.0    0  6.7 15 130   M    M   0        18 130
22  98  71  85   M   0  20 0.00  0.0    0  5.8 10 160   M    M   1        17 140
23 100  73  87   M   0  22 0.00  0.0    0  6.7 12 150   M    M   0        17 150
24 100  74  87   M   0  22 0.00  0.0    0  7.6 12 130   M    M   0        21 130
================================================================================
SM 2379 1763         0 519  0.00     0.0 195.8          M       41
================================================================================
AV 99.1 73.5                               8.2 FASTST   M    M   2    MAX(MPH)
                                 MISC ---->    21   M               # 27  120
================================================================================
NOTES:
# LAST OF SEVERAL OCCURRENCES

COLUMN 17 PEAK WIND IN M.P.H.

PRELIMINARY LOCAL CLIMATOLOGICAL DATA (WS FORM: F-6) , PAGE 2

                                          STATION:  UVALDE
                                          MONTH:    JULY
                                          YEAR:     2016
                                          LATITUDE:   29 12 N
                                          LONGITUDE:  99 44 W

[TEMPERATURE DATA]      [PRECIPITATION DATA]       SYMBOLS USED IN COLUMN 16

AVERAGE MONTHLY: 86.3   TOTAL FOR MONTH:   0.00    1 = FOG OR MIST
DPTR FM NORMAL:     M   DPTR FM NORMAL:       M    2 = FOG REDUCING VISIBILITY
HIGHEST:   102 ON 15,14 GRTST 24HR  0.00 ON 24-24      TO 1/4 MILE OR LESS
LOWEST:     69 ON 21                               3 = THUNDER
                        SNOW, ICE PELLETS, HAIL    4 = ICE PELLETS
                        TOTAL MONTH:   0.0 INCH    5 = HAIL
                        GRTST 24HR     0.0         6 = FREEZING RAIN OR DRIZZLE
                        GRTST DEPTH:   0           7 = DUSTSTORM OR SANDSTORM:
                                                       VSBY 1/2 MILE OR LESS
                                                   8 = SMOKE OR HAZE
[NO. OF DAYS WITH]      [WEATHER - DAYS WITH]      9 = BLOWING SNOW
                                                   X = TORNADO
MAX 32 OR BELOW:   0    0.01 INCH OR MORE:   0
MAX 90 OR ABOVE:  24    0.10 INCH OR MORE:   0
MIN 32 OR BELOW:   0    0.50 INCH OR MORE:   0
MIN  0 OR BELOW:   0    1.00 INCH OR MORE:   0

[HDD (BASE 65) ]
TOTAL THIS MO.     0    CLEAR  (SCALE 0-3)  21
DPTR FM NORMAL     M    PTCLDY (SCALE 4-7)   3
TOTAL FM JUL 1     0    CLOUDY (SCALE 8-10)  0
DPTR FM NORMAL     M

[CDD (BASE 65) ]
TOTAL THIS MO.   519
DPTR FM NORMAL     M    [PRESSURE DATA]
TOTAL FM JAN 1  1543    HIGHEST SLP M ON M
DPTR FM NORMAL     M    LOWEST  SLP M ON M

[REMARKS]
