000
CXUS54 KEWX 280910
CF6UVA
PRELIMINARY LOCAL CLIMATOLOGICAL DATA (WS FORM: F-6)

                                          STATION:   UVALDE
                                          MONTH:     SEPTEMBER
                                          YEAR:      2016
                                          LATITUDE:   29 12 N
                                          LONGITUDE:  99 44 W

  TEMPERATURE IN F:       :PCPN:    SNOW:  WIND      :SUNSHINE: SKY     :PK WND
================================================================================
1   2   3   4   5  6A  6B    7    8   9   10  11  12  13   14  15   16   17  18
                                     12Z  AVG MX 2MIN
DY MAX MIN AVG DEP HDD CDD  WTR  SNW DPTH SPD SPD DIR MIN PSBL S-S WX    SPD DR
================================================================================

 1  91  72  82   M   0  17 0.00    M    0  3.8 14  70   M    M   2 3      24  70
 2  85  72  79   M   0  14 0.00    M    0  1.9 12 100   M    M   2 13      M  M
 3  89  71  80   M   0  15 0.00  0.0    0  2.6  9 110   M    M   3 1       M  M
 4  89  72  81   M   0  16 0.15  0.0    0  5.7 16 140   M    M   5 1      22 140
 5  90  70  80   M   0  15 0.00  0.0    0  6.7 14 140   M    M   5 18     20 140
 6  90  75  83   M   0  18 0.00  0.0    0  7.0 14 150   M    M   5 1      20 150
 7  91  75  83   M   0  18 0.00  0.0    0  8.1 16 170   M    M   5 18     18 150
 8  92  70  81   M   0  16 0.00  0.0    0  4.6  9 120   M    M   3 1       M  M
 9  92  70  81   M   0  16 0.00  0.0    0  5.8 12 150   M    M   0 1       M  M
10  90  71  81   M   0  16 0.00  0.0    0  6.8 20  50   M    M   1 1      20  40
11  89  67  78   M   0  13 0.00  0.0    0  1.2  8  80   M    M   0         M  M
12  91  67  79   M   0  14 0.00  0.0    0  3.9 12 120   M    M   2        17 120
13  88  69  79   M   0  14 1.05  0.0    0  3.3 13 210   M    M   4 3      21 210
14  89  72  81   M   0  16 0.15  0.0    0  2.4  9 110   M    M   3 3       M  M
15  90  70  80   M   0  15 0.00  0.0    0  4.1 10  90   M    M   1         M  M
16  91  70  81   M   0  16 0.00  0.0    0  2.2  7 110   M    M   1         M  M
17  93  71  82   M   0  17 0.00    M    0  3.4  9 100   M    M   1 1       M  M
18  94  72  83   M   0  18 0.00    M    0  2.2  8 110   M    M   0 1       M  M
19  95  72  84   M   0  19 0.00    M    0  4.3 10 110   M    M   0         M  M
20  94  71  83   M   0  18 0.00    M    0  3.1  9  90   M    M   0         M  M
21  92  67  80   M   0  15 0.00    M    0  2.8  7 100   M    M   0         M  M
22  89  66  78   M   0  13 0.00  0.0    0  2.0  8  80   M    M   0         M  M
23  94  72  83   M   0  18 0.00  0.0    0  8.1 13 120   M    M   2        20 170
24  92  74  83   M   0  18 0.00  0.0    0  8.7 16 120   M    M   4 3      20 120
25  81  68  75   M   0  10 1.33  0.0    0  7.0 20 360   M    M   7 3      29 350
26  80  66  73   M   0   8 0.10  0.0    0  4.2 13  10   M    M   6        20  10
27  77  64  71   M   0   6 0.00  0.0    0  0.3  5  90   M    M   6         M  M
================================================================================
SM 2418 1896         0 409  2.78     0.0 116.2          M       68
================================================================================
AV 89.6 70.2                               4.3 FASTST   M    M   3    MAX(MPH)
                                 MISC ---->    20   M                 29    M
================================================================================
NOTES:
# LAST OF SEVERAL OCCURRENCES

COLUMN 17 PEAK WIND IN M.P.H.

PRELIMINARY LOCAL CLIMATOLOGICAL DATA (WS FORM: F-6) , PAGE 2

                                          STATION:  UVALDE
                                          MONTH:    SEPTEMBER
                                          YEAR:     2016
                                          LATITUDE:   29 12 N
                                          LONGITUDE:  99 44 W

[TEMPERATURE DATA]      [PRECIPITATION DATA]       SYMBOLS USED IN COLUMN 16

AVERAGE MONTHLY: 79.9   TOTAL FOR MONTH:   2.78    1 = FOG OR MIST
DPTR FM NORMAL:     M   DPTR FM NORMAL:       M    2 = FOG REDUCING VISIBILITY
HIGHEST:    95 ON 19    GRTST 24HR  1.33 ON 25-25      TO 1/4 MILE OR LESS
LOWEST:     64 ON 27                               3 = THUNDER
                        SNOW, ICE PELLETS, HAIL    4 = ICE PELLETS
                        TOTAL MONTH:   0.0 INCH    5 = HAIL
                        GRTST 24HR     0.0         6 = FREEZING RAIN OR DRIZZLE
                        GRTST DEPTH:   0           7 = DUSTSTORM OR SANDSTORM:
                                                       VSBY 1/2 MILE OR LESS
                                                   8 = SMOKE OR HAZE
[NO. OF DAYS WITH]      [WEATHER - DAYS WITH]      9 = BLOWING SNOW
                                                   X = TORNADO
MAX 32 OR BELOW:   0    0.01 INCH OR MORE:   5
MAX 90 OR ABOVE:  17    0.10 INCH OR MORE:   5
MIN 32 OR BELOW:   0    0.50 INCH OR MORE:   2
MIN  0 OR BELOW:   0    1.00 INCH OR MORE:   2

[HDD (BASE 65) ]
TOTAL THIS MO.     0    CLEAR  (SCALE 0-3)  17
DPTR FM NORMAL     M    PTCLDY (SCALE 4-7)  10
TOTAL FM JUL 1     0    CLOUDY (SCALE 8-10)  0
DPTR FM NORMAL     M

[CDD (BASE 65) ]
TOTAL THIS MO.   409
DPTR FM NORMAL     M    [PRESSURE DATA]
TOTAL FM JAN 1  2633    HIGHEST SLP M ON M
DPTR FM NORMAL     M    LOWEST  SLP M ON M

[REMARKS]
