000
CXUS56 KSTO 221425
CF6VCB
PRELIMINARY LOCAL CLIMATOLOGICAL DATA (WS FORM: F-6)

                                          STATION:   VACAVILLE AIRPORT CA
                                          MONTH:     JULY
                                          YEAR:      2017
                                          LATITUDE:   38 22 N
                                          LONGITUDE: 121 58 W

  TEMPERATURE IN F:       :PCPN:    SNOW:  WIND      :SUNSHINE: SKY     :PK WND
================================================================================
1   2   3   4   5  6A  6B    7    8   9   10  11  12  13   14  15   16   17  18
                                     12Z  AVG MX 2MIN
DY MAX MIN AVG DEP HDD CDD  WTR  SNW DPTH SPD SPD DIR MIN PSBL S-S WX    SPD DR
================================================================================

 1  90  58  74  -1   0   9 0.00  0.0    0  6.9 13 240   M    M   0        15 230
 2  93  59  76   0   0  11 0.00  0.0    0  8.2 15 210   M    M   0        20 220
 3  92  62  77   1   0  12 0.00  0.0    0  5.3 13 220   M    M   0        17 220
 4  94  60  77   1   0  12 0.00  0.0    0   M   M   M   M    M   0         M  M
 5  96  59  78   2   0  13 0.00  0.0    0  8.5 15 220   M    M   0 8      19 220
 6 106  58  82   6   0  17 0.00  0.0    0  4.1 13 230   M    M   0        18 140
 7 109  63  86  10   0  21 0.00  0.0    0  5.0 18 300   M    M   0        25 300
 8 108  67  88  12   0  23 0.00  0.0    0  6.0 16 210   M    M   0 8      21 230
 9 102  59  81   5   0  16 0.00  0.0    0  5.2 13 220   M    M   0        17 170
10 100  60  80   4   0  15 0.00  0.0    0  8.3 17 260   M    M   0        22 250
11  92  60  76   0   0  11 0.00  0.0    0  9.2 15 220   M    M   0        20 220
12  94  61  78   2   0  13 0.00  0.0    0  7.3 15 210   M    M   0        20 200
13  94  60  77   1   0  12 0.00  0.0    0  7.8 15 200   M    M   0 8      19 190
14  97  60  79   3   0  14 0.00  0.0    0  6.4 14 190   M    M   0        20 210
15 102  61  82   6   0  17 0.00  0.0    0  4.4 12 320   M    M   0        16 320
16 109  66  88  12   0  23 0.00  0.0    0  4.1 16 220   M    M   0        21 270
17 104  64  84   8   0  19 0.00  0.0    0  7.5 17 230   M    M   0        23 250
18  88  63  76   0   0  11 0.00  0.0    0 10.6 22 210   M    M   0        30 200
19  94  55  75  -1   0  10 0.00  0.0    0  5.7 16 220   M    M   0        20 240
20  95  59  77   1   0  12 0.00  0.0    0  6.5 16 210   M    M   0        21 210
21  96  59  78   2   0  13 0.00  0.0    0  6.3 13 210   M    M   0        17 210
================================================================================
SM 2055 1273         0 304  0.00     0.0 133.3          M        0
================================================================================
AV 97.9 60.6                               6.7 FASTST   M    M   0    MAX(MPH)
                                 MISC ---->  # 22 210               # 30  200
================================================================================
NOTES:
# LAST OF SEVERAL OCCURRENCES

COLUMN 17 PEAK WIND IN M.P.H.

PRELIMINARY LOCAL CLIMATOLOGICAL DATA (WS FORM: F-6) , PAGE 2

                                          STATION:  VACAVILLE AIRPORT CA
                                          MONTH:    JULY
                                          YEAR:     2017
                                          LATITUDE:   38 22 N
                                          LONGITUDE: 121 58 W

[TEMPERATURE DATA]      [PRECIPITATION DATA]       SYMBOLS USED IN COLUMN 16

AVERAGE MONTHLY: 79.2   TOTAL FOR MONTH:   0.00    1 = FOG OR MIST
DPTR FM NORMAL:   3.3   DPTR FM NORMAL:    0.00    2 = FOG REDUCING VISIBILITY
HIGHEST:   109 ON 16, 7 GRTST 24HR  0.00 ON 21-21      TO 1/4 MILE OR LESS
LOWEST:     55 ON 19                               3 = THUNDER
                        SNOW, ICE PELLETS, HAIL    4 = ICE PELLETS
                        TOTAL MONTH:   0.0 INCH    5 = HAIL
                        GRTST 24HR     0.0         6 = FREEZING RAIN OR DRIZZLE
                        GRTST DEPTH:   0           7 = DUSTSTORM OR SANDSTORM:
                                                       VSBY 1/2 MILE OR LESS
                                                   8 = SMOKE OR HAZE
[NO. OF DAYS WITH]      [WEATHER - DAYS WITH]      9 = BLOWING SNOW
                                                   X = TORNADO
MAX 32 OR BELOW:   0    0.01 INCH OR MORE:   0
MAX 90 OR ABOVE:  20    0.10 INCH OR MORE:   0
MIN 32 OR BELOW:   0    0.50 INCH OR MORE:   0
MIN  0 OR BELOW:   0    1.00 INCH OR MORE:   0

[HDD (BASE 65) ]
TOTAL THIS MO.     0    CLEAR  (SCALE 0-3)  21
DPTR FM NORMAL     0    PTCLDY (SCALE 4-7)   0
TOTAL FM JUL 1     0    CLOUDY (SCALE 8-10)  0
DPTR FM NORMAL     0

[CDD (BASE 65) ]
TOTAL THIS MO.   304
DPTR FM NORMAL    74    [PRESSURE DATA]
TOTAL FM JAN 1   799    HIGHEST SLP M ON M
DPTR FM NORMAL   217    LOWEST  SLP 29.74 ON  1

[REMARKS]
