000
CXUS56 KSTO 181425
CF6VCB
PRELIMINARY LOCAL CLIMATOLOGICAL DATA (WS FORM: F-6)

                                          STATION:   VACAVILLE AIRPORT CA
                                          MONTH:     NOVEMBER
                                          YEAR:      2017
                                          LATITUDE:   38 22 N
                                          LONGITUDE: 121 58 W

  TEMPERATURE IN F:       :PCPN:    SNOW:  WIND      :SUNSHINE: SKY     :PK WND
================================================================================
1   2   3   4   5  6A  6B    7    8   9   10  11  12  13   14  15   16   17  18
                                     12Z  AVG MX 2MIN
DY MAX MIN AVG DEP HDD CDD  WTR  SNW DPTH SPD SPD DIR MIN PSBL S-S WX    SPD DR
================================================================================

 1  73  41  57  -2   8   0 0.00  0.0    0  3.2 16 240   M    M   0        19 220
 2  70  47  59   1   6   0 0.00  0.0    0  6.5 16 220   M    M   5        22 220
 3  67  53  60   2   5   0 0.03  0.0    0  5.6 14 220   M    M   8 1      20 220
 4  65  44  55  -3  10   0 0.21  0.0    0  7.1 16 240   M    M   5 1      21 250
 5  63  37  50  -7  15   0 0.00  0.0    0  2.9 10 210   M    M   0        14 210
 6  65  40  53  -4  12   0 0.00  0.0    0  2.8  9 340   M    M   4        13 350
 7  67  37  52  -5  13   0 0.00  0.0    0  4.4 14  20   M    M   0        18  30
 8  63  43  53  -3  12   0 0.32    M    0  4.6 16 210   M    M   7 18     23 210
 9  69  57  63   7   2   0 0.08  0.0    0  9.2 20 220   M    M   7 1      27 220
10  67  49  58   2   7   0 0.00  0.0    0  6.1 14 210   M    M   6 1      17 210
11  66  42  54  -1  11   0 0.00  0.0    0  2.8  8 190   M    M   1        11  40
12  67  43  55   0  10   0 0.00  0.0    0  3.5 13 250   M    M   1        17 230
13  69  51  60   6   5   0 0.00  0.0    0  8.5 18 230   M    M   7        23 230
14  67  42  55   1  10   0 0.00  0.0    0  2.5 10 220   M    M   0        13 360
15  59  50  55   1  10   0 0.67  0.0    0  4.5 18 200   M    M   9 1      28 210
16  59  55  57   3   8   0 0.46  0.0    0  6.3 13 210   M    M  10 1      17 200
17  63  46  55   2  10   0 0.01  0.0    0  9.1 17 260   M    M   1        21 350
================================================================================
SM 1119  777       154   0  1.78     0.0  89.6          M       71
================================================================================
AV 65.8 45.7                               5.3 FASTST   M    M   4    MAX(MPH)
                                 MISC ---->  # 20 220               # 28  210
================================================================================
NOTES:
# LAST OF SEVERAL OCCURRENCES

COLUMN 17 PEAK WIND IN M.P.H.

PRELIMINARY LOCAL CLIMATOLOGICAL DATA (WS FORM: F-6) , PAGE 2

                                          STATION:  VACAVILLE AIRPORT CA
                                          MONTH:    NOVEMBER
                                          YEAR:     2017
                                          LATITUDE:   38 22 N
                                          LONGITUDE: 121 58 W

[TEMPERATURE DATA]      [PRECIPITATION DATA]       SYMBOLS USED IN COLUMN 16

AVERAGE MONTHLY: 55.8   TOTAL FOR MONTH:   1.78    1 = FOG OR MIST
DPTR FM NORMAL:  -0.2   DPTR FM NORMAL:    0.41    2 = FOG REDUCING VISIBILITY
HIGHEST:    73 ON  1    GRTST 24HR  0.67 ON 15-15      TO 1/4 MILE OR LESS
LOWEST:     37 ON  7, 5                            3 = THUNDER
                        SNOW, ICE PELLETS, HAIL    4 = ICE PELLETS
                        TOTAL MONTH:   0.0 INCH    5 = HAIL
                        GRTST 24HR     0.0         6 = FREEZING RAIN OR DRIZZLE
                        GRTST DEPTH:   0           7 = DUSTSTORM OR SANDSTORM:
                                                       VSBY 1/2 MILE OR LESS
                                                   8 = SMOKE OR HAZE
[NO. OF DAYS WITH]      [WEATHER - DAYS WITH]      9 = BLOWING SNOW
                                                   X = TORNADO
MAX 32 OR BELOW:   0    0.01 INCH OR MORE:   7
MAX 90 OR ABOVE:   0    0.10 INCH OR MORE:   4
MIN 32 OR BELOW:   0    0.50 INCH OR MORE:   1
MIN  0 OR BELOW:   0    1.00 INCH OR MORE:   0

[HDD (BASE 65) ]
TOTAL THIS MO.   154    CLEAR  (SCALE 0-3)   7
DPTR FM NORMAL    -1    PTCLDY (SCALE 4-7)   8
TOTAL FM JUL 1   204    CLOUDY (SCALE 8-10)  2
DPTR FM NORMAL   -51

[CDD (BASE 65) ]
TOTAL THIS MO.     0
DPTR FM NORMAL     0    [PRESSURE DATA]
TOTAL FM JAN 1  1764    HIGHEST SLP M ON M
DPTR FM NORMAL   469    LOWEST  SLP 29.81 ON 15

[REMARKS]
