000
CXUS56 KSTO 251425
CF6VCB
PRELIMINARY LOCAL CLIMATOLOGICAL DATA (WS FORM: F-6)

                                          STATION:   VACAVILLE AIRPORT CA
                                          MONTH:     SEPTEMBER
                                          YEAR:      2017
                                          LATITUDE:   38 22 N
                                          LONGITUDE: 121 58 W

  TEMPERATURE IN F:       :PCPN:    SNOW:  WIND      :SUNSHINE: SKY     :PK WND
================================================================================
1   2   3   4   5  6A  6B    7    8   9   10  11  12  13   14  15   16   17  18
                                     12Z  AVG MX 2MIN
DY MAX MIN AVG DEP HDD CDD  WTR  SNW DPTH SPD SPD DIR MIN PSBL S-S WX    SPD DR
================================================================================

 1 112  63  88  14   0  23 0.00  0.0    0  4.3 16  20   M    M   0 8      20  20
 2 110  67  89  15   0  24 0.00  0.0    0  3.0 10  10   M    M   0 8      14 340
 3 107  73  90  16   0  25 0.00  0.0    0  4.1 13 140   M    M   0 8      17 210
 4  96  72  84  10   0  19 0.00  0.0    0  8.2 28 220   M    M   0 8      38 220
 5  96  72  84  10   0  19 0.00  0.0    0  4.7 16 220   M    M   0        19 220
 6  94  67  81   7   0  16 0.00  0.0    0  7.4 18 240   M    M   0        24 230
 7  77  63  70  -4   0   5 0.00  0.0    0  9.4 23 220   M    M   5        30 220
 8  91  60  76   2   0  11 0.00  0.0    0  5.1 13 220   M    M   0        18 220
 9  94  60  77   4   0  12 0.00  0.0    0  4.3 10 170   M    M   0        13 180
10 101  63  82   9   0  17 0.00  0.0    0  3.7 14  30   M    M   0        18 360
11 103  70  87  14   0  22 0.00  0.0    0  7.4 20 230   M    M   0        26 160
12  96  67  82   9   0  17    T  0.0    0  6.2 15 200   M    M   0        20 180
13  83  65  74   1   0   9 0.00  0.0    0 11.8 22 220   M    M   0        28 220
14  80  58  69  -3   0   4 0.00  0.0    0 11.1 18 210   M    M   1        26 210
15  85  53  69  -3   0   4 0.00  0.0    0  4.1 14 220   M    M   1        18 210
16  87  57  72   0   0   7 0.00  0.0    0  3.2 10 250   M    M   0        14 220
17  86  52  69  -3   0   4 0.00  0.0    0  6.7 13 210   M    M   0        18 210
18  83  60  72   0   0   7 0.00  0.0    0 10.0 22 250   M    M   1        28 240
19  80  59  70  -1   0   5 0.00  0.0    0  4.7 14 300   M    M   0        17 310
20  81  57  69  -2   0   4 0.00  0.0    0  8.8 25 240   M    M   3        32 230
21  74  50  62  -9   3   0 0.00  0.0    0  6.1 18 210   M    M   2        25 210
22  76  46  61 -10   4   0 0.00  0.0    0  5.2 12  30   M    M   0        16 350
23  82  54  68  -2   0   3 0.00  0.0    0  9.7 24 360   M    M   0        33 360
24  85  52  69  -1   0   4 0.00  0.0    0  8.7 21 360   M    M   0        30 340
================================================================================
SM 2159 1460         7 261    T      0.0 157.9          M       13
================================================================================
AV 90.0 60.8                               6.6 FASTST   M    M   1    MAX(MPH)
                                 MISC ---->  # 28 220               # 38  220
================================================================================
NOTES:
# LAST OF SEVERAL OCCURRENCES

COLUMN 17 PEAK WIND IN M.P.H.

PRELIMINARY LOCAL CLIMATOLOGICAL DATA (WS FORM: F-6) , PAGE 2

                                          STATION:  VACAVILLE AIRPORT CA
                                          MONTH:    SEPTEMBER
                                          YEAR:     2017
                                          LATITUDE:   38 22 N
                                          LONGITUDE: 121 58 W

[TEMPERATURE DATA]      [PRECIPITATION DATA]       SYMBOLS USED IN COLUMN 16

AVERAGE MONTHLY: 75.4   TOTAL FOR MONTH:      T    1 = FOG OR MIST
DPTR FM NORMAL:   2.9   DPTR FM NORMAL:   -0.14    2 = FOG REDUCING VISIBILITY
HIGHEST:   112 ON  1    GRTST 24HR    T  ON 12-12      TO 1/4 MILE OR LESS
LOWEST:     46 ON 22                               3 = THUNDER
                        SNOW, ICE PELLETS, HAIL    4 = ICE PELLETS
                        TOTAL MONTH:   0.0 INCH    5 = HAIL
                        GRTST 24HR     0.0         6 = FREEZING RAIN OR DRIZZLE
                        GRTST DEPTH:   0           7 = DUSTSTORM OR SANDSTORM:
                                                       VSBY 1/2 MILE OR LESS
                                                   8 = SMOKE OR HAZE
[NO. OF DAYS WITH]      [WEATHER - DAYS WITH]      9 = BLOWING SNOW
                                                   X = TORNADO
MAX 32 OR BELOW:   0    0.01 INCH OR MORE:   0
MAX 90 OR ABOVE:  11    0.10 INCH OR MORE:   0
MIN 32 OR BELOW:   0    0.50 INCH OR MORE:   0
MIN  0 OR BELOW:   0    1.00 INCH OR MORE:   0

[HDD (BASE 65) ]
TOTAL THIS MO.     7    CLEAR  (SCALE 0-3)  22
DPTR FM NORMAL     5    PTCLDY (SCALE 4-7)   2
TOTAL FM JUL 1     7    CLOUDY (SCALE 8-10)  0
DPTR FM NORMAL     5

[CDD (BASE 65) ]
TOTAL THIS MO.   261
DPTR FM NORMAL    75    [PRESSURE DATA]
TOTAL FM JAN 1  1670    HIGHEST SLP M ON M
DPTR FM NORMAL   460    LOWEST  SLP 29.71 ON  1

[REMARKS]
