000
CXUS55 KVEF 290940
CF6VGT
PRELIMINARY LOCAL CLIMATOLOGICAL DATA (WS FORM: F-6)

                                          STATION:   NORTH_LAS_VEGAS NV
                                          MONTH:     JUNE
                                          YEAR:      2015
                                          LATITUDE:   36 12 N
                                          LONGITUDE: 115 12 W

  TEMPERATURE IN F:       :PCPN:    SNOW:  WIND      :SUNSHINE: SKY     :PK WND
================================================================================
1   2   3   4   5  6A  6B    7    8   9   10  11  12  13   14  15   16   17  18
                                     12Z  AVG MX 2MIN
DY MAX MIN AVG DEP HDD CDD  WTR  SNW DPTH SPD SPD DIR MIN PSBL S-S WX    SPD DR
================================================================================

 1  97  77  87   6   0  22 0.00  0.0    0 15.0 29 190   M    M   0        36 200
 2  95  69  82   1   0  17 0.00  0.0    0  8.1 22 190   M    M   0        27 200
 3  93  69  81  -1   0  16 0.00  0.0    0  8.0 20 180   M    M   0        29 220
 4  91  72  82   0   0  17 0.00  0.0    0 10.5 23 180   M    M   0        28 180
 5  90  67  79  -3   0  14 0.00  0.0    0  8.3 26 190   M    M   0        32 180
 6  90  69  80  -2   0  15 0.00  0.0    0  5.7 22 320   M    M   0        26 330
 7  93  70  82  -1   0  17 0.00  0.0    0  5.8 14 350   M    M   0        16 350
 8  99  74  87   4   0  22 0.00  0.0    0  4.3 14 360   M    M   0        19 360
 9  92  76  84   1   0  19 0.00  0.0    0  7.2 20 160   M    M   2        23 160
10  96  72  84   0   0  19 0.00  0.0    0  8.7 21  80   M    M   1        27 100
11  96  74  85   1   0  20 0.00  0.0    0  5.8 21 320   M    M   0        26 320
12 100  78  89   5   0  24 0.00  0.0    0  8.6 20 350   M    M   0        26 350
13 103  81  92   8   0  27    T  0.0    0  6.6 28 270   M    M   0        37 270
14 105  80  93   8   0  28    T  0.0    0  5.8 37 170   M    M   0        47 180
15 108  79  94   9   0  29 0.00  0.0    0  9.4 23 230   M    M   0        33 170
16 107  81  94   9   0  29 0.00  0.0    0 13.6 22 240   M    M   0        37 220
17 108  73  91   5   0  26 0.00  0.0    0  8.5 23 240   M    M   0        28 250
18 106  76  91   5   0  26 0.00  0.0    0  8.0 20 180   M    M   0        24 160
19 109  76  93   7   0  28 0.00  0.0    0  6.1 14 180   M    M   0        20 150
20 112  80  96  10   0  31 0.00  0.0    0  8.1 20 160   M    M   0        25 150
21 110  82  96   9   0  31 0.00  0.0    0 15.8 29 190   M    M   0        35 210
22 107  79  93   6   0  28 0.00  0.0    0 10.0 24 190   M    M   0        32 210
23 107  76  92   5   0  27 0.00  0.0    0  6.2 20 220   M    M   0        23 220
24 109  75  92   4   0  27 0.00  0.0    0  5.8 20 210   M    M   0        24 160
25 110  78  94   6   0  29 0.00  0.0    0  7.7 21 180   M    M   0        24 240
26 111  88 100  12   0  35 0.00  0.0    0  7.9 22 320   M    M   0        25 260
27 111  87  99  11   0  34 0.00  0.0    0  8.3 20 330   M    M   0        25 140
28 108  87  98   9   0  33 0.00  0.0    0  7.8 17 240   M    M   0        26 150
================================================================================
SM 2863 2145         0 690    T      0.0 231.6          M        3
================================================================================
AV102.2 76.6                               8.3 FASTST   M    M   0    MAX(MPH)
                                 MISC ---->  # 37 170               # 47  180
================================================================================
NOTES:
# LAST OF SEVERAL OCCURRENCES

COLUMN 17 PEAK WIND IN M.P.H.

PRELIMINARY LOCAL CLIMATOLOGICAL DATA (WS FORM: F-6) , PAGE 2

                                          STATION:  NORTH_LAS_VEGAS NV
                                          MONTH:    JUNE
                                          YEAR:     2015
                                          LATITUDE:   36 12 N
                                          LONGITUDE: 115 12 W

[TEMPERATURE DATA]      [PRECIPITATION DATA]       SYMBOLS USED IN COLUMN 16

AVERAGE MONTHLY: 89.4   TOTAL FOR MONTH:      T    1 = FOG OR MIST
DPTR FM NORMAL:   4.6   DPTR FM NORMAL:   -0.09    2 = FOG REDUCING VISIBILITY
HIGHEST:   112 ON 20    GRTST 24HR    T  ON 14-14      TO 1/4 MILE OR LESS
LOWEST:     67 ON  5                               3 = THUNDER
                        SNOW, ICE PELLETS, HAIL    4 = ICE PELLETS
                        TOTAL MONTH:   0.0 INCH    5 = HAIL
                        GRTST 24HR     0.0         6 = FREEZING RAIN OR DRIZZLE
                        GRTST DEPTH:   0           7 = DUSTSTORM OR SANDSTORM:
                                                       VSBY 1/2 MILE OR LESS
                                                   8 = SMOKE OR HAZE
[NO. OF DAYS WITH]      [WEATHER - DAYS WITH]      9 = BLOWING SNOW
                                                   X = TORNADO
MAX 32 OR BELOW:   0    0.01 INCH OR MORE:   0
MAX 90 OR ABOVE:  28    0.10 INCH OR MORE:   0
MIN 32 OR BELOW:   0    0.50 INCH OR MORE:   0
MIN  0 OR BELOW:   0    1.00 INCH OR MORE:   0

[HDD (BASE 65) ]
TOTAL THIS MO.     0    CLEAR  (SCALE 0-3)  28
DPTR FM NORMAL     0    PTCLDY (SCALE 4-7)   0
TOTAL FM JUL 1  1429    CLOUDY (SCALE 8-10)  0
DPTR FM NORMAL  -615

[CDD (BASE 65) ]
TOTAL THIS MO.   690
DPTR FM NORMAL   134    [PRESSURE DATA]
TOTAL FM JAN 1  1181    HIGHEST SLP M ON M
DPTR FM NORMAL   149    LOWEST  SLP 27.57 ON 28

[REMARKS]
