000
CXUS55 KVEF 210940
CF6VGT
PRELIMINARY LOCAL CLIMATOLOGICAL DATA (WS FORM: F-6)

                                          STATION:   NORTH_LAS_VEGAS NV
                                          MONTH:     OCTOBER
                                          YEAR:      2014
                                          LATITUDE:   36 12 N
                                          LONGITUDE: 115 12 W

  TEMPERATURE IN F:       :PCPN:    SNOW:  WIND      :SUNSHINE: SKY     :PK WND
================================================================================
1   2   3   4   5  6A  6B    7    8   9   10  11  12  13   14  15   16   17  18
                                     12Z  AVG MX 2MIN
DY MAX MIN AVG DEP HDD CDD  WTR  SNW DPTH SPD SPD DIR MIN PSBL S-S WX    SPD DR
================================================================================

 1  85  66  76   1   0  11 0.00  0.0    0 11.5 28 330   M    M   0        33 350
 2  81  57  69  -5   0   4 0.00  0.0    0  4.0 10  40   M    M   0        13  50
 3  89  59  74   0   0   9 0.00  0.0    0  4.3 14 120   M    M   0        16 110
 4  92  64  78   4   0  13 0.00  0.0    0  3.9 14 340   M    M   0        15 340
 5  92  64  78   5   0  13 0.00  0.0    0  5.2 14 320   M    M   0        16 320
 6  92  65  79   6   0  14 0.00  0.0    0  4.3 12 130   M    M   0        14 110
 7  82  69  76   4   0  11 0.00  0.0    0  3.8  9 110   M    M   0        11 130
 8  86  62  74   2   0   9 0.00  0.0    0  5.0 12 120   M    M   0        14 120
 9  86  66  76   5   0  11 0.00  0.0    0  4.5  8 360   M    M   0        12 140
10  88  63  76   5   0  11 0.00  0.0    0  6.0 12 130   M    M   0        14 130
11  89  65  77   7   0  12 0.00  0.0    0  4.6  9 340   M    M   0        12 150
12  88  65  77   7   0  12 0.00  0.0    0 14.3 28 330   M    M   0        36 330
13  80  57  69  -1   0   4 0.00  0.0    0  3.8 12 130   M    M   0        16 100
14  84  57  71   2   0   6 0.00  0.0    0  4.0 12 110   M    M   0        14 130
15  90  60  75   6   0  10 0.00  0.0    0  7.0 20 190   M    M   0        25 190
16  84  61  73   5   0   8 0.00  0.0    0  5.6 14  90   M    M   0        18 110
17  83  60  72   4   0   7 0.00  0.0    0  5.6 16 140   M    M   0        25 140
18  84  66  75   7   0  10    T  0.0    0  2.5  8 320   M    M   1        10 320
19  87  63  75   8   0  10 0.00  0.0    0  5.6 16 350   M    M   0        21 350
20  86  62  74   7   0   9 0.00  0.0    0  5.7 14 120   M    M   0        17 110
================================================================================
SM 1728 1251         0 194    T      0.0 111.2          M        1
================================================================================
AV 86.4 62.5                               5.6 FASTST   M    M   0    MAX(MPH)
                                 MISC ---->  # 28 330               # 36  330
================================================================================
NOTES:
# LAST OF SEVERAL OCCURRENCES

COLUMN 17 PEAK WIND IN M.P.H.

PRELIMINARY LOCAL CLIMATOLOGICAL DATA (WS FORM: F-6) , PAGE 2

                                          STATION:  NORTH_LAS_VEGAS NV
                                          MONTH:    OCTOBER
                                          YEAR:     2014
                                          LATITUDE:   36 12 N
                                          LONGITUDE: 115 12 W

[TEMPERATURE DATA]      [PRECIPITATION DATA]       SYMBOLS USED IN COLUMN 16

AVERAGE MONTHLY: 74.5   TOTAL FOR MONTH:      T    1 = FOG OR MIST
DPTR FM NORMAL:   3.7   DPTR FM NORMAL:   -0.23    2 = FOG REDUCING VISIBILITY
HIGHEST:    92 ON  6, 5 GRTST 24HR    T  ON 18-18      TO 1/4 MILE OR LESS
LOWEST:     57 ON 14,13                            3 = THUNDER
                        SNOW, ICE PELLETS, HAIL    4 = ICE PELLETS
                        TOTAL MONTH:   0.0 INCH    5 = HAIL
                        GRTST 24HR     0.0         6 = FREEZING RAIN OR DRIZZLE
                        GRTST DEPTH:   0           7 = DUSTSTORM OR SANDSTORM:
                                                       VSBY 1/2 MILE OR LESS
                                                   8 = SMOKE OR HAZE
[NO. OF DAYS WITH]      [WEATHER - DAYS WITH]      9 = BLOWING SNOW
                                                   X = TORNADO
MAX 32 OR BELOW:   0    0.01 INCH OR MORE:   0
MAX 90 OR ABOVE:   4    0.10 INCH OR MORE:   0
MIN 32 OR BELOW:   0    0.50 INCH OR MORE:   0
MIN  0 OR BELOW:   0    1.00 INCH OR MORE:   0

[HDD (BASE 65) ]
TOTAL THIS MO.     0    CLEAR  (SCALE 0-3)  20
DPTR FM NORMAL   -10    PTCLDY (SCALE 4-7)   0
TOTAL FM JUL 1     0    CLOUDY (SCALE 8-10)  0
DPTR FM NORMAL   -11

[CDD (BASE 65) ]
TOTAL THIS MO.   194
DPTR FM NORMAL    66    [PRESSURE DATA]
TOTAL FM JAN 1  3536    HIGHEST SLP M ON M
DPTR FM NORMAL   278    LOWEST  SLP 29.66 ON  1

[REMARKS]
